{"id":1215,"date":"2025-05-18T09:24:11","date_gmt":"2025-05-18T09:24:11","guid":{"rendered":"https:\/\/blog.uclm.es\/artea\/?page_id=1215"},"modified":"2026-04-02T11:02:01","modified_gmt":"2026-04-02T11:02:01","slug":"experimenta-gestion-y-coordinacion","status":"publish","type":"page","link":"https:\/\/blog.uclm.es\/artea\/experimenta-gestion-y-coordinacion\/","title":{"rendered":"EXPERIMENTA. Gesti\u00f3n y coordinaci\u00f3n"},"content":{"rendered":"\n<h5 class=\"wp-block-heading\">CONVENIOS<\/h5>\n\n\n\n<p>Convenio marco con La Casa Encendida para Radio Experimenta y Comunidades So\u00f1antes. Responsables: Gloria Dur\u00e1n y Victoria P\u00e9rez Royo. 21\/05\/2025<\/p>\n\n\n\n<p>Convenio PGA con el Museo Reina Sof\u00eda para Cl\u00ednica de escritura. Responsables: Arantxa Romero y Erea Fern\u00e1ndez. 08\/10\/2025<\/p>\n\n\n\n<h5 class=\"wp-block-heading\">CALENDARIO DE REUNIONES CON INSTITUCIONES Y COLABORADORES<\/h5>\n\n\n\n<p>IP, Esperanza Collado. Reuni\u00f3n con Manuel Font\u00e1n y Celina Quintas (Fundaci\u00f3n Juan March) para la organizaci\u00f3n de Presencia y presente de Pere Portabella en 2027. 31\/03\/2026<\/p>\n\n\n\n<p>IP, Jes\u00fas Carrascosa. Fundaci\u00f3n Antonio P\u00e9rez &#8211; Diputaci\u00f3n de Cuenca. Reuni\u00f3n para presentaci\u00f3n de proyecto sobre Pere Portabella. <\/p>\n\n\n\n<p>IP, Manuel Font\u00e1n, Celina Quintas. Museo de Arte Abstracto de Cuenca. Reuni\u00f3n para presentaci\u00f3n de proyecto sobre Pere Portabella. 12\/02\/2026<\/p>\n\n\n\n<p>IP + Isis Saz. Reuni\u00f3n con el grupo de investigaci\u00f3n GROC, de la Universidad de Girona, con participaci\u00f3n de Carolina Mart\u00ednez, Alan Salvador y Olga Taravilla, para la coordinaci\u00f3n de actividades conjuntas. Cuenca, 19\/01\/2026.<\/p>\n\n\n\n<p>IP. 25\/06\/12. Reuni\u00f3n con equipo directivo de la ESAD de cuenca. <\/p>\n\n\n\n<p>IP. Reuni\u00f3n en M\u00e1laga con responsables de la Escuela Superior de Arte Dram\u00e1tico, la Universidad de M\u00e1laga y la Universidad de Granada para la organizaci\u00f3n de actividades conjuntas de investigaci\u00f3n y formaci\u00f3n. 15-16 de febrero de 2025.<\/p>\n\n\n\n<p>IP y Arantxa Romero. Reuni\u00f3n con Julia Morandeira, directora de actividades p\u00fablicas del Museo Reina Sof\u00eda. 13\/12\/2024.<\/p>\n\n\n\n<p>IP. Reuni\u00f3n con Jes\u00fas Carrascosa, director de la Fundaci\u00f3n Antonio P\u00e9rez. Cuenca. 22\/10\/2024.<\/p>\n\n\n\n<p>IP, Gloria Dur\u00e1n y Esperanza Collado. Reuni\u00f3n con Pablo Ber\u00e1stegui y Bego\u00f1a Hern\u00e1ndez. 21\/10\/2024.<\/p>\n\n\n\n<h5 class=\"wp-block-heading\">REUNIONES DE COORDINACI\u00d3N INTERNAS:<\/h5>\n\n\n\n<p>26\/03\/03. IP, Youssef Taki, Tzu-han hung, Irene Mahugo, Dami\u00e1n Montesdeoca, David Garc\u00eda Mart\u00ednez, Steven Moreno. Reuni\u00f3n  coordinaci\u00f3n y presentaci\u00f3n de Rachel Winnica, investigadora invitada.<\/p>\n\n\n\n<p>26\/02\/04. IP, Victoria P\u00e9rez Royo, Esperanza Collado, Tzu-han Hung, Irene Mahugo, Youssef Taki, Dami\u00e1n Montesdeoca. Reuni\u00f3n para la organizaci\u00f3n de Comunidades so\u00f1antes 2026. <\/p>\n\n\n\n<p>26\/01\/13. Reuni\u00f3n coordinaci\u00f3n: IP, Oscar Cornago, Esperanza Collado, Ra\u00fal Hidalgo, Victoria P\u00e9rez Royo, Mar\u00eda Salgado, Gloria Dur\u00e1n, Dami\u00e1n Montesdeoca.<\/p>\n\n\n\n<p>26\/01\/08. Reuni\u00f3n grupo documentaci\u00f3n para trabajo en el Archivo Artea: IP, Youssef Taki, David Garc\u00eda Mart\u00ednez. <\/p>\n\n\n\n<p>25\/10\/23. Reuni\u00f3n grupo estudios &#8211; Genealog\u00edas. IP, Oscar Cornago, Antonio Prieto, Victoria P\u00e9rez Royo.<\/p>\n\n\n\n<p>25\/10\/01. Reuni\u00f3n coordinaci\u00f3n comunicaci\u00f3n web: IP, Youssef Taki, Irene Manugo, Tzu-han Hung, Dami\u00e1n Montesdeoca. <\/p>\n\n\n\n<p>25\/09\/26. Reuni\u00f3n coordinadores: IP, Isis Saz, Victoria P\u00e9rez Royo, Esperanza Collado, Ra\u00fal Hidalgo, Dami\u00e1n Montesdeoca.<\/p>\n\n\n\n<p>25\/09\/25. Reuni\u00f3n grupo estudios &#8211; Genealog\u00edas. IP, Oscar Cornago, Antonio Prieto, Victoria P\u00e9rez Royo, Giulia Palladini.<\/p>\n\n\n\n<p>25\/09\/17. Reuni\u00f3n coordinaci\u00f3n comunicaci\u00f3n web y grabaci\u00f3n REX: IP, Youssef Taki, Irene Manugo, Tzu-han Hung, Dami\u00e1n Montesdeoca, Mar\u00eda Salgado.<\/p>\n\n\n\n<p>25\/07\/14. Reuni\u00f3n Archivo Artea. IP. Isis Saz. Youssef Taki. \u00d3scar Cornago. Irene Mahugo<\/p>\n\n\n\n<p>25\/07\/10. IP: Reuni\u00f3n con Fernando Quesada. IP proyecto coordinado.<\/p>\n\n\n\n<p>25\/07\/24. Reuni\u00f3n coordinadores: IP, Isis Saz, Esperanza Collado, Ra\u00fal Hidalgo, Victoria P\u00e9rez Royo, Mar\u00eda Salgado.<\/p>\n\n\n\n<p>25\/06\/16. Reuni\u00f3n grupo documentaci\u00f3n: web ARTEA y AVAE.<\/p>\n\n\n\n<p>25\/05\/28. Reuni\u00f3n coordinadores: evaluaci\u00f3n seminario, actividades, presupuesto.<\/p>\n\n\n\n<p>25\/02\/14. Reuni\u00f3n programaci\u00f3n seminario.<\/p>\n\n\n\n<p>25\/01\/24. Reuni\u00f3n programaci\u00f3n seminario.<\/p>\n\n\n\n<p>25\/01\/14. Reuni\u00f3n del grupo de estudios<\/p>\n\n\n\n<p>24\/12\/19. Reuni\u00f3n general del grupo.<\/p>\n\n\n\n<p>24\/12\/11. Reuni\u00f3n coordinaci\u00f3n gesti\u00f3n. <\/p>\n\n\n\n<p>24\/10\/21. Reuni\u00f3n Grupo de estudios.<\/p>\n\n\n\n<p>24\/10\/18. Reuni\u00f3n Lab3: Site Specific<\/p>\n\n\n\n<p>24\/10\/16. Reuni\u00f3n Lab 2: Comunidades sonantes.<\/p>\n\n\n\n<p>24\/09\/20. Reuni\u00f3n de los IPS de los proyectos coordinados<\/p>\n\n\n\n<p>24\/09\/12. Reuni\u00f3n de coordinaci\u00f3n. IP, Esperanza Collado, Victoria P\u00e9rez Royo, Arantxa Romero, Ra\u00fal Hidalgo, Isis Saz.<\/p>\n\n\n\n<p><\/p>\n\n\n\n<p><\/p>\n\n\n\n<p><a href=\"https:\/\/calendar.google.com\/calendar\/u\/0\/embed?src=fdc8ef85c9a694527187432a66bb376f62103a74af2fb5ef2a3cb6dcce2da4c9@group.calendar.google.com&amp;ctz=Europe\/Madrid\">Calendario compartido<\/a><\/p>\n\n\n\n<p><\/p>\n","protected":false},"excerpt":{"rendered":"<p>CONVENIOS Convenio marco con La Casa Encendida para Radio Experimenta y Comunidades So\u00f1antes. Responsables: Gloria Dur\u00e1n y Victoria P\u00e9rez Royo. 21\/05\/2025 Convenio PGA con el Museo Reina Sof\u00eda para Cl\u00ednica de escritura. Responsables: Arantxa Romero y Erea Fern\u00e1ndez. 08\/10\/2025 CALENDARIO DE REUNIONES CON INSTITUCIONES Y COLABORADORES IP, Esperanza Collado. Reuni\u00f3n con Manuel Font\u00e1n y Celina [&hellip;]<\/p>\n","protected":false},"author":285,"featured_media":0,"parent":0,"menu_order":0,"comment_status":"closed","ping_status":"closed","template":"","meta":{"footnotes":""},"class_list":["post-1215","page","type-page","status-publish","hentry"],"_links":{"self":[{"href":"https:\/\/blog.uclm.es\/artea\/wp-json\/wp\/v2\/pages\/1215","targetHints":{"allow":["GET"]}}],"collection":[{"href":"https:\/\/blog.uclm.es\/artea\/wp-json\/wp\/v2\/pages"}],"about":[{"href":"https:\/\/blog.uclm.es\/artea\/wp-json\/wp\/v2\/types\/page"}],"author":[{"embeddable":true,"href":"https:\/\/blog.uclm.es\/artea\/wp-json\/wp\/v2\/users\/285"}],"replies":[{"embeddable":true,"href":"https:\/\/blog.uclm.es\/artea\/wp-json\/wp\/v2\/comments?post=1215"}],"version-history":[{"count":10,"href":"https:\/\/blog.uclm.es\/artea\/wp-json\/wp\/v2\/pages\/1215\/revisions"}],"predecessor-version":[{"id":4229,"href":"https:\/\/blog.uclm.es\/artea\/wp-json\/wp\/v2\/pages\/1215\/revisions\/4229"}],"wp:attachment":[{"href":"https:\/\/blog.uclm.es\/artea\/wp-json\/wp\/v2\/media?parent=1215"}],"curies":[{"name":"wp","href":"https:\/\/api.w.org\/{rel}","templated":true}]}}