{"id":90,"date":"2019-09-18T10:56:23","date_gmt":"2019-09-18T09:56:23","guid":{"rendered":"http:\/\/blog.uclm.es\/areammt\/?page_id=90"},"modified":"2022-11-10T08:58:03","modified_gmt":"2022-11-10T08:58:03","slug":"evaluacion-y-gestion-de-sistemas-energeticos","status":"publish","type":"page","link":"https:\/\/blog.uclm.es\/areammt\/docencia-2\/evaluacion-y-gestion-de-sistemas-energeticos\/","title":{"rendered":"Evaluaci\u00f3n y Gesti\u00f3n de Sistemas Energ\u00e9ticos"},"content":{"rendered":"\n<figure class=\"wp-block-table\"><table><tbody><tr><td><b>Subject Code<\/b><\/td><td>56368<\/td><\/tr><tr><td><b>Subject Name<\/b><\/td><td>Energy industrial plant analysis<\/td><\/tr><tr><td><b>Subject term<\/b><\/td><td>First quarter of 4th year<\/td><\/tr><tr><td><b>Hours per week<\/b><\/td><td>4<\/td><\/tr><tr><td><b>Subject type<\/b><\/td><td>Optativa (Elective) \/ TE<\/td><\/tr><tr><td><b>Credits<\/b><\/td><td>6&nbsp; ECTS credits<\/td><\/tr><tr><td>\n<p align=\"center\">&nbsp;<\/p>\n<\/td><\/tr><tr><td><b>Objectives<\/b><\/td><td>Learning of methods to do energy analysis of industrial plants, techniques to increase the energy efficiency<\/td><\/tr><tr><td><b>Contents<\/b><\/td><td>National and european energy policy. Energy systems evaluation (energy and exergy balances). Energy cost and economic analysis. The exergy method and thermoeconomy. Development of a practical study in a real company.<\/td><\/tr><tr><td><b>Bibliography<\/b><\/td><td>T.J. Kotas. The exergy method of thermal plant analysis. Krieger Pub., 1995<br>L.A. Molina, G. Molina, Manual de eficiencia energ\u00e9tica t\u00e9rmica en la industria. Cadem, 1993<\/td><\/tr><tr><td>&nbsp;<\/td><\/tr><tr><td><b>Professor<\/b><\/td><td>\u00c1ngel Ramos Diezma<\/td><\/tr><tr><td><b>Teaching Method<\/b><\/td><td>Classroom teaching and external practical study<\/td><\/tr><tr><td><b>Evaluation Method<\/b><\/td><td>Final exam and evaluation of the practical study<\/td><\/tr><\/tbody><\/table><\/figure>\n","protected":false},"excerpt":{"rendered":"<p>Subject Code 56368 Subject Name Energy industrial plant analysis Subject term First quarter of 4th year Hours per week 4 Subject type Optativa (Elective) \/ TE Credits 6&nbsp; ECTS credits &nbsp; Objectives Learning of methods to do energy analysis of industrial plants, techniques to increase the energy efficiency Contents National and european energy policy. Energy [&hellip;]<\/p>\n","protected":false},"author":245,"featured_media":0,"parent":24,"menu_order":0,"comment_status":"closed","ping_status":"closed","template":"page-no-separators","meta":{"footnotes":""},"class_list":["post-90","page","type-page","status-publish","hentry"],"_links":{"self":[{"href":"https:\/\/blog.uclm.es\/areammt\/wp-json\/wp\/v2\/pages\/90","targetHints":{"allow":["GET"]}}],"collection":[{"href":"https:\/\/blog.uclm.es\/areammt\/wp-json\/wp\/v2\/pages"}],"about":[{"href":"https:\/\/blog.uclm.es\/areammt\/wp-json\/wp\/v2\/types\/page"}],"author":[{"embeddable":true,"href":"https:\/\/blog.uclm.es\/areammt\/wp-json\/wp\/v2\/users\/245"}],"replies":[{"embeddable":true,"href":"https:\/\/blog.uclm.es\/areammt\/wp-json\/wp\/v2\/comments?post=90"}],"version-history":[{"count":1,"href":"https:\/\/blog.uclm.es\/areammt\/wp-json\/wp\/v2\/pages\/90\/revisions"}],"predecessor-version":[{"id":1031,"href":"https:\/\/blog.uclm.es\/areammt\/wp-json\/wp\/v2\/pages\/90\/revisions\/1031"}],"up":[{"embeddable":true,"href":"https:\/\/blog.uclm.es\/areammt\/wp-json\/wp\/v2\/pages\/24"}],"wp:attachment":[{"href":"https:\/\/blog.uclm.es\/areammt\/wp-json\/wp\/v2\/media?parent=90"}],"curies":[{"name":"wp","href":"https:\/\/api.w.org\/{rel}","templated":true}]}}