{"id":801,"date":"2021-06-21T08:39:32","date_gmt":"2021-06-21T07:39:32","guid":{"rendered":"https:\/\/blog.uclm.es\/areammt\/?page_id=801"},"modified":"2022-11-10T09:27:27","modified_gmt":"2022-11-10T09:27:27","slug":"acceso","status":"publish","type":"page","link":"https:\/\/blog.uclm.es\/areammt\/acceso\/","title":{"rendered":"Acceso"},"content":{"rendered":"\n<h5 class=\"wp-block-heading\"><strong><em>Para acceder a la instalaci\u00f3n y a cualquiera de los servicios ofrecidos, p\u00f3ngase en contacto con la misma por cualquiera de los siguientes medios:<\/em><\/strong><\/h5>\n\n\n\n<h5 class=\"wp-block-heading\"><strong><em><img loading=\"lazy\" decoding=\"async\" class=\"alignnone wp-image-861\" src=\"https:\/\/blog.uclm.es\/areammt\/wp-content\/uploads\/sites\/175\/2021\/06\/Direccion-casa.png\" alt=\"\" width=\"32\" height=\"32\" srcset=\"https:\/\/blog.uclm.es\/areammt\/wp-content\/uploads\/sites\/175\/2021\/06\/Direccion-casa.png 300w, https:\/\/blog.uclm.es\/areammt\/wp-content\/uploads\/sites\/175\/2021\/06\/Direccion-casa-150x150.png 150w\" sizes=\"auto, (max-width: 32px) 100vw, 32px\" \/>&nbsp; Servicio de banco de veh\u00edculos: <a href=\"https:\/\/www.google.com\/maps\/place\/Centro+de+ensayo+de+veh%C3%ADculos+(ICCA)\/@38.997554,-3.9206505,18z\/data=!3m1!4b1!4m5!3m4!1s0xd6bc3846a58e65f:0x8d9dc75a13474fdb!8m2!3d38.9975525!4d-3.9198767?hl=es\">Camino Moledores s\/n. Instituto de Combusti\u00f3n y Contaminaci\u00f3n Atmosf\u00e9rica (ICCA)<\/a><\/em><\/strong><\/h5>\n\n\n\n<h5 class=\"wp-block-heading\"><strong><em><a href=\"mailto:Jose.rfernandez@uclm.es\">Jose.rfernandez@uclm.es<\/a><\/em><\/strong><\/h5>\n\n\n\n<h5 class=\"wp-block-heading\"><strong><em><img loading=\"lazy\" decoding=\"async\" class=\"alignnone wp-image-858\" src=\"https:\/\/blog.uclm.es\/areammt\/wp-content\/uploads\/sites\/175\/2021\/06\/Telefono-300x300.jpg\" alt=\"\" width=\"34\" height=\"34\" srcset=\"https:\/\/blog.uclm.es\/areammt\/wp-content\/uploads\/sites\/175\/2021\/06\/Telefono-300x300.jpg 300w, https:\/\/blog.uclm.es\/areammt\/wp-content\/uploads\/sites\/175\/2021\/06\/Telefono-150x150.jpg 150w, https:\/\/blog.uclm.es\/areammt\/wp-content\/uploads\/sites\/175\/2021\/06\/Telefono.jpg 626w\" sizes=\"auto, (max-width: 34px) 100vw, 34px\" \/>+34 926 05 23 19<\/em><\/strong><\/h5>\n\n\n\n<h5 class=\"wp-block-heading\"><strong><em>El protocolo de acceso sigue los siguientes pasos, y ning\u00fan dato personal proporcionado por Usted, de acuerdo con la<a href=\"https:\/\/www.boe.es\/boe\/dias\/1999\/12\/14\/pdfs\/A43088-43099.pdf\"> Ley 15\/1999 de 13 de diciembre de Protecci\u00f3n de Datos de Car\u00e1cter Personal (LOPD)<\/a>, ser\u00e1 cedido a terceros. En cumplimiento de lo establecido en la LOPD, el usuario podr\u00e1 ejercer sus derechos de acceso, rectificaci\u00f3n, cancelaci\u00f3n y oposici\u00f3n poni\u00e9ndose en contacto con la direcci\u00f3n del servicio de Banco de Rodillos en la direcci\u00f3n anterior.<\/em><\/strong><\/h5>\n\n\n\n<h5 class=\"wp-block-heading\"><strong><em>Contacto con el servicio.<\/em><\/strong><\/h5>\n\n\n\n<p>\n<h5><strong><em>Solicitud formal de oferta.<\/em><\/strong><\/h5>\n<\/p>\n\n\n\n<p>\n<h5><strong><em>Entrega de oferta al usuario<\/em><\/strong><\/h5>\n<\/p>\n\n\n\n<p>\n<h5><strong><em>Reuni\u00f3n telem\u00e1tica de car\u00e1cter t\u00e9cnico con el usuario<\/em><\/strong><\/h5>\n<\/p>\n\n\n\n<p>\n<h5><strong><em>Cumplimentaci\u00f3n de documentaci\u00f3n interna UCLM<\/em><\/strong><\/h5>\n<\/p>\n\n\n\n<p>\n<h5><strong><em>Gesti\u00f3n de permisos de estancia en instalaciones UCLM<\/em><\/strong><\/h5>\n<\/p>\n","protected":false},"excerpt":{"rendered":"<p>Para acceder a la instalaci\u00f3n y a cualquiera de los servicios ofrecidos, p\u00f3ngase en contacto con la misma por cualquiera de los siguientes medios: &nbsp; Servicio de banco de veh\u00edculos: Camino Moledores s\/n. Instituto de Combusti\u00f3n y Contaminaci\u00f3n Atmosf\u00e9rica (ICCA) Jose.rfernandez@uclm.es +34 926 05 23 19 El protocolo de acceso sigue los siguientes pasos, y [&hellip;]<\/p>\n","protected":false},"author":245,"featured_media":0,"parent":0,"menu_order":0,"comment_status":"closed","ping_status":"closed","template":"page-no-separators","meta":{"footnotes":""},"class_list":["post-801","page","type-page","status-publish","hentry"],"_links":{"self":[{"href":"https:\/\/blog.uclm.es\/areammt\/wp-json\/wp\/v2\/pages\/801","targetHints":{"allow":["GET"]}}],"collection":[{"href":"https:\/\/blog.uclm.es\/areammt\/wp-json\/wp\/v2\/pages"}],"about":[{"href":"https:\/\/blog.uclm.es\/areammt\/wp-json\/wp\/v2\/types\/page"}],"author":[{"embeddable":true,"href":"https:\/\/blog.uclm.es\/areammt\/wp-json\/wp\/v2\/users\/245"}],"replies":[{"embeddable":true,"href":"https:\/\/blog.uclm.es\/areammt\/wp-json\/wp\/v2\/comments?post=801"}],"version-history":[{"count":3,"href":"https:\/\/blog.uclm.es\/areammt\/wp-json\/wp\/v2\/pages\/801\/revisions"}],"predecessor-version":[{"id":1051,"href":"https:\/\/blog.uclm.es\/areammt\/wp-json\/wp\/v2\/pages\/801\/revisions\/1051"}],"wp:attachment":[{"href":"https:\/\/blog.uclm.es\/areammt\/wp-json\/wp\/v2\/media?parent=801"}],"curies":[{"name":"wp","href":"https:\/\/api.w.org\/{rel}","templated":true}]}}