{"id":6079,"date":"2019-11-20T14:27:50","date_gmt":"2019-11-20T13:27:50","guid":{"rendered":"http:\/\/blog.uclm.es\/eduardodemetrio\/?page_id=6079"},"modified":"2022-12-20T17:51:33","modified_gmt":"2022-12-20T17:51:33","slug":"paulo-cesar-busato","status":"publish","type":"page","link":"https:\/\/blog.uclm.es\/areadpenalto\/paulo-cesar-busato\/","title":{"rendered":"Paulo Cesar Busato"},"content":{"rendered":"\n<h2 class=\"wp-block-heading\"><strong>Paulo Cesar Busato<\/strong><\/h2>\n\n\n\n<p class=\"has-text-align-right\">Universidad Federal de Paran\u00e1 (Brasil)<\/p>\n\n\n<div class=\"wp-block-image\">\n<figure class=\"aligncenter size-full\"><img loading=\"lazy\" decoding=\"async\" width=\"200\" height=\"200\" src=\"https:\/\/blog.uclm.es\/areadpenalto\/wp-content\/uploads\/sites\/142\/2019\/11\/Foto-Paulo-2-1.jpg\" alt=\"\" class=\"wp-image-6595\" srcset=\"https:\/\/blog.uclm.es\/areadpenalto\/wp-content\/uploads\/sites\/142\/2019\/11\/Foto-Paulo-2-1.jpg 200w, https:\/\/blog.uclm.es\/areadpenalto\/wp-content\/uploads\/sites\/142\/2019\/11\/Foto-Paulo-2-1-150x150.jpg 150w\" sizes=\"auto, (max-width: 200px) 100vw, 200px\" \/><\/figure>\n<\/div>\n\n\n<figure class=\"wp-block-table\"><table><thead><tr><th>Formaci\u00f3n acad\u00e9mica<\/th><\/tr><\/thead><tbody><tr><td>Graduado en Derecho por la Universidad Estatal de Londrina (1986), especialista en Derecho penal econ\u00f3mico por la Universidad de Coimbra, Portugal (2002), M\u00e1ster en Ciencia Jur\u00eddica por la Universidad de Vale do Itaja\u00ed (2004) y Doctor en Problemas Actuales del Derecho Penal por la Universidad Pablo de Olavide, de Sevilla, Espa\u00f1a (2005). Postdoctorado por la Universidad de Valencia (2016).<\/td><\/tr><\/tbody><\/table><\/figure>\n\n\n\n<figure class=\"wp-block-table\"><table><thead><tr><th>Experiencia profesional<\/th><\/tr><\/thead><tbody><tr><td>Profesor adjunto de Derecho penal de grado, m\u00e1ster y doctorado de la Universidad Federal de Paran\u00e1. Profesor de FAE \u2013 Centro Universitario Franciscano. Catedr\u00e1tico invitado de la Universidad Polit\u00e9cnica de Nicaragua, profesor invitado de la Universidad de Buenos Aires, Argentina y de la Universidad Pablo de Olavide, Espa\u00f1a.<br><br>Coordinador del Grupo de Investigaciones Modernas Tendencias del Sistema criminal (cadastrado perante o CNPq), miembro del Consejo Cient\u00edfico del Centro de Estudios de Derecho penal y Procesal penal Latino-americano de la Georg-August Universit\u00e4t, en G\u00f6ttingen, Alemania. Miembro del Comit\u00e9 Cient\u00edfico Internacional de Postgrado de la Universidad de Castilla-La Mancha, Toledo, Espa\u00f1a.<\/td><\/tr><\/tbody><\/table><\/figure>\n\n\n\n<figure class=\"wp-block-table\"><table><thead><tr><th>Investigaci\u00f3n<\/th><\/tr><\/thead><tbody><tr><td>Miembro del consejo cient\u00edfico de la Revista Electr\u00f3nica de Ciencias Jur\u00eddicas y del consejo cient\u00edfico de la Revista penal del portal IUSTEL, Espa\u00f1a. Editor de la Revista Justi\u00e7a e Sistema Criminal, consultor de la Revista Liberdades e da Revista Brasileira de Ci\u00eancias Criminais.<br><br>Tiene experiencia en el \u00e1rea de Derecho, especialmente en Derecho penal. Sus principales l\u00edneas de investigaci\u00f3n son: Derecho penal, pol\u00edtica criminal y filosof\u00eda del lenguaje.<br><br>Autor de diversos libros y art\u00edculos publicados en Brasil, Argentina, Espa\u00f1a, Nicaragua, M\u00e9xico y Colombia.<\/td><\/tr><\/tbody><\/table><\/figure>\n\n\n\n<h2 class=\"wp-block-heading\"><strong>Galer\u00eda de im\u00e1genes<\/strong><\/h2>\n\n\n\n<figure class=\"wp-block-gallery has-nested-images columns-2 is-cropped wp-block-gallery-1 is-layout-flex wp-block-gallery-is-layout-flex\">\n<figure class=\"wp-block-image size-large\"><img loading=\"lazy\" decoding=\"async\" width=\"1024\" height=\"768\" data-id=\"3255\" src=\"https:\/\/blog.uclm.es\/areadpenalto\/wp-content\/uploads\/sites\/142\/2017\/10\/DSCN7184.1-1024x768.jpg\" alt=\"\" class=\"wp-image-3255\" srcset=\"https:\/\/blog.uclm.es\/areadpenalto\/wp-content\/uploads\/sites\/142\/2017\/10\/DSCN7184.1-1024x768.jpg 1024w, https:\/\/blog.uclm.es\/areadpenalto\/wp-content\/uploads\/sites\/142\/2017\/10\/DSCN7184.1-300x225.jpg 300w, https:\/\/blog.uclm.es\/areadpenalto\/wp-content\/uploads\/sites\/142\/2017\/10\/DSCN7184.1-768x576.jpg 768w, https:\/\/blog.uclm.es\/areadpenalto\/wp-content\/uploads\/sites\/142\/2017\/10\/DSCN7184.1.jpg 1152w\" sizes=\"auto, (max-width: 767px) 89vw, (max-width: 1000px) 54vw, (max-width: 1071px) 543px, 580px\" \/><\/figure>\n\n\n\n<figure class=\"wp-block-image size-large\"><img loading=\"lazy\" decoding=\"async\" width=\"1024\" height=\"768\" data-id=\"3254\" src=\"https:\/\/blog.uclm.es\/areadpenalto\/wp-content\/uploads\/sites\/142\/2017\/10\/DSCN7182.1-1024x768.jpg\" alt=\"\" class=\"wp-image-3254\" srcset=\"https:\/\/blog.uclm.es\/areadpenalto\/wp-content\/uploads\/sites\/142\/2017\/10\/DSCN7182.1-1024x768.jpg 1024w, https:\/\/blog.uclm.es\/areadpenalto\/wp-content\/uploads\/sites\/142\/2017\/10\/DSCN7182.1-300x225.jpg 300w, https:\/\/blog.uclm.es\/areadpenalto\/wp-content\/uploads\/sites\/142\/2017\/10\/DSCN7182.1-768x576.jpg 768w, https:\/\/blog.uclm.es\/areadpenalto\/wp-content\/uploads\/sites\/142\/2017\/10\/DSCN7182.1.jpg 1152w\" sizes=\"auto, (max-width: 767px) 89vw, (max-width: 1000px) 54vw, (max-width: 1071px) 543px, 580px\" \/><\/figure>\n\n\n\n<figure class=\"wp-block-image size-large\"><img loading=\"lazy\" decoding=\"async\" width=\"921\" height=\"691\" data-id=\"2797\" src=\"https:\/\/blog.uclm.es\/areadpenalto\/wp-content\/uploads\/sites\/142\/2016\/10\/DSCN6247.1.jpg\" alt=\"\" class=\"wp-image-2797\" srcset=\"https:\/\/blog.uclm.es\/areadpenalto\/wp-content\/uploads\/sites\/142\/2016\/10\/DSCN6247.1.jpg 921w, https:\/\/blog.uclm.es\/areadpenalto\/wp-content\/uploads\/sites\/142\/2016\/10\/DSCN6247.1-300x225.jpg 300w, https:\/\/blog.uclm.es\/areadpenalto\/wp-content\/uploads\/sites\/142\/2016\/10\/DSCN6247.1-768x576.jpg 768w\" sizes=\"auto, (max-width: 767px) 89vw, (max-width: 1000px) 54vw, (max-width: 1071px) 543px, 580px\" \/><\/figure>\n\n\n\n<figure class=\"wp-block-image size-large\"><img loading=\"lazy\" decoding=\"async\" width=\"921\" height=\"691\" data-id=\"2795\" src=\"https:\/\/blog.uclm.es\/areadpenalto\/wp-content\/uploads\/sites\/142\/2016\/10\/DSCN6244.1.jpg\" alt=\"\" class=\"wp-image-2795\" srcset=\"https:\/\/blog.uclm.es\/areadpenalto\/wp-content\/uploads\/sites\/142\/2016\/10\/DSCN6244.1.jpg 921w, https:\/\/blog.uclm.es\/areadpenalto\/wp-content\/uploads\/sites\/142\/2016\/10\/DSCN6244.1-300x225.jpg 300w, https:\/\/blog.uclm.es\/areadpenalto\/wp-content\/uploads\/sites\/142\/2016\/10\/DSCN6244.1-768x576.jpg 768w\" sizes=\"auto, (max-width: 767px) 89vw, (max-width: 1000px) 54vw, (max-width: 1071px) 543px, 580px\" \/><\/figure>\n<\/figure>\n","protected":false},"excerpt":{"rendered":"<p>Paulo Cesar Busato Universidad Federal de Paran\u00e1 (Brasil) Formaci\u00f3n acad\u00e9mica Graduado en Derecho por la Universidad Estatal de Londrina (1986), especialista en Derecho penal econ\u00f3mico por la Universidad de Coimbra, Portugal (2002), M\u00e1ster en Ciencia Jur\u00eddica por la Universidad de Vale do Itaja\u00ed (2004) y Doctor en Problemas Actuales del Derecho Penal por la Universidad &hellip; <\/p>\n<p class=\"link-more\"><a href=\"https:\/\/blog.uclm.es\/areadpenalto\/paulo-cesar-busato\/\" class=\"more-link\">Continuar leyendo<span class=\"screen-reader-text\"> \u00abPaulo Cesar Busato\u00bb<\/span><\/a><\/p>\n","protected":false},"author":132,"featured_media":0,"parent":0,"menu_order":0,"comment_status":"closed","ping_status":"closed","template":"","meta":{"footnotes":""},"class_list":["post-6079","page","type-page","status-publish","hentry"],"_links":{"self":[{"href":"https:\/\/blog.uclm.es\/areadpenalto\/wp-json\/wp\/v2\/pages\/6079","targetHints":{"allow":["GET"]}}],"collection":[{"href":"https:\/\/blog.uclm.es\/areadpenalto\/wp-json\/wp\/v2\/pages"}],"about":[{"href":"https:\/\/blog.uclm.es\/areadpenalto\/wp-json\/wp\/v2\/types\/page"}],"author":[{"embeddable":true,"href":"https:\/\/blog.uclm.es\/areadpenalto\/wp-json\/wp\/v2\/users\/132"}],"replies":[{"embeddable":true,"href":"https:\/\/blog.uclm.es\/areadpenalto\/wp-json\/wp\/v2\/comments?post=6079"}],"version-history":[{"count":3,"href":"https:\/\/blog.uclm.es\/areadpenalto\/wp-json\/wp\/v2\/pages\/6079\/revisions"}],"predecessor-version":[{"id":9559,"href":"https:\/\/blog.uclm.es\/areadpenalto\/wp-json\/wp\/v2\/pages\/6079\/revisions\/9559"}],"wp:attachment":[{"href":"https:\/\/blog.uclm.es\/areadpenalto\/wp-json\/wp\/v2\/media?parent=6079"}],"curies":[{"name":"wp","href":"https:\/\/api.w.org\/{rel}","templated":true}]}}