{"id":5962,"date":"2019-11-19T18:16:45","date_gmt":"2019-11-19T17:16:45","guid":{"rendered":"http:\/\/blog.uclm.es\/eduardodemetrio\/?page_id=5962"},"modified":"2022-12-16T12:55:07","modified_gmt":"2022-12-16T12:55:07","slug":"teresa-montero-ruiz","status":"publish","type":"page","link":"https:\/\/blog.uclm.es\/areadpenalto\/teresa-montero-ruiz\/","title":{"rendered":"Teresa Montero Ruiz"},"content":{"rendered":"\n<h2 class=\"wp-block-heading\"><strong>Teresa Montero Ruiz<\/strong><\/h2>\n\n\n\n<p class=\"has-text-align-right\">Profesora asociada de Derecho penal<br><a href=\"mailto:Teresa.Montero@uclm.es\" target=\"_blank\" rel=\"noreferrer noopener\">Teresa.Montero@uclm.es<\/a><\/p>\n\n\n<div class=\"wp-block-image\">\n<figure class=\"aligncenter size-full\"><img loading=\"lazy\" decoding=\"async\" width=\"200\" height=\"202\" src=\"https:\/\/blog.uclm.es\/areadpenalto\/wp-content\/uploads\/sites\/142\/2019\/11\/Teresa-Montero-Ruiz-ok-1.jpg\" alt=\"\" class=\"wp-image-6521\" \/><\/figure>\n<\/div>\n\n\n<figure class=\"wp-block-table\"><table><thead><tr><th>Formaci\u00f3n acad\u00e9mica<\/th><\/tr><\/thead><tbody><tr><td>Licenciada en Derecho por la Universidad Complutense de Madrid en 1991. Obtenci\u00f3n del DEA en la UCLM en 2006.<\/td><\/tr><\/tbody><\/table><\/figure>\n\n\n\n<figure class=\"wp-block-table\"><table><thead><tr><th>Experiencia profesional<\/th><\/tr><\/thead><tbody><tr><td>Profesora asociada del \u00c1rea de Derecho penal de Toledo.<br>Abogada con 24 a\u00f1os de ejercicio en la especialidad de Derecho penal y Contencioso-Administrativo.<\/td><\/tr><\/tbody><\/table><\/figure>\n\n\n\n<figure class=\"wp-block-table\"><table><thead><tr><th>Investigaci\u00f3n<\/th><\/tr><\/thead><tbody><tr><td>Doctora en Derecho penal por la UCLM con sobresaliente&nbsp;<em>cum laude<\/em>&nbsp;por la tesis titulada \u201cTratamiento jur\u00eddico-penal de la contaminaci\u00f3n ac\u00fastica en el medio ambiente urbano, con especial inter\u00e9s en el ruido del ocio\u201d, bajo la direcci\u00f3n del Prof. Dr. D\u00ba Eduardo Demetrio Crespo.&nbsp;<\/td><\/tr><\/tbody><\/table><\/figure>\n\n\n\n<h2 class=\"wp-block-heading\"><strong>Galer\u00eda de im\u00e1genes<\/strong><\/h2>\n\n\n\n<figure class=\"wp-block-gallery has-nested-images columns-2 wp-block-gallery-1 is-layout-flex wp-block-gallery-is-layout-flex\">\n<figure class=\"wp-block-image size-large\"><img loading=\"lazy\" decoding=\"async\" width=\"1024\" height=\"768\" data-id=\"3563\" src=\"https:\/\/blog.uclm.es\/areadpenalto\/wp-content\/uploads\/sites\/142\/2018\/01\/IV-Seminario-de-estudio-02-1024x768.jpg\" alt=\"\" class=\"wp-image-3563\" srcset=\"https:\/\/blog.uclm.es\/areadpenalto\/wp-content\/uploads\/sites\/142\/2018\/01\/IV-Seminario-de-estudio-02-1024x768.jpg 1024w, https:\/\/blog.uclm.es\/areadpenalto\/wp-content\/uploads\/sites\/142\/2018\/01\/IV-Seminario-de-estudio-02-300x225.jpg 300w, https:\/\/blog.uclm.es\/areadpenalto\/wp-content\/uploads\/sites\/142\/2018\/01\/IV-Seminario-de-estudio-02-768x576.jpg 768w, https:\/\/blog.uclm.es\/areadpenalto\/wp-content\/uploads\/sites\/142\/2018\/01\/IV-Seminario-de-estudio-02.jpg 1152w\" sizes=\"auto, (max-width: 767px) 89vw, (max-width: 1000px) 54vw, (max-width: 1071px) 543px, 580px\" \/><figcaption class=\"wp-element-caption\">De izq. a dcha. D. Faustino Garc\u00eda de la Torre Garc\u00eda, D\u00f1a. M\u00f3nica de la Cuerda Mart\u00edn, D\u00f1a. Teresa Montero Ruiz y Prof. Dr. D. Eduardo Demetrio Crespo<\/figcaption><\/figure>\n\n\n\n<figure class=\"wp-block-image size-large\"><img loading=\"lazy\" decoding=\"async\" width=\"1024\" height=\"768\" data-id=\"3562\" src=\"https:\/\/blog.uclm.es\/areadpenalto\/wp-content\/uploads\/sites\/142\/2018\/01\/IV-Seminario-de-estudio-01-1024x768.jpg\" alt=\"\" class=\"wp-image-3562\" srcset=\"https:\/\/blog.uclm.es\/areadpenalto\/wp-content\/uploads\/sites\/142\/2018\/01\/IV-Seminario-de-estudio-01-1024x768.jpg 1024w, https:\/\/blog.uclm.es\/areadpenalto\/wp-content\/uploads\/sites\/142\/2018\/01\/IV-Seminario-de-estudio-01-300x225.jpg 300w, https:\/\/blog.uclm.es\/areadpenalto\/wp-content\/uploads\/sites\/142\/2018\/01\/IV-Seminario-de-estudio-01-768x576.jpg 768w, https:\/\/blog.uclm.es\/areadpenalto\/wp-content\/uploads\/sites\/142\/2018\/01\/IV-Seminario-de-estudio-01.jpg 1152w\" sizes=\"auto, (max-width: 767px) 89vw, (max-width: 1000px) 54vw, (max-width: 1071px) 543px, 580px\" \/><figcaption class=\"wp-element-caption\">De izq. a dcha. D. Oscar L\u00f3pez Rey, D\u00f1a. M\u00f3nica de la Cuerda Mart\u00edn, D\u00f1a. Teresa Montero Ruiz y Prof. Dr. D. Eduardo Demetrio Crespo<\/figcaption><\/figure>\n\n\n\n<figure class=\"wp-block-image size-large\"><img loading=\"lazy\" decoding=\"async\" width=\"921\" height=\"691\" data-id=\"2795\" src=\"https:\/\/blog.uclm.es\/areadpenalto\/wp-content\/uploads\/sites\/142\/2016\/10\/DSCN6244.1.jpg\" alt=\"\" class=\"wp-image-2795\" srcset=\"https:\/\/blog.uclm.es\/areadpenalto\/wp-content\/uploads\/sites\/142\/2016\/10\/DSCN6244.1.jpg 921w, https:\/\/blog.uclm.es\/areadpenalto\/wp-content\/uploads\/sites\/142\/2016\/10\/DSCN6244.1-300x225.jpg 300w, https:\/\/blog.uclm.es\/areadpenalto\/wp-content\/uploads\/sites\/142\/2016\/10\/DSCN6244.1-768x576.jpg 768w\" sizes=\"auto, (max-width: 767px) 89vw, (max-width: 1000px) 54vw, (max-width: 1071px) 543px, 580px\" \/><\/figure>\n\n\n\n<figure class=\"wp-block-image size-large\"><img loading=\"lazy\" decoding=\"async\" width=\"921\" height=\"691\" data-id=\"2797\" src=\"https:\/\/blog.uclm.es\/areadpenalto\/wp-content\/uploads\/sites\/142\/2016\/10\/DSCN6247.1.jpg\" alt=\"\" class=\"wp-image-2797\" srcset=\"https:\/\/blog.uclm.es\/areadpenalto\/wp-content\/uploads\/sites\/142\/2016\/10\/DSCN6247.1.jpg 921w, https:\/\/blog.uclm.es\/areadpenalto\/wp-content\/uploads\/sites\/142\/2016\/10\/DSCN6247.1-300x225.jpg 300w, https:\/\/blog.uclm.es\/areadpenalto\/wp-content\/uploads\/sites\/142\/2016\/10\/DSCN6247.1-768x576.jpg 768w\" sizes=\"auto, (max-width: 767px) 89vw, (max-width: 1000px) 54vw, (max-width: 1071px) 543px, 580px\" \/><\/figure>\n<\/figure>\n","protected":false},"excerpt":{"rendered":"<p>Teresa Montero Ruiz Profesora asociada de Derecho penalTeresa.Montero@uclm.es Formaci\u00f3n acad\u00e9mica Licenciada en Derecho por la Universidad Complutense de Madrid en 1991. Obtenci\u00f3n del DEA en la UCLM en 2006. Experiencia profesional Profesora asociada del \u00c1rea de Derecho penal de Toledo.Abogada con 24 a\u00f1os de ejercicio en la especialidad de Derecho penal y Contencioso-Administrativo. Investigaci\u00f3n Doctora &hellip; <\/p>\n<p class=\"link-more\"><a href=\"https:\/\/blog.uclm.es\/areadpenalto\/teresa-montero-ruiz\/\" class=\"more-link\">Continuar leyendo<span class=\"screen-reader-text\"> \u00abTeresa Montero Ruiz\u00bb<\/span><\/a><\/p>\n","protected":false},"author":132,"featured_media":0,"parent":0,"menu_order":0,"comment_status":"closed","ping_status":"closed","template":"","meta":{"footnotes":""},"class_list":["post-5962","page","type-page","status-publish","hentry"],"_links":{"self":[{"href":"https:\/\/blog.uclm.es\/areadpenalto\/wp-json\/wp\/v2\/pages\/5962","targetHints":{"allow":["GET"]}}],"collection":[{"href":"https:\/\/blog.uclm.es\/areadpenalto\/wp-json\/wp\/v2\/pages"}],"about":[{"href":"https:\/\/blog.uclm.es\/areadpenalto\/wp-json\/wp\/v2\/types\/page"}],"author":[{"embeddable":true,"href":"https:\/\/blog.uclm.es\/areadpenalto\/wp-json\/wp\/v2\/users\/132"}],"replies":[{"embeddable":true,"href":"https:\/\/blog.uclm.es\/areadpenalto\/wp-json\/wp\/v2\/comments?post=5962"}],"version-history":[{"count":3,"href":"https:\/\/blog.uclm.es\/areadpenalto\/wp-json\/wp\/v2\/pages\/5962\/revisions"}],"predecessor-version":[{"id":9446,"href":"https:\/\/blog.uclm.es\/areadpenalto\/wp-json\/wp\/v2\/pages\/5962\/revisions\/9446"}],"wp:attachment":[{"href":"https:\/\/blog.uclm.es\/areadpenalto\/wp-json\/wp\/v2\/media?parent=5962"}],"curies":[{"name":"wp","href":"https:\/\/api.w.org\/{rel}","templated":true}]}}