{"id":5247,"date":"2019-11-10T12:17:30","date_gmt":"2019-11-10T11:17:30","guid":{"rendered":"http:\/\/blog.uclm.es\/eduardodemetrio\/?page_id=5247"},"modified":"2024-12-22T10:18:01","modified_gmt":"2024-12-22T10:18:01","slug":"estudios","status":"publish","type":"page","link":"https:\/\/blog.uclm.es\/areadpenalto\/estudios\/","title":{"rendered":"Estudios"},"content":{"rendered":"\n<h2 class=\"wp-block-heading\"><strong>Asignaturas de Derecho penal en los Grados de la UCLM<\/strong><\/h2>\n\n\n\n<figure class=\"wp-block-table\"><table><thead><tr><th>DERECHO<\/th><\/tr><\/thead><tbody><tr><td><strong>DERECHO PENAL I: PARTE GENERAL<\/strong><br>Asignatura anual de formaci\u00f3n b\u00e1sica.<br>9 Cr\u00e9ditos ECTS.<br><\/td><\/tr><tr><td><strong>DERECHO PENAL II: PARTE ESPECIAL<\/strong><br>Asignatura cuatrimestral de formaci\u00f3n obligatoria.<br>6 Cr\u00e9ditos ECTS.<br><\/td><\/tr><tr><td><strong>DERECHO PENAL DE LA EMPRESA<\/strong><br>Asignatura cuatrimestral de formaci\u00f3n optativa.<br>4,5 Cr\u00e9ditos ECTS.<br><\/td><\/tr><tr><td><strong>SISTEMA DE PENAS Y DERECHO PENITENCIARIO<\/strong><br>Asignatura cuatrimestral de formaci\u00f3n optativa.<br>4,5 Cr\u00e9ditos ECTS.<br><\/td><\/tr><\/tbody><\/table><\/figure>\n\n\n\n<figure class=\"wp-block-table\"><table><thead><tr><th>ESTUDIOS INTERNACIONALES<\/th><\/tr><\/thead><tbody><tr><td>Asignatura anual de formaci\u00f3n obligatoria.<br>6 Cr\u00e9ditos ECTS.<br><\/td><\/tr><\/tbody><\/table><\/figure>\n\n\n\n<figure class=\"wp-block-table\"><table><thead><tr><th>ADE\/DERECHO<\/th><\/tr><\/thead><tbody><tr><td><strong>DERECHO PENAL I:&nbsp; PARTE GENERAL<\/strong><br>Asignatura anual de formaci\u00f3n b\u00e1sica.<br>9 Cr\u00e9ditos ECTS.<br><\/td><\/tr><tr><td><strong>DERECHO PENAL II: PARTE ESPECIAL<\/strong><br>Asignatura cuatrimestral de formaci\u00f3n obligatoria.<br>6 Cr\u00e9ditos ECTS.<br><\/td><\/tr><tr><td><\/td><\/tr><\/tbody><\/table><\/figure>\n\n\n\n<figure class=\"wp-block-table\"><table><thead><tr><th>DERECHO\/ESTUDIOS INTERNACIONALES<\/th><\/tr><\/thead><tbody><tr><td><strong>DERECHO PENAL I:\u00a0 PARTE GENERAL<\/strong><br>Asignatura anual de formaci\u00f3n b\u00e1sica.<br>9 Cr\u00e9ditos ECTS.<br><\/td><\/tr><tr><td><strong>DERECHO PENAL II: PARTE ESPECIAL<\/strong><br>Asignatura cuatrimestral de formaci\u00f3n obligatoria.<br>6 Cr\u00e9ditos ECTS.<br><\/td><\/tr><tr><td><strong>DERECHO PENAL DE LA EMPRESA<\/strong><br>Asignatura cuatrimestral de formaci\u00f3n optativa.<br>4,5 Cr\u00e9ditos ECTS.<br><\/td><\/tr><\/tbody><\/table><\/figure>\n\n\n\n<figure class=\"wp-block-table\"><table><thead><tr><th>ADE\/ESTUDIOS INTERNACIONALES<\/th><\/tr><\/thead><tbody><tr><td>\u00a0<strong>PROTECCI\u00d3N INTERNACIONAL DE LOS DERECHOS HUMANOS Y DERECHO PENAL INTERNACIONAL<\/strong><br>Asignatura anual de formaci\u00f3n obligatoria.<br>6 Cr\u00e9ditos ECTS.<br><\/td><\/tr><\/tbody><\/table><\/figure>\n\n\n\n<h2 class=\"wp-block-heading\"><strong>Asignaturas de Derecho penal en Postgrados de la UCLM (T\u00edtulos Oficiales)<\/strong><\/h2>\n\n\n\n<figure class=\"wp-block-table\"><table><thead><tr><th>M\u00c1STER UNIVERSITARIO EN ACCESO A ABOGAC\u00cdA (MUAB)<\/th><\/tr><\/thead><tbody><tr><td><strong>PR\u00c1CTICA JURISDICCIONAL PENAL<\/strong><br>Asignatura anual de formaci\u00f3n obligatoria.<br>9 Cr\u00e9ditos ECTS.<br><\/td><\/tr><\/tbody><\/table><\/figure>\n\n\n\n<figure class=\"wp-block-table\"><table><thead><tr><th>M\u00c1STER UNIVERSITARIO EN DERECHO CONSTITUCIONAL (MUDECO)<\/th><\/tr><\/thead><tbody><tr><td><strong>CONSTITUCI\u00d3N Y DERECHO P\u00daBLICO<\/strong><br>Asignatura cuatrimestral de formaci\u00f3n optativa.<br>6 Cr\u00e9ditos ECTS.<br><\/td><\/tr><\/tbody><\/table><\/figure>\n\n\n\n<h2 class=\"wp-block-heading\"><strong>Asignaturas de Derecho penal en Postgrados de la UCLM (T\u00edtulos Propios)<\/strong><\/h2>\n\n\n\n<figure class=\"wp-block-table\"><table><thead><tr><th>CURSOS DE POSTGRADO EN DERECHO PENAL<\/th><\/tr><\/thead><tbody><tr><td><a href=\"http:\/\/blog.uclm.es\/postgradoenderechotoledo\/\" target=\"_blank\" rel=\"noreferrer noopener\">Pincha aqu\u00ed para conocer los cursos de postgrado que oferta la Facultad de Ciencias jur\u00eddicas y Sociales de Toledo.<\/a><br>&nbsp;<br><a href=\"https:\/\/blog.uclm.es\/areadpenalto\/cursos-de-postgrado\/\" target=\"_blank\" rel=\"noreferrer noopener\">Pincha aqu\u00ed para conocer los cursos de postgrado en Derecho penal.<\/a><\/td><\/tr><\/tbody><\/table><\/figure>\n\n\n\n<figure class=\"wp-block-table\"><table><thead><tr><th>T\u00cdTULO DE ESPECIALISTA EN JUSTICIA CONSTITUCIONAL<\/th><\/tr><\/thead><tbody><tr><td>&nbsp;<a href=\"https:\/\/www.uclm.es\/estudios\/propios\/especialista-justicia-constitucional-interpretacion-aplicacion-constitucion\" target=\"_blank\" rel=\"noreferrer noopener\">Pincha aqu\u00ed para saber m\u00e1s sobre los t\u00edtulos de especialista en justicia constitucional.<\/a><\/td><\/tr><\/tbody><\/table><\/figure>\n","protected":false},"excerpt":{"rendered":"<p>Asignaturas de Derecho penal en los Grados de la UCLM DERECHO DERECHO PENAL I: PARTE GENERALAsignatura anual de formaci\u00f3n b\u00e1sica.9 Cr\u00e9ditos ECTS. DERECHO PENAL II: PARTE ESPECIALAsignatura cuatrimestral de formaci\u00f3n obligatoria.6 Cr\u00e9ditos ECTS. DERECHO PENAL DE LA EMPRESAAsignatura cuatrimestral de formaci\u00f3n optativa.4,5 Cr\u00e9ditos ECTS. SISTEMA DE PENAS Y DERECHO PENITENCIARIOAsignatura cuatrimestral de formaci\u00f3n optativa.4,5 Cr\u00e9ditos &hellip; <\/p>\n<p class=\"link-more\"><a href=\"https:\/\/blog.uclm.es\/areadpenalto\/estudios\/\" class=\"more-link\">Continuar leyendo<span class=\"screen-reader-text\"> \u00abEstudios\u00bb<\/span><\/a><\/p>\n","protected":false},"author":132,"featured_media":0,"parent":0,"menu_order":0,"comment_status":"closed","ping_status":"closed","template":"","meta":{"footnotes":""},"class_list":["post-5247","page","type-page","status-publish","hentry"],"_links":{"self":[{"href":"https:\/\/blog.uclm.es\/areadpenalto\/wp-json\/wp\/v2\/pages\/5247","targetHints":{"allow":["GET"]}}],"collection":[{"href":"https:\/\/blog.uclm.es\/areadpenalto\/wp-json\/wp\/v2\/pages"}],"about":[{"href":"https:\/\/blog.uclm.es\/areadpenalto\/wp-json\/wp\/v2\/types\/page"}],"author":[{"embeddable":true,"href":"https:\/\/blog.uclm.es\/areadpenalto\/wp-json\/wp\/v2\/users\/132"}],"replies":[{"embeddable":true,"href":"https:\/\/blog.uclm.es\/areadpenalto\/wp-json\/wp\/v2\/comments?post=5247"}],"version-history":[{"count":6,"href":"https:\/\/blog.uclm.es\/areadpenalto\/wp-json\/wp\/v2\/pages\/5247\/revisions"}],"predecessor-version":[{"id":9872,"href":"https:\/\/blog.uclm.es\/areadpenalto\/wp-json\/wp\/v2\/pages\/5247\/revisions\/9872"}],"wp:attachment":[{"href":"https:\/\/blog.uclm.es\/areadpenalto\/wp-json\/wp\/v2\/media?parent=5247"}],"curies":[{"name":"wp","href":"https:\/\/api.w.org\/{rel}","templated":true}]}}