{"id":5242,"date":"2019-11-10T12:13:17","date_gmt":"2019-11-10T11:13:17","guid":{"rendered":"http:\/\/blog.uclm.es\/eduardodemetrio\/?page_id=5242"},"modified":"2022-12-23T11:10:04","modified_gmt":"2022-12-23T11:10:04","slug":"transferenciaconocimientos","status":"publish","type":"page","link":"https:\/\/blog.uclm.es\/areadpenalto\/transferenciaconocimientos\/","title":{"rendered":"TRANSFERENCIA"},"content":{"rendered":"\n<h2 class=\"has-large-font-size wp-block-heading\"><strong>Pr\u00f3ximos eventos<\/strong><\/h2>\n\n\n\n<p>Encuentre informaci\u00f3n acerca de los eventos pr\u00f3ximos a celebrarse en el \u00c1rea de Derecho penal de la Facultad CCSS de Toledo.<\/p>\n\n\n\n<div class=\"wp-block-buttons is-layout-flex wp-block-buttons-is-layout-flex\">\n<div class=\"wp-block-button is-style-outline is-style-outline--1\"><a class=\"wp-block-button__link has-text-color wp-element-button\" href=\"https:\/\/blog.uclm.es\/areadpenalto\/proxevents\/\" style=\"color:#b30033\">Click aqu\u00ed<\/a><\/div>\n<\/div>\n\n\n\n<hr class=\"wp-block-separator has-alpha-channel-opacity is-style-wide\" \/>\n\n\n\n<h2 class=\"has-large-font-size wp-block-heading\"><strong>Eventos celebrados<\/strong><\/h2>\n\n\n\n<p>Encuentre informaci\u00f3n acerca de las conferencias, seminarios, ponencias y congresos que ha organizado el \u00c1rea de Derecho penal de la Facultad CCSS de Toledo.<\/p>\n\n\n\n<div class=\"wp-block-buttons is-layout-flex wp-block-buttons-is-layout-flex\">\n<div class=\"wp-block-button is-style-outline is-style-outline--2\"><a class=\"wp-block-button__link has-text-color wp-element-button\" style=\"color:#b30033\">Click aqu\u00ed<\/a><\/div>\n<\/div>\n\n\n\n<hr class=\"wp-block-separator has-alpha-channel-opacity is-style-wide\" \/>\n\n\n\n<h2 class=\"has-large-font-size wp-block-heading\"><strong>Biblioteca b\u00e1sica de Derecho penal y Ciencias penales<\/strong><\/h2>\n\n\n\n<p>Encuentre informaci\u00f3n acerca de la colecci\u00f3n de obras \u201cBiblioteca b\u00e1sica de Derecho penal y ciencias penales de Iustel.<\/p>\n\n\n\n<div class=\"wp-block-buttons is-layout-flex wp-block-buttons-is-layout-flex\">\n<div class=\"wp-block-button is-style-outline is-style-outline--3\"><a class=\"wp-block-button__link has-text-color wp-element-button\" href=\"https:\/\/blog.uclm.es\/areadpenalto\/coleccion-iustel\/\" style=\"color:#b30033\">Click aqu\u00ed<\/a><\/div>\n<\/div>\n\n\n\n<hr class=\"wp-block-separator has-alpha-channel-opacity is-style-wide\" \/>\n\n\n\n<h2 class=\"has-large-font-size wp-block-heading\"><strong>Cursos de Postgrado<\/strong><\/h2>\n\n\n\n<p>Encuentre informaci\u00f3n acerca de los cursos de postgrado que imparte el \u00c1rea de Derecho penal y ciencias penales de Iustel.<\/p>\n\n\n\n<div class=\"wp-block-buttons is-layout-flex wp-block-buttons-is-layout-flex\">\n<div class=\"wp-block-button is-style-outline is-style-outline--4\"><a class=\"wp-block-button__link has-text-color wp-element-button\" href=\"https:\/\/blog.uclm.es\/areadpenalto\/cursos-de-postgrado\/\" style=\"color:#b30033\">Click aqu\u00ed<\/a><\/div>\n<\/div>\n\n\n\n<hr class=\"wp-block-separator has-alpha-channel-opacity is-style-wide\" \/>\n","protected":false},"excerpt":{"rendered":"<p>Pr\u00f3ximos eventos Encuentre informaci\u00f3n acerca de los eventos pr\u00f3ximos a celebrarse en el \u00c1rea de Derecho penal de la Facultad CCSS de Toledo. Eventos celebrados Encuentre informaci\u00f3n acerca de las conferencias, seminarios, ponencias y congresos que ha organizado el \u00c1rea de Derecho penal de la Facultad CCSS de Toledo. Biblioteca b\u00e1sica de Derecho penal y &hellip; <\/p>\n<p class=\"link-more\"><a href=\"https:\/\/blog.uclm.es\/areadpenalto\/transferenciaconocimientos\/\" class=\"more-link\">Continuar leyendo<span class=\"screen-reader-text\"> \u00abTRANSFERENCIA\u00bb<\/span><\/a><\/p>\n","protected":false},"author":132,"featured_media":0,"parent":0,"menu_order":0,"comment_status":"closed","ping_status":"closed","template":"","meta":{"footnotes":""},"class_list":["post-5242","page","type-page","status-publish","hentry"],"_links":{"self":[{"href":"https:\/\/blog.uclm.es\/areadpenalto\/wp-json\/wp\/v2\/pages\/5242","targetHints":{"allow":["GET"]}}],"collection":[{"href":"https:\/\/blog.uclm.es\/areadpenalto\/wp-json\/wp\/v2\/pages"}],"about":[{"href":"https:\/\/blog.uclm.es\/areadpenalto\/wp-json\/wp\/v2\/types\/page"}],"author":[{"embeddable":true,"href":"https:\/\/blog.uclm.es\/areadpenalto\/wp-json\/wp\/v2\/users\/132"}],"replies":[{"embeddable":true,"href":"https:\/\/blog.uclm.es\/areadpenalto\/wp-json\/wp\/v2\/comments?post=5242"}],"version-history":[{"count":4,"href":"https:\/\/blog.uclm.es\/areadpenalto\/wp-json\/wp\/v2\/pages\/5242\/revisions"}],"predecessor-version":[{"id":9729,"href":"https:\/\/blog.uclm.es\/areadpenalto\/wp-json\/wp\/v2\/pages\/5242\/revisions\/9729"}],"wp:attachment":[{"href":"https:\/\/blog.uclm.es\/areadpenalto\/wp-json\/wp\/v2\/media?parent=5242"}],"curies":[{"name":"wp","href":"https:\/\/api.w.org\/{rel}","templated":true}]}}