{"id":61,"date":"2025-11-26T01:40:59","date_gmt":"2025-11-26T00:40:59","guid":{"rendered":"https:\/\/blog.uclm.es\/areaderconscr\/?page_id=61"},"modified":"2025-12-15T18:08:36","modified_gmt":"2025-12-15T17:08:36","slug":"actividades","status":"publish","type":"page","link":"https:\/\/blog.uclm.es\/areaderconscr\/actividades\/","title":{"rendered":"Actividades"},"content":{"rendered":"\n<div class=\"wp-block-query alignwide is-layout-constrained wp-block-query-is-layout-constrained\"><ul class=\"alignwide wp-block-post-template is-layout-flow wp-block-post-template-is-layout-flow\"><li class=\"wp-block-post post-274 post type-post status-publish format-standard hentry category-sin-categoria\">\n\n<div class=\"wp-block-group is-layout-constrained wp-block-group-is-layout-constrained\"><h5 style=\"font-size:39px;\" class=\"alignwide wp-block-post-title\"><a href=\"https:\/\/blog.uclm.es\/areaderconscr\/2026\/03\/22\/el-area-de-derecho-constitucional-en-el-xxiii-congreso-de-la-ace\/\" target=\"_self\" >El \u00e1rea de Derecho Constitucional en el XXIII Congreso de la ACE<\/a><\/h5>\n\n<div class=\"entry-content alignwide wp-block-post-content is-layout-flow wp-block-post-content-is-layout-flow\">\n<p>Durante los d\u00edas 12 y 13 de marzo de 2026, la Universidad de Murcia ha acogido la celebraci\u00f3n del <strong>XXIII Congreso de la Asociaci\u00f3n de Constitucionalistas de Espa\u00f1a (ACE)<\/strong>, que en esta edici\u00f3n ha centrado su tem\u00e1tica en la \u00abTRANSPARENCIA Y RENDICI\u00d3N DE CUENTAS EN EL ESTADO CONSTITUCIONAL\u00bb.<\/p>\n\n\n\n<p>A la celebraci\u00f3n del congreso han podido asistir algunos de los miembros de nuestra \u00e1rea de conocimiento, en representaci\u00f3n del \u00e1rea de Derecho Constitucional de Ciudad Real.<\/p>\n\n\n\n<div class=\"wp-block-columns is-layout-flex wp-container-core-columns-is-layout-28f84493 wp-block-columns-is-layout-flex\">\n<div class=\"wp-block-column is-layout-flow wp-block-column-is-layout-flow\" style=\"flex-basis:66.66%\">\n<figure class=\"wp-block-image size-large\"><img loading=\"lazy\" decoding=\"async\" width=\"1024\" height=\"531\" src=\"https:\/\/blog.uclm.es\/areaderconscr\/wp-content\/uploads\/sites\/332\/2026\/03\/Imagen-1-1024x531.jpg\" alt=\"\" class=\"wp-image-279\" srcset=\"https:\/\/blog.uclm.es\/areaderconscr\/wp-content\/uploads\/sites\/332\/2026\/03\/Imagen-1-1024x531.jpg 1024w, https:\/\/blog.uclm.es\/areaderconscr\/wp-content\/uploads\/sites\/332\/2026\/03\/Imagen-1-300x155.jpg 300w, https:\/\/blog.uclm.es\/areaderconscr\/wp-content\/uploads\/sites\/332\/2026\/03\/Imagen-1-768x398.jpg 768w, https:\/\/blog.uclm.es\/areaderconscr\/wp-content\/uploads\/sites\/332\/2026\/03\/Imagen-1-1536x796.jpg 1536w, https:\/\/blog.uclm.es\/areaderconscr\/wp-content\/uploads\/sites\/332\/2026\/03\/Imagen-1.jpg 1883w\" sizes=\"auto, (max-width: 1024px) 100vw, 1024px\" \/><\/figure>\n<\/div>\n\n\n\n<div class=\"wp-block-column is-layout-flow wp-block-column-is-layout-flow\" style=\"flex-basis:33.33%\">\n<figure class=\"wp-block-image aligncenter size-full is-resized\"><img loading=\"lazy\" decoding=\"async\" width=\"509\" height=\"720\" src=\"https:\/\/blog.uclm.es\/areaderconscr\/wp-content\/uploads\/sites\/332\/2026\/03\/image-15.png\" alt=\"\" class=\"wp-image-275\" style=\"aspect-ratio:0.7069682984035711;width:212px;height:auto\" srcset=\"https:\/\/blog.uclm.es\/areaderconscr\/wp-content\/uploads\/sites\/332\/2026\/03\/image-15.png 509w, https:\/\/blog.uclm.es\/areaderconscr\/wp-content\/uploads\/sites\/332\/2026\/03\/image-15-212x300.png 212w\" sizes=\"auto, (max-width: 509px) 100vw, 509px\" \/><\/figure>\n<\/div>\n<\/div>\n\n\n\n<p><\/p>\n<\/div>\n\n\n<div class=\"wp-block-columns alignfull is-layout-flex wp-container-core-columns-is-layout-28f84493 wp-block-columns-is-layout-flex\">\n<div class=\"wp-block-column is-layout-flow wp-block-column-is-layout-flow\" style=\"flex-basis:650px\"><div style=\"font-style:italic;font-weight:400;\" class=\"wp-block-post-date has-medium-font-size\"><time datetime=\"2026-03-22T03:10:21+01:00\"><a href=\"https:\/\/blog.uclm.es\/areaderconscr\/2026\/03\/22\/el-area-de-derecho-constitucional-en-el-xxiii-congreso-de-la-ace\/\">marzo 22, 2026<\/a><\/time><\/div><\/div>\n<\/div>\n\n\n\n<div style=\"height:16px\" aria-hidden=\"true\" class=\"wp-block-spacer\"><\/div>\n\n\n\n<hr class=\"wp-block-separator has-css-opacity alignwide is-style-wide\" \/>\n\n\n\n<div style=\"height:16px\" aria-hidden=\"true\" class=\"wp-block-spacer\"><\/div>\n<\/div>\n\n<\/li><li class=\"wp-block-post post-183 post type-post status-publish format-standard hentry category-congresos-jornadas-y-seminarios tag-derechosfundamentales\">\n\n<div class=\"wp-block-group is-layout-constrained wp-block-group-is-layout-constrained\"><h5 style=\"font-size:39px;\" class=\"alignwide wp-block-post-title\"><a href=\"https:\/\/blog.uclm.es\/areaderconscr\/2025\/12\/15\/conferencia-del-prof-ignacio-durban-martin-la-proteccion-jurisdiccional-de-los-derechos-fundamentales\/\" target=\"_self\" >Conferencia del Prof. Ignacio Durban Mart\u00edn: \u201cLa protecci\u00f3n jurisdiccional de los derechos fundamentales\u201d<\/a><\/h5>\n\n<div class=\"entry-content alignwide wp-block-post-content is-layout-flow wp-block-post-content-is-layout-flow\">\n<figure class=\"wp-block-gallery has-nested-images columns-default is-cropped wp-block-gallery-1 is-layout-flex wp-block-gallery-is-layout-flex\">\n<figure class=\"wp-block-image size-large\"><img loading=\"lazy\" decoding=\"async\" width=\"1024\" height=\"768\" data-id=\"189\" src=\"https:\/\/blog.uclm.es\/areaderconscr\/wp-content\/uploads\/sites\/332\/2025\/12\/IMG_9265-1024x768.jpeg\" alt=\"\" class=\"wp-image-189\" srcset=\"https:\/\/blog.uclm.es\/areaderconscr\/wp-content\/uploads\/sites\/332\/2025\/12\/IMG_9265-1024x768.jpeg 1024w, https:\/\/blog.uclm.es\/areaderconscr\/wp-content\/uploads\/sites\/332\/2025\/12\/IMG_9265-300x225.jpeg 300w, https:\/\/blog.uclm.es\/areaderconscr\/wp-content\/uploads\/sites\/332\/2025\/12\/IMG_9265-768x576.jpeg 768w, https:\/\/blog.uclm.es\/areaderconscr\/wp-content\/uploads\/sites\/332\/2025\/12\/IMG_9265-1536x1152.jpeg 1536w, https:\/\/blog.uclm.es\/areaderconscr\/wp-content\/uploads\/sites\/332\/2025\/12\/IMG_9265-2048x1536.jpeg 2048w\" sizes=\"auto, (max-width: 1024px) 100vw, 1024px\" \/><\/figure>\n\n\n\n<figure class=\"wp-block-image size-large\"><img loading=\"lazy\" decoding=\"async\" width=\"1024\" height=\"768\" data-id=\"185\" src=\"https:\/\/blog.uclm.es\/areaderconscr\/wp-content\/uploads\/sites\/332\/2025\/12\/IMG_9267-1024x768.jpeg\" alt=\"\" class=\"wp-image-185\" srcset=\"https:\/\/blog.uclm.es\/areaderconscr\/wp-content\/uploads\/sites\/332\/2025\/12\/IMG_9267-1024x768.jpeg 1024w, https:\/\/blog.uclm.es\/areaderconscr\/wp-content\/uploads\/sites\/332\/2025\/12\/IMG_9267-300x225.jpeg 300w, https:\/\/blog.uclm.es\/areaderconscr\/wp-content\/uploads\/sites\/332\/2025\/12\/IMG_9267-768x576.jpeg 768w, https:\/\/blog.uclm.es\/areaderconscr\/wp-content\/uploads\/sites\/332\/2025\/12\/IMG_9267-1536x1152.jpeg 1536w, https:\/\/blog.uclm.es\/areaderconscr\/wp-content\/uploads\/sites\/332\/2025\/12\/IMG_9267-2048x1536.jpeg 2048w\" sizes=\"auto, (max-width: 1024px) 100vw, 1024px\" \/><\/figure>\n\n\n\n<figure class=\"wp-block-image size-large\"><img loading=\"lazy\" decoding=\"async\" width=\"1024\" height=\"768\" data-id=\"186\" src=\"https:\/\/blog.uclm.es\/areaderconscr\/wp-content\/uploads\/sites\/332\/2025\/12\/IMG_9270-1024x768.jpeg\" alt=\"\" class=\"wp-image-186\" srcset=\"https:\/\/blog.uclm.es\/areaderconscr\/wp-content\/uploads\/sites\/332\/2025\/12\/IMG_9270-1024x768.jpeg 1024w, https:\/\/blog.uclm.es\/areaderconscr\/wp-content\/uploads\/sites\/332\/2025\/12\/IMG_9270-300x225.jpeg 300w, https:\/\/blog.uclm.es\/areaderconscr\/wp-content\/uploads\/sites\/332\/2025\/12\/IMG_9270-768x576.jpeg 768w, https:\/\/blog.uclm.es\/areaderconscr\/wp-content\/uploads\/sites\/332\/2025\/12\/IMG_9270-1536x1152.jpeg 1536w, https:\/\/blog.uclm.es\/areaderconscr\/wp-content\/uploads\/sites\/332\/2025\/12\/IMG_9270-2048x1536.jpeg 2048w\" sizes=\"auto, (max-width: 1024px) 100vw, 1024px\" \/><\/figure>\n\n\n\n<figure class=\"wp-block-image size-large\"><img loading=\"lazy\" decoding=\"async\" width=\"1024\" height=\"768\" data-id=\"184\" src=\"https:\/\/blog.uclm.es\/areaderconscr\/wp-content\/uploads\/sites\/332\/2025\/12\/IMG_9264-1024x768.jpeg\" alt=\"\" class=\"wp-image-184\" srcset=\"https:\/\/blog.uclm.es\/areaderconscr\/wp-content\/uploads\/sites\/332\/2025\/12\/IMG_9264-1024x768.jpeg 1024w, https:\/\/blog.uclm.es\/areaderconscr\/wp-content\/uploads\/sites\/332\/2025\/12\/IMG_9264-300x225.jpeg 300w, https:\/\/blog.uclm.es\/areaderconscr\/wp-content\/uploads\/sites\/332\/2025\/12\/IMG_9264-768x576.jpeg 768w, https:\/\/blog.uclm.es\/areaderconscr\/wp-content\/uploads\/sites\/332\/2025\/12\/IMG_9264-1536x1152.jpeg 1536w, https:\/\/blog.uclm.es\/areaderconscr\/wp-content\/uploads\/sites\/332\/2025\/12\/IMG_9264-2048x1536.jpeg 2048w\" sizes=\"auto, (max-width: 1024px) 100vw, 1024px\" \/><\/figure>\n<\/figure>\n\n\n\n<p>En la ma\u00f1ana de este 15 de diciembre ha tenido lugar la conferencia impartida por el Prof. Dr. D. Ignacio Durban Mart\u00edn, de la Universitat de Val\u00e8ncia y organizada por el \u00e1rea de Derecho Constitucional de Ciudad Real.<\/p>\n\n\n\n<p>La sesi\u00f3n, titulada \u201cLa protecci\u00f3n jurisdiccional de los Derechos Fundamentales\u201d, se ha desarrollado en el aula de juicios de la Facultad de Derecho y Ciencias Sociales y ha versado sobre las garant\u00edas judiciales y jurisdicciones existentes en nuestro sistema jur\u00eddico-constitucional para la protecci\u00f3n y salvaguarda de los derechos fundamentales, entre las que se encuentra el amparo ordinario, ejercido ante la jurisdicci\u00f3n ordinaria, y el recurso de amparo constitucional ante el Tribunal Constitucional. Con ello, se pretende que el ciudadano pueda hacer valer sus derechos ante una eventual vulneraci\u00f3n, acudiendo a un tribunal para que este haga cesar la misma y sea repuesto en el ejercicio de su derecho.<\/p>\n\n\n\n<p>La sesi\u00f3n ha sido moderada por el prof. Tom\u00e1s Vidal Mar\u00edn y la prof.\u00aa Mar\u00eda Ruiz Dorado.<\/p>\n<\/div>\n\n\n<div class=\"wp-block-columns alignfull is-layout-flex wp-container-core-columns-is-layout-28f84493 wp-block-columns-is-layout-flex\">\n<div class=\"wp-block-column is-layout-flow wp-block-column-is-layout-flow\" style=\"flex-basis:650px\"><div style=\"font-style:italic;font-weight:400;\" class=\"wp-block-post-date has-medium-font-size\"><time datetime=\"2025-12-15T14:09:16+01:00\"><a href=\"https:\/\/blog.uclm.es\/areaderconscr\/2025\/12\/15\/conferencia-del-prof-ignacio-durban-martin-la-proteccion-jurisdiccional-de-los-derechos-fundamentales\/\">diciembre 15, 2025<\/a><\/time><\/div><\/div>\n<\/div>\n\n\n\n<div style=\"height:16px\" aria-hidden=\"true\" class=\"wp-block-spacer\"><\/div>\n\n\n\n<hr class=\"wp-block-separator has-css-opacity alignwide is-style-wide\" \/>\n\n\n\n<div style=\"height:16px\" aria-hidden=\"true\" class=\"wp-block-spacer\"><\/div>\n<\/div>\n\n<\/li><li class=\"wp-block-post post-156 post type-post status-publish format-standard hentry category-congresos-jornadas-y-seminarios tag-xxx-jornadas-de-derecho-constitucional\">\n\n<div class=\"wp-block-group is-layout-constrained wp-block-group-is-layout-constrained\"><h5 style=\"font-size:39px;\" class=\"alignwide wp-block-post-title\"><a href=\"https:\/\/blog.uclm.es\/areaderconscr\/2025\/12\/11\/el-area-de-derecho-constitucional-celebra-las-xxx-jornadas-de-derecho-constitucional\/\" target=\"_self\" >El \u00e1rea de Derecho Constitucional celebra las XXX Jornadas de Derecho Constitucional<\/a><\/h5>\n\n<div class=\"entry-content alignwide wp-block-post-content is-layout-flow wp-block-post-content-is-layout-flow\">\n<figure class=\"wp-block-image size-large\"><img loading=\"lazy\" decoding=\"async\" width=\"1024\" height=\"768\" src=\"https:\/\/blog.uclm.es\/areaderconscr\/wp-content\/uploads\/sites\/332\/2025\/12\/IMG_9246-1024x768.jpg\" alt=\"\" class=\"wp-image-167\" srcset=\"https:\/\/blog.uclm.es\/areaderconscr\/wp-content\/uploads\/sites\/332\/2025\/12\/IMG_9246-1024x768.jpg 1024w, https:\/\/blog.uclm.es\/areaderconscr\/wp-content\/uploads\/sites\/332\/2025\/12\/IMG_9246-300x225.jpg 300w, https:\/\/blog.uclm.es\/areaderconscr\/wp-content\/uploads\/sites\/332\/2025\/12\/IMG_9246-768x576.jpg 768w, https:\/\/blog.uclm.es\/areaderconscr\/wp-content\/uploads\/sites\/332\/2025\/12\/IMG_9246-1536x1152.jpg 1536w, https:\/\/blog.uclm.es\/areaderconscr\/wp-content\/uploads\/sites\/332\/2025\/12\/IMG_9246.jpg 2048w\" sizes=\"auto, (max-width: 1024px) 100vw, 1024px\" \/><\/figure>\n\n\n\n<figure class=\"wp-block-gallery has-nested-images columns-default is-cropped wp-block-gallery-2 is-layout-flex wp-block-gallery-is-layout-flex\">\n<figure class=\"wp-block-image size-large\"><img loading=\"lazy\" decoding=\"async\" width=\"1024\" height=\"768\" data-id=\"164\" src=\"https:\/\/blog.uclm.es\/areaderconscr\/wp-content\/uploads\/sites\/332\/2025\/12\/IMG_9249-1024x768.jpg\" alt=\"\" class=\"wp-image-164\" srcset=\"https:\/\/blog.uclm.es\/areaderconscr\/wp-content\/uploads\/sites\/332\/2025\/12\/IMG_9249-1024x768.jpg 1024w, https:\/\/blog.uclm.es\/areaderconscr\/wp-content\/uploads\/sites\/332\/2025\/12\/IMG_9249-300x225.jpg 300w, https:\/\/blog.uclm.es\/areaderconscr\/wp-content\/uploads\/sites\/332\/2025\/12\/IMG_9249-768x576.jpg 768w, https:\/\/blog.uclm.es\/areaderconscr\/wp-content\/uploads\/sites\/332\/2025\/12\/IMG_9249-1536x1152.jpg 1536w, https:\/\/blog.uclm.es\/areaderconscr\/wp-content\/uploads\/sites\/332\/2025\/12\/IMG_9249.jpg 1824w\" sizes=\"auto, (max-width: 1024px) 100vw, 1024px\" \/><\/figure>\n\n\n\n<figure class=\"wp-block-image size-large\"><img loading=\"lazy\" decoding=\"async\" width=\"1024\" height=\"768\" data-id=\"165\" src=\"https:\/\/blog.uclm.es\/areaderconscr\/wp-content\/uploads\/sites\/332\/2025\/12\/IMG_9248-1024x768.jpg\" alt=\"\" class=\"wp-image-165\" srcset=\"https:\/\/blog.uclm.es\/areaderconscr\/wp-content\/uploads\/sites\/332\/2025\/12\/IMG_9248-1024x768.jpg 1024w, https:\/\/blog.uclm.es\/areaderconscr\/wp-content\/uploads\/sites\/332\/2025\/12\/IMG_9248-300x225.jpg 300w, https:\/\/blog.uclm.es\/areaderconscr\/wp-content\/uploads\/sites\/332\/2025\/12\/IMG_9248-768x576.jpg 768w, https:\/\/blog.uclm.es\/areaderconscr\/wp-content\/uploads\/sites\/332\/2025\/12\/IMG_9248-1536x1152.jpg 1536w, https:\/\/blog.uclm.es\/areaderconscr\/wp-content\/uploads\/sites\/332\/2025\/12\/IMG_9248.jpg 2048w\" sizes=\"auto, (max-width: 1024px) 100vw, 1024px\" \/><\/figure>\n\n\n\n<figure class=\"wp-block-image size-large\"><img loading=\"lazy\" decoding=\"async\" width=\"1024\" height=\"768\" data-id=\"166\" src=\"https:\/\/blog.uclm.es\/areaderconscr\/wp-content\/uploads\/sites\/332\/2025\/12\/IMG_9247-1024x768.jpg\" alt=\"\" class=\"wp-image-166\" srcset=\"https:\/\/blog.uclm.es\/areaderconscr\/wp-content\/uploads\/sites\/332\/2025\/12\/IMG_9247-1024x768.jpg 1024w, https:\/\/blog.uclm.es\/areaderconscr\/wp-content\/uploads\/sites\/332\/2025\/12\/IMG_9247-300x225.jpg 300w, https:\/\/blog.uclm.es\/areaderconscr\/wp-content\/uploads\/sites\/332\/2025\/12\/IMG_9247-768x576.jpg 768w, https:\/\/blog.uclm.es\/areaderconscr\/wp-content\/uploads\/sites\/332\/2025\/12\/IMG_9247-1536x1152.jpg 1536w, https:\/\/blog.uclm.es\/areaderconscr\/wp-content\/uploads\/sites\/332\/2025\/12\/IMG_9247.jpg 1771w\" sizes=\"auto, (max-width: 1024px) 100vw, 1024px\" \/><\/figure>\n<\/figure>\n\n\n\n<p>Las jornadas, cuya tem\u00e1tica se ha centrado en \u00abEl Cat\u00e1logo de Derechos Fundamentales de la Constituci\u00f3n\u00bb, han reunido a ponentes expertos y de prestigio en el campo del Derecho Constitucional y a numerosos estudiantes y miembros de la comunidad universitaria, para tratar distintos aspectos relacionados con los derechos fundamentales y su protecci\u00f3n.<\/p>\n\n\n\n<p>Tras la inauguraci\u00f3n de las jornadas por el Decano de la Facultad de Derecho y Ciencias Sociales, D. Fernando E. Callejas Albi\u00f1ana, y por el director del \u00e1rea de Derecho Constitucional de Ciudad Real y director de las jornadas, D. Tom\u00e1s Vidal Mar\u00edn, la primera ponencia fue realizada por D. Eduardo Esp\u00edn Templado, Catedr\u00e1tico em\u00e9rito de Derecho Constitucional en la UCLM y magistrado em\u00e9rito del Tribunal Supremo. Su intervenci\u00f3n se entr\u00f3 en la  \u201cProtecci\u00f3n de datos y programas inform\u00e1ticos\u201d, en la que abord\u00f3 la reciente Sentencia n\u00fam. 1119\/2025 de la sala de lo contencioso-administrativo del Tribunal Supremo, sobre transparencia algor\u00edtmica en el uso de herramientas de inteligencia artificial por parte de las Administraciones P\u00fablicas.<\/p>\n\n\n\n<p>Le sigui\u00f3 la intervenci\u00f3n de D.\u00aa Ar\u00e1nzazu Moret\u00f3n Toquero, Profesora Titular de Derecho Constitucional en la Universidad de Valladolid, sobre \u201cLas plataformas y su papel de guardianes de la comunicaci\u00f3n digital\u201d.<\/p>\n\n\n\n<p>En la tarde del jueves, se desarrollaron las ponencias de D. Marcos Mass\u00f3 Garrote, Catedr\u00e1tico de Derecho Constitucional en la UCLM, sobre \u201cInmigraci\u00f3n, extranjer\u00eda y expulsiones en caliente\u201d; y de D. Francisco Javier D\u00edaz Revorio, Catedr\u00e1tico de Derecho Constitucional en la UCLM, sobre \u201cMedioambiente, naturaleza y emergencia clim\u00e1tica\u201d.<\/p>\n\n\n\n<p>El segundo d\u00eda de jornadas fue abierto por D. Luis Mar\u00eda D\u00edez-Picazo Gim\u00e9nez, Catedr\u00e1tico de Derecho Constitucional en la UCLM y magistrado del Tribunal Supremo. Su intervenci\u00f3n vers\u00f3 sobre \u201cEl derecho a la la predeterminaci\u00f3n del juez\u201d.<\/p>\n\n\n\n<p>Finalmente, la \u00faltima ponencia estuvo a cargo de D.\u00aa Mar\u00eda Salvador Mart\u00ednez, Catedr\u00e1tica de Derecho Constitucional en la UNED, la cual se centr\u00f3 en \u201cEl derecho de asociaci\u00f3n pol\u00edtica en el siglo XXI\u201d.<\/p>\n\n\n\n<p>Adem\u00e1s, las jornadas contaron con la impartici\u00f3n de diversas comunicaciones a cargo de D. Jos\u00e9 Luis Lara Corral, D. Luis Garc\u00eda Chico y D. Luis Alejandro Tercero Rodr\u00edguez.<\/p>\n\n\n\n<p>Dichas jornadas, que se celebraron en el aula Alfredo P\u00e9rez Rubalcaba de los servicios generales de la UCLM en Ciudad Real, contaron con gran participaci\u00f3n por parte de los alumnos y estudiantes del grado de derecho, con una asistencia aproximada de 300 alumnos.<\/p>\n\n\n\n<p>Esta edici\u00f3n supuso la trig\u00e9sima de unas jornadas que ya son una parte indispensable dentro de los programas de especializaci\u00f3n y seminarios del grado de Derecho de la Facultad de Derecho y Ciencias Sociales, as\u00ed como una tradici\u00f3n en el campus de Ciudad Real.<\/p>\n\n\n\n<p><\/p>\n<\/div>\n\n\n<div class=\"wp-block-columns alignfull is-layout-flex wp-container-core-columns-is-layout-28f84493 wp-block-columns-is-layout-flex\">\n<div class=\"wp-block-column is-layout-flow wp-block-column-is-layout-flow\" style=\"flex-basis:650px\"><div style=\"font-style:italic;font-weight:400;\" class=\"wp-block-post-date has-medium-font-size\"><time datetime=\"2025-12-11T21:43:36+01:00\"><a href=\"https:\/\/blog.uclm.es\/areaderconscr\/2025\/12\/11\/el-area-de-derecho-constitucional-celebra-las-xxx-jornadas-de-derecho-constitucional\/\">diciembre 11, 2025<\/a><\/time><\/div><\/div>\n<\/div>\n\n\n\n<div style=\"height:16px\" aria-hidden=\"true\" class=\"wp-block-spacer\"><\/div>\n\n\n\n<hr class=\"wp-block-separator has-css-opacity alignwide is-style-wide\" \/>\n\n\n\n<div style=\"height:16px\" aria-hidden=\"true\" class=\"wp-block-spacer\"><\/div>\n<\/div>\n\n<\/li><li class=\"wp-block-post post-24 post type-post status-publish format-standard hentry category-congresos-jornadas-y-seminarios tag-xxx-jornadas-de-derecho-constitucional\">\n\n<div class=\"wp-block-group is-layout-constrained wp-block-group-is-layout-constrained\"><h5 style=\"font-size:39px;\" class=\"alignwide wp-block-post-title\"><a href=\"https:\/\/blog.uclm.es\/areaderconscr\/2025\/11\/25\/xxx-jornadas-de-derecho-constitucional\/\" target=\"_self\" >XXX Jornadas de Derecho Constitucional<\/a><\/h5>\n\n<div class=\"entry-content alignwide wp-block-post-content is-layout-flow wp-block-post-content-is-layout-flow\">\n<p><strong>EL CAT\u00c1LOGO DE DERECHOS EN LA CONSTITUCION ESPA\u00d1OLA<\/strong><\/p>\n\n\n\n<figure class=\"wp-block-image alignwide size-large\"><img loading=\"lazy\" decoding=\"async\" width=\"1024\" height=\"572\" src=\"https:\/\/blog.uclm.es\/areaderconscr\/wp-content\/uploads\/sites\/332\/2025\/11\/Captura-de-pantalla-2025-11-25-a-las-21.30.20-1024x572.png\" alt=\"\" class=\"wp-image-25\" srcset=\"https:\/\/blog.uclm.es\/areaderconscr\/wp-content\/uploads\/sites\/332\/2025\/11\/Captura-de-pantalla-2025-11-25-a-las-21.30.20-1024x572.png 1024w, https:\/\/blog.uclm.es\/areaderconscr\/wp-content\/uploads\/sites\/332\/2025\/11\/Captura-de-pantalla-2025-11-25-a-las-21.30.20-300x168.png 300w, https:\/\/blog.uclm.es\/areaderconscr\/wp-content\/uploads\/sites\/332\/2025\/11\/Captura-de-pantalla-2025-11-25-a-las-21.30.20-768x429.png 768w, https:\/\/blog.uclm.es\/areaderconscr\/wp-content\/uploads\/sites\/332\/2025\/11\/Captura-de-pantalla-2025-11-25-a-las-21.30.20-1536x859.png 1536w, https:\/\/blog.uclm.es\/areaderconscr\/wp-content\/uploads\/sites\/332\/2025\/11\/Captura-de-pantalla-2025-11-25-a-las-21.30.20.png 1542w\" sizes=\"auto, (max-width: 1024px) 100vw, 1024px\" \/><\/figure>\n\n\n\n<p>Fecha: <strong>27 y 28 de noviembre<\/strong><\/p>\n\n\n\n<p>Lugar: <strong>Aula Magna<\/strong> de Servicios Generales (en la <strong>Biblioteca General<\/strong>) del Campus de Ciudad Real<\/p>\n\n\n\n<p>Los d\u00edas 27 y 28 de noviembre de 2025, el \u00c1rea de Derecho Constitucional de Ciudad Real organiza las XXX JORNADAS DE DERECHO CONSTITUCIONAL, con una tem\u00e1tica centrada en los derechos fundamentales, su protecci\u00f3n y defensa. Se desarrollaran en el Aula Magna de la Biblioteca General. Estas Jornadas equivaldr\u00e1n a 1 cr\u00e9dito ECTS para los estudiantes de grado.<\/p>\n\n\n\n<p>Plazo de matr\u00edcula: hasta el 26 de noviembre, a trav\u00e9s de la app <a href=\"https:\/\/lead.apps.uclm.es\">LEAD &#8211; UCLM<\/a><\/p>\n\n\n\n<p>M\u00e1s informaci\u00f3n en: <a href=\"https:\/\/eventos.uclm.es\/139914\/detail\/xxx-jornadas-de-derecho-constitucional-el-catalogo-de-derechos-en-la-constitucion-espanola.html\">https:\/\/eventos.uclm.es\/139914\/detail\/xxx-jornadas-de-derecho-constitucional-el-catalogo-de-derechos-en-la-constitucion-espanola.html<\/a><\/p>\n\n\n\n<div class=\"wp-block-columns is-layout-flex wp-container-core-columns-is-layout-28f84493 wp-block-columns-is-layout-flex\">\n<div class=\"wp-block-column is-layout-flow wp-block-column-is-layout-flow\">\n<p>Organiza:<\/p>\n\n\n\n<figure class=\"wp-block-image size-large is-resized\"><img loading=\"lazy\" decoding=\"async\" width=\"1024\" height=\"592\" src=\"https:\/\/blog.uclm.es\/areaderconscr\/wp-content\/uploads\/sites\/332\/2025\/11\/logo-area-1-1024x592.png\" alt=\"\" class=\"wp-image-59\" style=\"width:205px;height:auto\" srcset=\"https:\/\/blog.uclm.es\/areaderconscr\/wp-content\/uploads\/sites\/332\/2025\/11\/logo-area-1-1024x592.png 1024w, https:\/\/blog.uclm.es\/areaderconscr\/wp-content\/uploads\/sites\/332\/2025\/11\/logo-area-1-300x173.png 300w, https:\/\/blog.uclm.es\/areaderconscr\/wp-content\/uploads\/sites\/332\/2025\/11\/logo-area-1-768x444.png 768w, https:\/\/blog.uclm.es\/areaderconscr\/wp-content\/uploads\/sites\/332\/2025\/11\/logo-area-1.png 1164w\" sizes=\"auto, (max-width: 1024px) 100vw, 1024px\" \/><\/figure>\n<\/div>\n\n\n\n<div class=\"wp-block-column is-layout-flow wp-block-column-is-layout-flow\">\n<p>Con la colaboraci\u00f3n de:<\/p>\n\n\n\n<figure class=\"wp-block-image size-full is-resized\"><img loading=\"lazy\" decoding=\"async\" width=\"250\" height=\"65\" src=\"https:\/\/blog.uclm.es\/areaderconscr\/wp-content\/uploads\/sites\/332\/2025\/11\/image.png\" alt=\"\" class=\"wp-image-57\" style=\"width:165px;height:auto\" \/><\/figure>\n\n\n\n<figure class=\"wp-block-image size-large is-resized\"><img loading=\"lazy\" decoding=\"async\" width=\"1024\" height=\"185\" src=\"https:\/\/blog.uclm.es\/areaderconscr\/wp-content\/uploads\/sites\/332\/2025\/11\/image-1-1024x185.png\" alt=\"\" class=\"wp-image-58\" style=\"width:226px;height:auto\" srcset=\"https:\/\/blog.uclm.es\/areaderconscr\/wp-content\/uploads\/sites\/332\/2025\/11\/image-1-1024x185.png 1024w, https:\/\/blog.uclm.es\/areaderconscr\/wp-content\/uploads\/sites\/332\/2025\/11\/image-1-300x54.png 300w, https:\/\/blog.uclm.es\/areaderconscr\/wp-content\/uploads\/sites\/332\/2025\/11\/image-1-768x139.png 768w, https:\/\/blog.uclm.es\/areaderconscr\/wp-content\/uploads\/sites\/332\/2025\/11\/image-1-1536x277.png 1536w, https:\/\/blog.uclm.es\/areaderconscr\/wp-content\/uploads\/sites\/332\/2025\/11\/image-1-2048x370.png 2048w\" sizes=\"auto, (max-width: 1024px) 100vw, 1024px\" \/><\/figure>\n<\/div>\n<\/div>\n\n\n\n<p><\/p>\n<\/div>\n\n\n<div class=\"wp-block-columns alignfull is-layout-flex wp-container-core-columns-is-layout-28f84493 wp-block-columns-is-layout-flex\">\n<div class=\"wp-block-column is-layout-flow wp-block-column-is-layout-flow\" style=\"flex-basis:650px\"><div style=\"font-style:italic;font-weight:400;\" class=\"wp-block-post-date has-medium-font-size\"><time datetime=\"2025-11-25T21:40:56+01:00\"><a href=\"https:\/\/blog.uclm.es\/areaderconscr\/2025\/11\/25\/xxx-jornadas-de-derecho-constitucional\/\">noviembre 25, 2025<\/a><\/time><\/div><\/div>\n<\/div>\n\n\n\n<div style=\"height:16px\" aria-hidden=\"true\" class=\"wp-block-spacer\"><\/div>\n\n\n\n<hr class=\"wp-block-separator has-css-opacity alignwide is-style-wide\" \/>\n\n\n\n<div style=\"height:16px\" aria-hidden=\"true\" class=\"wp-block-spacer\"><\/div>\n<\/div>\n\n<\/li><\/ul>\n\n<\/div>\n\n\n\n<p><\/p>\n","protected":false},"excerpt":{"rendered":"","protected":false},"author":555,"featured_media":0,"parent":0,"menu_order":4,"comment_status":"closed","ping_status":"closed","template":"","meta":{"footnotes":""},"class_list":["post-61","page","type-page","status-publish","hentry"],"_links":{"self":[{"href":"https:\/\/blog.uclm.es\/areaderconscr\/wp-json\/wp\/v2\/pages\/61","targetHints":{"allow":["GET"]}}],"collection":[{"href":"https:\/\/blog.uclm.es\/areaderconscr\/wp-json\/wp\/v2\/pages"}],"about":[{"href":"https:\/\/blog.uclm.es\/areaderconscr\/wp-json\/wp\/v2\/types\/page"}],"author":[{"embeddable":true,"href":"https:\/\/blog.uclm.es\/areaderconscr\/wp-json\/wp\/v2\/users\/555"}],"replies":[{"embeddable":true,"href":"https:\/\/blog.uclm.es\/areaderconscr\/wp-json\/wp\/v2\/comments?post=61"}],"version-history":[{"count":6,"href":"https:\/\/blog.uclm.es\/areaderconscr\/wp-json\/wp\/v2\/pages\/61\/revisions"}],"predecessor-version":[{"id":197,"href":"https:\/\/blog.uclm.es\/areaderconscr\/wp-json\/wp\/v2\/pages\/61\/revisions\/197"}],"wp:attachment":[{"href":"https:\/\/blog.uclm.es\/areaderconscr\/wp-json\/wp\/v2\/media?parent=61"}],"curies":[{"name":"wp","href":"https:\/\/api.w.org\/{rel}","templated":true}]}}