{"id":2,"date":"2025-03-07T11:09:09","date_gmt":"2025-03-07T10:09:09","guid":{"rendered":"https:\/\/blog.uclm.es\/apghaclm\/?page_id=2"},"modified":"2025-03-13T14:34:20","modified_gmt":"2025-03-13T13:34:20","slug":"pagina-ejemplo","status":"publish","type":"page","link":"https:\/\/blog.uclm.es\/apghaclm\/pagina-ejemplo\/","title":{"rendered":"Asociaci\u00f3n"},"content":{"rendered":"\n<p style=\"font-size:30px;line-height:1.3\">Bienvenidos a la Asociaci\u00f3n de Profesores de Geograf\u00eda, Historia e Historia del Arte de Castilla-La Mancha<\/p>\n\n\n\n<p style=\"font-style:normal;font-weight:300\"><p style=\"font-style:normal;font-weight:300;text-align:justify\">1.&nbsp;La <strong>Asociaci\u00f3n de Profesores de Geograf\u00eda, Historia e Historia del Arte de Castilla-La Mancha<\/strong> nace con el prop\u00f3sito de crear un espacio de encuentro, formaci\u00f3n y colaboraci\u00f3n para los docentes de estas disciplinas en nuestra comunidad. Constituida sin \u00e1nimo de lucro y con personalidad jur\u00eddica propia, nuestra organizaci\u00f3n busca mejorar la ense\u00f1anza, fomentar la investigaci\u00f3n y defender los intereses del profesorado en un contexto educativo en constante evoluci\u00f3n.<\/p>\n\n\n\n<div style=\"height:46px\" aria-hidden=\"true\" class=\"wp-block-spacer\"><\/div>\n\n\n\n<p class=\"has-large-font-size\">Nuestra misi\u00f3n<\/p>\n\n\n\n<p><p style=\"font-style:normal;font-weight:300\">Desde la Asociaci\u00f3n trabajamos para:<\/p><\/p>\n\n\n\n<p style=\"font-style:normal;font-weight:300\"><p style=\"font-style:normal;font-weight:300;text-align:justify\">1.&nbsp;<strong>Mejorar las pr\u00e1cticas educativas<\/strong>&nbsp;y orientarlas hacia la mayor calidad del aprendizaje del alumnado y el desarrollo de valores democr\u00e1ticos que nos permitan contribuir mejor a la formaci\u00f3n de una ciudadan\u00eda cr\u00edtica, responsable y comprometida.<\/p><\/p>\n\n\n\n<p style=\"font-style:normal;font-weight:300\"><p style=\"font-style:normal;font-weight:300;text-align:justify\">2. Promover la&nbsp;<strong>formaci\u00f3n docente<\/strong>&nbsp;desarrollando peri\u00f3dicamente programas formativos que permitan la actualizaci\u00f3n peri\u00f3dica de los docentes.<\/p><\/p>\n\n\n\n<p style=\"font-style:normal;font-weight:300\"><p style=\"font-style:normal;font-weight:300;text-align:justify\">3. Fomentar la investigaci\u00f3n en y desde las materias relacionadas con nuestro \u00e1mbito de estudio, adem\u00e1s de proponer&nbsp;<strong>grupos de investigaci\u00f3n en conexi\u00f3n con la universidad<\/strong>&nbsp;que permitan elaborar propuestas de mejora transferibles a las aulas y materiales curriculares.<\/p><\/p>\n\n\n\n<p style=\"font-style:normal;font-weight:300\"><p style=\"font-style:normal;font-weight:300;text-align:justify\">4. Asesorar y&nbsp;<strong>colaborar con instituciones p\u00fablicas<\/strong>, privadas y entidades similares locales, regionales, nacionales y extranjeras, especialmente en cuestiones&nbsp;<strong>vinculadas con las reformas educativas y dise\u00f1os curriculares<\/strong>&nbsp;vinculados con los conocimientos geogr\u00e1ficos, hist\u00f3ricos y art\u00edsticos.<\/p><\/p>\n\n\n\n<p style=\"font-style:normal;font-weight:300\"><p style=\"font-style:normal;font-weight:300;text-align:justify\">5. Desarrollar acciones en la&nbsp;<strong>divulgaci\u00f3n y protecci\u00f3n del patrimonio hist\u00f3rico-art\u00edstico y natural<\/strong>, as\u00ed como impulsar la ense\u00f1anza de la educaci\u00f3n de y desde el patrimonio.<\/p><\/p>\n\n\n\n<p style=\"font-style:normal;font-weight:300\"><p style=\"font-style:normal;font-weight:300;text-align:justify\">6. El fomento y la coordinaci\u00f3n de esfuerzos para la&nbsp;<strong>defensa de los leg\u00edtimos intereses del Profesorado de Geograf\u00eda, Historia, Ciencias Sociales y Humanidades.<\/strong><\/p><\/p>\n\n\n\n<p style=\"font-style:normal;font-weight:300\"><p style=\"font-style:normal;font-weight:300;text-align:justify\">7. Realizar<strong>&nbsp;propuestas a distintas administraciones<\/strong>, especialmente educativas, en relaci\u00f3n con los fines y actividades de la Asociaci\u00f3n.<\/p><\/p>\n\n\n\n<p style=\"font-style:normal;font-weight:300\"><p style=\"font-style:normal;font-weight:300;text-align:justify\">8.&nbsp;<strong>Intercambio<\/strong>&nbsp;con otras asociaciones para el desarrollo de los fines previstos.<\/p><\/p>\n\n\n\n<p style=\"font-style:normal;font-weight:300\"><p style=\"font-style:normal;font-weight:300;text-align:justify\">9. Otras relacionadas con los fines de la Asociaci\u00f3n.<\/p><\/p>\n","protected":false},"excerpt":{"rendered":"<p>Bienvenidos a la Asociaci\u00f3n de Profesores de Geograf\u00eda, Historia e Historia del Arte de Castilla-La Mancha 1.&nbsp;La Asociaci\u00f3n de Profesores de Geograf\u00eda, Historia e Historia del Arte de Castilla-La Mancha nace con el prop\u00f3sito de crear un espacio de encuentro, formaci\u00f3n y colaboraci\u00f3n para los docentes de estas disciplinas en nuestra comunidad. Constituida sin \u00e1nimo &hellip; <\/p>\n<p class=\"link-more\"><a href=\"https:\/\/blog.uclm.es\/apghaclm\/pagina-ejemplo\/\" class=\"more-link\">Continuar leyendo<span class=\"screen-reader-text\"> \u00abAsociaci\u00f3n\u00bb<\/span><\/a><\/p>\n","protected":false},"author":237,"featured_media":0,"parent":0,"menu_order":0,"comment_status":"closed","ping_status":"closed","template":"","meta":{"footnotes":""},"class_list":["post-2","page","type-page","status-publish","hentry"],"_links":{"self":[{"href":"https:\/\/blog.uclm.es\/apghaclm\/wp-json\/wp\/v2\/pages\/2","targetHints":{"allow":["GET"]}}],"collection":[{"href":"https:\/\/blog.uclm.es\/apghaclm\/wp-json\/wp\/v2\/pages"}],"about":[{"href":"https:\/\/blog.uclm.es\/apghaclm\/wp-json\/wp\/v2\/types\/page"}],"author":[{"embeddable":true,"href":"https:\/\/blog.uclm.es\/apghaclm\/wp-json\/wp\/v2\/users\/237"}],"replies":[{"embeddable":true,"href":"https:\/\/blog.uclm.es\/apghaclm\/wp-json\/wp\/v2\/comments?post=2"}],"version-history":[{"count":15,"href":"https:\/\/blog.uclm.es\/apghaclm\/wp-json\/wp\/v2\/pages\/2\/revisions"}],"predecessor-version":[{"id":249,"href":"https:\/\/blog.uclm.es\/apghaclm\/wp-json\/wp\/v2\/pages\/2\/revisions\/249"}],"wp:attachment":[{"href":"https:\/\/blog.uclm.es\/apghaclm\/wp-json\/wp\/v2\/media?parent=2"}],"curies":[{"name":"wp","href":"https:\/\/api.w.org\/{rel}","templated":true}]}}