{"id":130,"date":"2025-03-11T10:06:03","date_gmt":"2025-03-11T09:06:03","guid":{"rendered":"https:\/\/blog.uclm.es\/apghaclm\/?page_id=130"},"modified":"2025-03-11T20:16:09","modified_gmt":"2025-03-11T19:16:09","slug":"asociate","status":"publish","type":"page","link":"https:\/\/blog.uclm.es\/apghaclm\/asociate\/","title":{"rendered":"As\u00f3ciate"},"content":{"rendered":"\n<p class=\"has-huge-font-size\" style=\"line-height:1.3\">\u00a1\u00danete a nuestra asociaci\u00f3n y forma parte de una comunidad comprometida!<\/p>\n\n\n\n<p>Si eres docente de <strong>Geograf\u00eda, Historia o Historia del Arte<\/strong> en <strong>Castilla-La Mancha<\/strong>, de cualquier nivel educativo, te invitamos a formar parte de nuestra asociaci\u00f3n. Juntos, trabajamos para fomentar el intercambio de conocimientos, mejorar la ense\u00f1anza y defender los intereses del profesorado en nuestra regi\u00f3n.<\/p>\n\n\n\n<div class=\"wp-block-buttons is-horizontal is-content-justification-center is-layout-flex wp-container-core-buttons-is-layout-769315fb wp-block-buttons-is-layout-flex\" style=\"font-style:normal;font-weight:700\">\n<div class=\"wp-block-button has-custom-width wp-block-button__width-50\"><a class=\"wp-block-button__link has-dark-gray-background-color has-background wp-element-button\" href=\"https:\/\/docs.google.com\/forms\/d\/e\/1FAIpQLScfIzP71HvFRgayrV0U2G_wazZiikyXqt_lYHUTCy1urFbL5g\/viewform\" target=\"_blank\" rel=\"noopener noreferrer\">\n           Acceso al formulario de inscripci\u00f3n\n        <\/a><\/div>\n<\/div>\n","protected":false},"excerpt":{"rendered":"<p>\u00a1\u00danete a nuestra asociaci\u00f3n y forma parte de una comunidad comprometida! Si eres docente de Geograf\u00eda, Historia o Historia del Arte en Castilla-La Mancha, de cualquier nivel educativo, te invitamos a formar parte de nuestra asociaci\u00f3n. Juntos, trabajamos para fomentar el intercambio de conocimientos, mejorar la ense\u00f1anza y defender los intereses del profesorado en nuestra &hellip; <\/p>\n<p class=\"link-more\"><a href=\"https:\/\/blog.uclm.es\/apghaclm\/asociate\/\" class=\"more-link\">Continuar leyendo<span class=\"screen-reader-text\"> \u00abAs\u00f3ciate\u00bb<\/span><\/a><\/p>\n","protected":false},"author":242,"featured_media":0,"parent":0,"menu_order":0,"comment_status":"closed","ping_status":"closed","template":"","meta":{"footnotes":""},"class_list":["post-130","page","type-page","status-publish","hentry"],"_links":{"self":[{"href":"https:\/\/blog.uclm.es\/apghaclm\/wp-json\/wp\/v2\/pages\/130","targetHints":{"allow":["GET"]}}],"collection":[{"href":"https:\/\/blog.uclm.es\/apghaclm\/wp-json\/wp\/v2\/pages"}],"about":[{"href":"https:\/\/blog.uclm.es\/apghaclm\/wp-json\/wp\/v2\/types\/page"}],"author":[{"embeddable":true,"href":"https:\/\/blog.uclm.es\/apghaclm\/wp-json\/wp\/v2\/users\/242"}],"replies":[{"embeddable":true,"href":"https:\/\/blog.uclm.es\/apghaclm\/wp-json\/wp\/v2\/comments?post=130"}],"version-history":[{"count":15,"href":"https:\/\/blog.uclm.es\/apghaclm\/wp-json\/wp\/v2\/pages\/130\/revisions"}],"predecessor-version":[{"id":204,"href":"https:\/\/blog.uclm.es\/apghaclm\/wp-json\/wp\/v2\/pages\/130\/revisions\/204"}],"wp:attachment":[{"href":"https:\/\/blog.uclm.es\/apghaclm\/wp-json\/wp\/v2\/media?parent=130"}],"curies":[{"name":"wp","href":"https:\/\/api.w.org\/{rel}","templated":true}]}}