{"id":50,"date":"2014-03-20T10:24:38","date_gmt":"2014-03-20T09:24:38","guid":{"rendered":"http:\/\/blog.uclm.es\/antoniolconsuegra\/?page_id=50"},"modified":"2024-09-02T07:37:53","modified_gmt":"2024-09-02T07:37:53","slug":"lineas-de-investigacion","status":"publish","type":"page","link":"https:\/\/blog.uclm.es\/antoniolconsuegra\/lineas-de-investigacion\/","title":{"rendered":"L\u00edneas de Investigaci\u00f3n\/Research lines"},"content":{"rendered":"<div id=\"attachment_119\" style=\"width: 310px\" class=\"wp-caption alignnone\"><a href=\"https:\/\/blog.uclm.es\/antoniolconsuegra\/wp-content\/uploads\/sites\/20\/2018\/05\/FOTO-SINCROTRON.png\"><img loading=\"lazy\" decoding=\"async\" aria-describedby=\"caption-attachment-119\" class=\"size-medium wp-image-119\" src=\"https:\/\/blog.uclm.es\/antoniolconsuegra\/wp-content\/uploads\/sites\/20\/2018\/05\/FOTO-SINCROTRON-300x225.png\" alt=\"\" width=\"300\" height=\"225\" srcset=\"https:\/\/blog.uclm.es\/antoniolconsuegra\/wp-content\/uploads\/sites\/20\/2018\/05\/FOTO-SINCROTRON-300x225.png 300w, https:\/\/blog.uclm.es\/antoniolconsuegra\/wp-content\/uploads\/sites\/20\/2018\/05\/FOTO-SINCROTRON.png 402w\" sizes=\"auto, (max-width: 300px) 100vw, 300px\" \/><\/a><p id=\"caption-attachment-119\" class=\"wp-caption-text\">Foto during experimentation at syncrotron ALBA<\/p><\/div>\n<p>Cat\u00e1lisis heterog\u00e9nea en pel\u00edculas delgadas (Heterogeneous Catalysis on thin films)<\/p>\n<p>Promoci\u00f3n electroqu\u00edmica de catalizadores (efecto NEMCA) (Electrochemical Promotion of Catalysis)<\/p>\n<p>Procesos de producci\u00f3n de Hidr\u00f3geno mediante t\u00e9cnicas de reformado (Hydrogen production from reforming methods)<\/p>\n<p>Electr\u00f3lisis de agua con membranas de intercambio ani\u00f3nico (alkaline exchange membrane water electrolysis cells)<\/p>\n<p>Electr\u00f3lisis y reformado electroqu\u00edmico de alcoholes para producci\u00f3n de Hidr\u00f3geno renovable (electrolysis and electrochemical reforming of alcohols for hydrogen production)<\/p>\n<p>Descomposici\u00f3n catal\u00edtica de amoniaco<\/p>\n<p>Simulaci\u00f3n y estudios de evaluaci\u00f3n energ\u00e9tica y exerg\u00e9tica de procesos qu\u00edmicos (Simulation and exergetic evaluation of Chemical Processes)<\/p>\n","protected":false},"excerpt":{"rendered":"<p>Cat\u00e1lisis heterog\u00e9nea en pel\u00edculas delgadas (Heterogeneous Catalysis on thin films) Promoci\u00f3n electroqu\u00edmica de catalizadores (efecto NEMCA) (Electrochemical Promotion of Catalysis) Procesos de producci\u00f3n de Hidr\u00f3geno mediante t\u00e9cnicas de reformado (Hydrogen production from reforming methods) Electr\u00f3lisis de agua con membranas de intercambio ani\u00f3nico (alkaline exchange membrane water electrolysis cells) Electr\u00f3lisis y reformado electroqu\u00edmico de alcoholes para [&hellip;]<\/p>\n","protected":false},"author":53,"featured_media":0,"parent":0,"menu_order":0,"comment_status":"closed","ping_status":"open","template":"","meta":{"footnotes":""},"class_list":["post-50","page","type-page","status-publish","hentry"],"_links":{"self":[{"href":"https:\/\/blog.uclm.es\/antoniolconsuegra\/wp-json\/wp\/v2\/pages\/50","targetHints":{"allow":["GET"]}}],"collection":[{"href":"https:\/\/blog.uclm.es\/antoniolconsuegra\/wp-json\/wp\/v2\/pages"}],"about":[{"href":"https:\/\/blog.uclm.es\/antoniolconsuegra\/wp-json\/wp\/v2\/types\/page"}],"author":[{"embeddable":true,"href":"https:\/\/blog.uclm.es\/antoniolconsuegra\/wp-json\/wp\/v2\/users\/53"}],"replies":[{"embeddable":true,"href":"https:\/\/blog.uclm.es\/antoniolconsuegra\/wp-json\/wp\/v2\/comments?post=50"}],"version-history":[{"count":1,"href":"https:\/\/blog.uclm.es\/antoniolconsuegra\/wp-json\/wp\/v2\/pages\/50\/revisions"}],"predecessor-version":[{"id":167,"href":"https:\/\/blog.uclm.es\/antoniolconsuegra\/wp-json\/wp\/v2\/pages\/50\/revisions\/167"}],"wp:attachment":[{"href":"https:\/\/blog.uclm.es\/antoniolconsuegra\/wp-json\/wp\/v2\/media?parent=50"}],"curies":[{"name":"wp","href":"https:\/\/api.w.org\/{rel}","templated":true}]}}