{"id":397,"date":"2025-08-23T20:37:12","date_gmt":"2025-08-23T18:37:12","guid":{"rendered":"https:\/\/blog.uclm.es\/andresredondo\/?page_id=397"},"modified":"2025-09-03T21:45:16","modified_gmt":"2025-09-03T19:45:16","slug":"tribunal-de-trabajos-fin-de-estudios","status":"publish","type":"page","link":"https:\/\/blog.uclm.es\/andresredondo\/tribunal-de-trabajos-fin-de-estudios\/","title":{"rendered":"Tribunal de trabajos fin de estudios"},"content":{"rendered":"\n<h2 class=\"wp-block-heading\">Tribunal de trabajos fin de estudios<\/h2>\n\n\n\n<p style=\"font-size:20px\"><strong>Trabajos Fin de Grado<\/strong><\/p>\n\n\n\n<figure class=\"wp-block-table is-style-stripes\" style=\"font-size:10px\"><table><thead><tr><th class=\"has-text-align-left\" data-align=\"left\">Curso<\/th><th>T\u00edtulo del trabajo<\/th><th class=\"has-text-align-center\" data-align=\"center\">Rol<\/th><th class=\"has-text-align-center\" data-align=\"center\">Titulaci\u00f3n<\/th><\/tr><\/thead><tbody><tr><td class=\"has-text-align-left\" data-align=\"left\">2023\/24<\/td><td>CALIDAD DE VIDA EN PACIENTES CON INSUFICIENCIA CARDIACA. PROYECTO DE INVESTIGACI\u00d3N<\/td><td class=\"has-text-align-center\" data-align=\"center\">VOCAL<\/td><td class=\"has-text-align-center\" data-align=\"center\">GRADO EN ENFERMER\u00cdA<\/td><\/tr><tr><td class=\"has-text-align-left\" data-align=\"left\">2023\/24<\/td><td>EFECTIVIDAD DEL EJERCICIO F\u00cdSICO DE INTERVALOS DE ALTA INTENSIDAD EN NI\u00d1OS Y ADOLESCENTES CON OBESIDAD<\/td><td class=\"has-text-align-center\" data-align=\"center\">VOCAL<\/td><td class=\"has-text-align-center\" data-align=\"center\">GRADO EN ENFERMER\u00cdA<\/td><\/tr><tr><td class=\"has-text-align-left\" data-align=\"left\">2023\/24<\/td><td>EFECTIVIDAD DEL PLASMA RICO EN PLAQUETAS EN EL TRATAMIENTO DE \u00daLCERAS DEL PIE DIAB\u00c9TICO: REVISI\u00d3N PARAGUAS<\/td><td class=\"has-text-align-center\" data-align=\"center\">VOCAL<\/td><td class=\"has-text-align-center\" data-align=\"center\">GRADO EN ENFERMER\u00cdA<\/td><\/tr><tr><td class=\"has-text-align-left\" data-align=\"left\">2023\/24<\/td><td>EFECTO DE TERAPIAS BASADAS EN EL MINDFULNESS COMO TRATAMIENTO PARA EL S\u00cdNDROME DE BURNOUT PRESENTADO EN PROFESIONALES DE ENFERMER\u00cdA: UNA REVISI\u00d3N SISTEM\u00c1TICA<\/td><td class=\"has-text-align-center\" data-align=\"center\">VOCAL<\/td><td class=\"has-text-align-center\" data-align=\"center\">GRADO EN ENFERMER\u00cdA<\/td><\/tr><tr><td class=\"has-text-align-left\" data-align=\"left\">2023\/24<\/td><td>EFICACIA DEL SUERO SALINO HIPERT\u00d3NICO EN LA BRONQUIOLITIS VIRAL AGUDA<\/td><td class=\"has-text-align-center\" data-align=\"center\">VOCAL<\/td><td class=\"has-text-align-center\" data-align=\"center\">GRADO EN ENFERMER\u00cdA<\/td><\/tr><tr><td class=\"has-text-align-left\" data-align=\"left\">2023\/24<\/td><td>EFICACIA DEL TRATAMIENTO CON TOXINA BOTUL\u00cdNICA TIPO A EN MIEMBROS INFERIORES EN NI\u00d1OS Y ADOLESCENTES CON PAR\u00c1LISIS CEREBRAL ESP\u00c1STICA: UNA REVISI\u00d3N SISTEM\u00c1TICA<\/td><td class=\"has-text-align-center\" data-align=\"center\">VOCAL<\/td><td class=\"has-text-align-center\" data-align=\"center\">GRADO EN ENFERMER\u00cdA<\/td><\/tr><tr><td class=\"has-text-align-left\" data-align=\"left\">2023\/24<\/td><td>EVALUACI\u00d3N DE ESTRATEGIAS DE PREVENCI\u00d3N DE BACTERIEMIA ASOCIADA AL CAT\u00c9TER VENOSO CENTRAL EN LA UNIDAD DE CUIDADOS INTENSIVOS<\/td><td class=\"has-text-align-center\" data-align=\"center\">VOCAL<\/td><td class=\"has-text-align-center\" data-align=\"center\">GRADO EN ENFERMER\u00cdA<\/td><\/tr><tr><td class=\"has-text-align-left\" data-align=\"left\">2023\/24<\/td><td>EVIDENCIA ACTUAL SOBRE LA EFICACIA Y LA EFICIENCIA DE LA ENFERMER\u00cdA CL\u00cdNICA ESPECIALIZADA EN ENFERMEDAD INFLAMATORIA INTESTINAL: SCOPING REVIEW<\/td><td class=\"has-text-align-center\" data-align=\"center\">VOCAL<\/td><td class=\"has-text-align-center\" data-align=\"center\">GRADO EN ENFERMER\u00cdA<\/td><\/tr><tr><td class=\"has-text-align-left\" data-align=\"left\">2023\/24<\/td><td>INFLUENCIA DEL CONSUMO DE DROGAS EN LAS ENFERMEDADES NEUROL\u00d3GICAS<\/td><td class=\"has-text-align-center\" data-align=\"center\">VOCAL<\/td><td class=\"has-text-align-center\" data-align=\"center\">GRADO EN ENFERMER\u00cdA<\/td><\/tr><tr><td class=\"has-text-align-left\" data-align=\"left\">2023\/24<\/td><td>NECESIDAD DE FORMACI\u00d3N PARA LA IMPLANTACI\u00d3N DE LA T\u00c9CNICA M\u00d6LNDAL EN LA GERENCIA DE ATENCI\u00d3N INTEGRADA DE CIUDAD REAL<\/td><td class=\"has-text-align-center\" data-align=\"center\">VOCAL<\/td><td class=\"has-text-align-center\" data-align=\"center\">GRADO EN ENFERMER\u00cdA<\/td><\/tr><tr><td class=\"has-text-align-left\" data-align=\"left\">2023\/24<\/td><td>PROFILAXIS Y MANEJO DE LA PREECLAMPSIA MEDIANTE EL USO DE ESTATINAS<\/td><td class=\"has-text-align-center\" data-align=\"center\">VOCAL<\/td><td class=\"has-text-align-center\" data-align=\"center\">GRADO EN ENFERMER\u00cdA<\/td><\/tr><tr><td class=\"has-text-align-left\" data-align=\"left\">2023\/24<\/td><td>PRON\u00d3STICO DEL MELANOMA EN RELACI\u00d3N CON EL D\u00c9FICIT DE VITAMINA D: UMBRELLA REVIEW<\/td><td class=\"has-text-align-center\" data-align=\"center\">VOCAL<\/td><td class=\"has-text-align-center\" data-align=\"center\">GRADO EN ENFERMER\u00cdA<\/td><\/tr><tr><td class=\"has-text-align-left\" data-align=\"left\">2023\/24<\/td><td>TRANSFORMACI\u00d3N DIGITAL EN LA ENFERMER\u00cdA: EVALUACI\u00d3N CR\u00cdTICA DEL NIVEL DE COMPETENCIAS DIGITALES EN PROFESIONALES DE ENFERMER\u00cdA<\/td><td class=\"has-text-align-center\" data-align=\"center\">VOCAL<\/td><td class=\"has-text-align-center\" data-align=\"center\">GRADO EN ENFERMER\u00cdA<\/td><\/tr><tr><td class=\"has-text-align-left\" data-align=\"left\">2024\/25<\/td><td>ADAPTACI\u00d3N FAMILIAR EN PACIENTES CON EPILEPSIA: UN ESTUDIO CUALITATIVO SOBRE DIN\u00c1MICAS, ESTRATEGIAS DE AFRONTAMIENTO Y APOYO PSICOSOCIAL<\/td><td class=\"has-text-align-center\" data-align=\"center\">SECRETARIO<\/td><td class=\"has-text-align-center\" data-align=\"center\">GRADO EN ENFERMER\u00cdA<\/td><\/tr><tr><td class=\"has-text-align-left\" data-align=\"left\">2024\/25<\/td><td>AFRONTAMIENTO EN LA FIBROSIS QU\u00cdSTICA: IMPACTO EN LA CALIDAD DE VIDA Y EL BIENESTAR EMOCIONAL<\/td><td class=\"has-text-align-center\" data-align=\"center\">SECRETARIO<\/td><td class=\"has-text-align-center\" data-align=\"center\">GRADO EN ENFERMER\u00cdA<\/td><\/tr><tr><td class=\"has-text-align-left\" data-align=\"left\">2024\/25<\/td><td>COMUNICACI\u00d3N EN LA ATENCI\u00d3N SANITARIA DE NI\u00d1OS CON AUTISMO<\/td><td class=\"has-text-align-center\" data-align=\"center\">PRESIDENTE<\/td><td class=\"has-text-align-center\" data-align=\"center\">GRADO EN ENFERMER\u00cdA<\/td><\/tr><tr><td class=\"has-text-align-left\" data-align=\"left\">2024\/25<\/td><td>CUIDADOS POSTOPERATORIOS DE ENFERMER\u00cdA EN PACIENTES CON DOLOR DE MIEMBRO FANTASMA TRAS AMPUTACI\u00d3N<\/td><td class=\"has-text-align-center\" data-align=\"center\">SECRETARIO<\/td><td class=\"has-text-align-center\" data-align=\"center\">GRADO EN ENFERMER\u00cdA<\/td><\/tr><tr><td class=\"has-text-align-left\" data-align=\"left\">2024\/25<\/td><td>DETERMINANTES DE LOS SISTEMAS SANITARIOS Y SU INFLUENCIA EN EL PERFIL NACIONAL: SISTEMAS EUROPEOS VS SISTEMA ESTADO UNIDENSE<\/td><td class=\"has-text-align-center\" data-align=\"center\">SECRETARIO<\/td><td class=\"has-text-align-center\" data-align=\"center\">GRADO EN ENFERMER\u00cdA<\/td><\/tr><tr><td class=\"has-text-align-left\" data-align=\"left\">2024\/25<\/td><td>EFECTO DE LA ADMINISTRACI\u00d3N DE LA MELATONINA EN PACIENTES CR\u00cdTICOS HOSPITALIZADOS<\/td><td class=\"has-text-align-center\" data-align=\"center\">PRESIDENTE<\/td><td class=\"has-text-align-center\" data-align=\"center\">GRADO EN ENFERMER\u00cdA<\/td><\/tr><tr><td class=\"has-text-align-left\" data-align=\"left\">2024\/25<\/td><td>EFECTO DE LOS PROBI\u00d3TICOS EN LA SINTOMATOLOG\u00cdA DEL TRASTORNO DEPRESIVO MAYOR<\/td><td class=\"has-text-align-center\" data-align=\"center\">SECRETARIO<\/td><td class=\"has-text-align-center\" data-align=\"center\">GRADO EN ENFERMER\u00cdA<\/td><\/tr><tr><td class=\"has-text-align-left\" data-align=\"left\">2024\/25<\/td><td>EFICACIA DE LOS AP\u00d3SITOS PROTECTORES PROFIL\u00c1CTICOS EN LA PREVENCI\u00d3N DE \u00daLCERAS POR PRESI\u00d3N EN PACIENTES EN UNIDADES DE CUIDADOS INTENSIVOS: UNA REVISI\u00d3N SISTEM\u00c1TICA DE ENSAYOS CONTROLADOS ALEATORIZADOS<\/td><td class=\"has-text-align-center\" data-align=\"center\">SECRETARIO<\/td><td class=\"has-text-align-center\" data-align=\"center\">GRADO EN ENFERMER\u00cdA<\/td><\/tr><tr><td class=\"has-text-align-left\" data-align=\"left\">2024\/25<\/td><td>FACTORES PREDICTIVOS DE LA RECUPERACI\u00d3N DE PULSO DURANTE LA PARADA CARDIACA EXTRAHOSPITALARIA. REVISI\u00d3N BIBLIOGR\u00c1FICA<\/td><td class=\"has-text-align-center\" data-align=\"center\">SECRETARIO<\/td><td class=\"has-text-align-center\" data-align=\"center\">GRADO EN ENFERMER\u00cdA<\/td><\/tr><tr><td class=\"has-text-align-left\" data-align=\"left\">2024\/25<\/td><td>IMPACTO DE LA MONITORIZACI\u00d3N RUTINARIA DEL RESIDUO G\u00c1STRICO ANTES DE LA ALIMENTACI\u00d3N EN NEONATOS PREMATUROS: UNA REVISI\u00d3N SISTEM\u00c1TICA<\/td><td class=\"has-text-align-center\" data-align=\"center\">PRESIDENTE<\/td><td class=\"has-text-align-center\" data-align=\"center\">GRADO EN ENFERMER\u00cdA<\/td><\/tr><tr><td class=\"has-text-align-left\" data-align=\"left\">2024\/25<\/td><td>IMPACTO DE LOS SUPLEMENTOS DE VITAMINA D EN LA PREVENCI\u00d3N Y PROGRESI\u00d3N DEL C\u00c1NCER: REVISI\u00d3N SISTEM\u00c1TICA<\/td><td class=\"has-text-align-center\" data-align=\"center\">PRESIDENTE<\/td><td class=\"has-text-align-center\" data-align=\"center\">GRADO EN ENFERMER\u00cdA<\/td><\/tr><tr><td class=\"has-text-align-left\" data-align=\"left\">2024\/25<\/td><td>INFLUENCIA DEL EJERCICIO F\u00cdSICO EN LA CALIDAD DE VIDA RELACIONADA CON LA SALUD Y FACTORES DE RIESGO CARDIOVASCULAR EN ESTUDIANTES UNIVERSITARIOS<\/td><td class=\"has-text-align-center\" data-align=\"center\">SECRETARIO<\/td><td class=\"has-text-align-center\" data-align=\"center\">GRADO EN ENFERMER\u00cdA<\/td><\/tr><tr><td class=\"has-text-align-left\" data-align=\"left\">2024\/25<\/td><td>INFLUENCIA DEL EJERCICIO F\u00cdSICO EN MUJERES CON DIABETES GESTACIONAL: UNA REVISI\u00d3N SISTEM\u00c1TICA DE ENSAYOS CONTROLADOS ALEATORIZADOS<\/td><td class=\"has-text-align-center\" data-align=\"center\">SECRETARIO<\/td><td class=\"has-text-align-center\" data-align=\"center\">GRADO EN ENFERMER\u00cdA<\/td><\/tr><tr><td class=\"has-text-align-left\" data-align=\"left\">2024\/25<\/td><td>INTELIGENCIA ARTIFICIAL EN LA PR\u00c1CTICA CL\u00cdNICA ENFERMERA: VALORACI\u00d3N DEL DOLOR Y OTRAS APLICACIONES<\/td><td class=\"has-text-align-center\" data-align=\"center\">PRESIDENTE<\/td><td class=\"has-text-align-center\" data-align=\"center\">GRADO EN ENFERMER\u00cdA<\/td><\/tr><tr><td class=\"has-text-align-left\" data-align=\"left\">2024\/25<\/td><td>LAS HABILIDADES BLANDAS, \u00abSOFT SKILLS\u00bb O COMPETENCIAS SUAVES EN LA ENFERMER\u00cdA ONCOL\u00d3GICA. PERSPECTIVA DE LA ENFERMERA Y DEL PACIENTE. LIMITACIONES EN SU APLICACI\u00d3N<\/td><td class=\"has-text-align-center\" data-align=\"center\">SECRETARIO<\/td><td class=\"has-text-align-center\" data-align=\"center\">GRADO EN ENFERMER\u00cdA<\/td><\/tr><tr><td class=\"has-text-align-left\" data-align=\"left\">2024\/25<\/td><td>LOS TRASTORNOS DEL SUE\u00d1O EN PACIENTES CON ELA: UNA REVISI\u00d3N SISTEMATIZADA<\/td><td class=\"has-text-align-center\" data-align=\"center\">SECRETARIO<\/td><td class=\"has-text-align-center\" data-align=\"center\">GRADO EN ENFERMER\u00cdA<\/td><\/tr><tr><td class=\"has-text-align-left\" data-align=\"left\">2024\/25<\/td><td>MANEJO DEL DOLOR Y BIENESTAR EMOCIONAL EN CUIDADOS PALIATIVOS: UN ENFOQUE INTEGRAL<\/td><td class=\"has-text-align-center\" data-align=\"center\">SECRETARIO<\/td><td class=\"has-text-align-center\" data-align=\"center\">GRADO EN ENFERMER\u00cdA<\/td><\/tr><tr><td class=\"has-text-align-left\" data-align=\"left\">2024\/25<\/td><td>OXITOCINA Y ESTIMULACI\u00d3N COGNITIVA EN DEMENCIA: IMPLICACIONES NEUROBIOL\u00d3GICAS Y TERAPE\u00daTICAS PARA LA MEJORA DE LA FUNCI\u00d3N COGNITIVA<\/td><td class=\"has-text-align-center\" data-align=\"center\">SECRETARIO<\/td><td class=\"has-text-align-center\" data-align=\"center\">GRADO EN ENFERMER\u00cdA<\/td><\/tr><tr><td class=\"has-text-align-left\" data-align=\"left\">2024\/25<\/td><td>PAPEL DE LA ENFERMER\u00cdA EN LA PREVENCI\u00d3N DE LA VIOLENCIA DE G\u00c9NERO<\/td><td class=\"has-text-align-center\" data-align=\"center\">PRESIDENTE<\/td><td class=\"has-text-align-center\" data-align=\"center\">GRADO EN ENFERMER\u00cdA<\/td><\/tr><\/tbody><\/table><\/figure>\n\n\n\n<p style=\"font-size:20px\"><strong>Trabajos Fin de M\u00e1ster<\/strong><\/p>\n\n\n\n<figure class=\"wp-block-table is-style-stripes\" style=\"font-size:10px\"><table><thead><tr><th class=\"has-text-align-center\" data-align=\"center\">Curso<\/th><th>T\u00edtulo del trabajo<\/th><th class=\"has-text-align-center\" data-align=\"center\">Rol<\/th><th class=\"has-text-align-center\" data-align=\"center\">Titulaci\u00f3n<\/th><\/tr><\/thead><tbody><tr><td class=\"has-text-align-center\" data-align=\"center\">2023\/24<\/td><td>AN\u00c1LISIS RETROSPECTIVO DE LA PRESCRIPCI\u00d3N DE NUTRICI\u00d3N ENTERAL DOMICILIARIA: \u00bfSE EST\u00c1N CUMPLIENDO LOS CRITERIOS DE FINANCIACI\u00d3N?<\/td><td class=\"has-text-align-center\" data-align=\"center\">SECRETARIO<\/td><td class=\"has-text-align-center\" data-align=\"center\">M. INVESTIGACI\u00d3N SOCIOSANITARIA<\/td><\/tr><tr><td class=\"has-text-align-center\" data-align=\"center\">2023\/24<\/td><td>EFECTOS DE LA TERAPIA ASISTIDA CON ANIMALES EN PACIENTES CON TRASTORNOS PSIC\u00d3TICOS: UNA REVISI\u00d3N SISTEM\u00c1TICA<\/td><td class=\"has-text-align-center\" data-align=\"center\">SECRETARIO<\/td><td class=\"has-text-align-center\" data-align=\"center\">M. INVESTIGACI\u00d3N SOCIOSANITARIA<\/td><\/tr><tr><td class=\"has-text-align-center\" data-align=\"center\">2023\/24<\/td><td>INFLUENCIA DE LAS MEDIDAS ANTROPOM\u00c9TRICAS EN MIGRA\u00d1A CR\u00d3NICA: EFECTOS SOBRE FRECUENCIA MENSUAL Y EFICACIA A LOS TRATAMIENTOS PREVENTIVOS<\/td><td class=\"has-text-align-center\" data-align=\"center\">SECRETARIO<\/td><td class=\"has-text-align-center\" data-align=\"center\">M. INVESTIGACI\u00d3N SOCIOSANITARIA<\/td><\/tr><tr><td class=\"has-text-align-center\" data-align=\"center\">2023\/24<\/td><td>INFLUENCIA DEL VOLUMEN Y DEL CITRATO EN LA PERCEPCI\u00d3N DEL DOLOR EN PACIENTES A TRATAMIENTO CON ADALIMUMAB<\/td><td class=\"has-text-align-center\" data-align=\"center\">SECRETARIO<\/td><td class=\"has-text-align-center\" data-align=\"center\">M. INVESTIGACI\u00d3N SOCIOSANITARIA<\/td><\/tr><tr><td class=\"has-text-align-center\" data-align=\"center\">2023\/24<\/td><td>\u00cdNDICE ADIPOSO VISCERAL Y RIGIDEZ ARTERIAL: RESULTADOS DEL ESTUDIO EVASCU Y METAAN\u00c1LISIS<\/td><td class=\"has-text-align-center\" data-align=\"center\">SECRETARIO<\/td><td class=\"has-text-align-center\" data-align=\"center\">M. INVESTIGACI\u00d3N SOCIOSANITARIA<\/td><\/tr><tr><td class=\"has-text-align-center\" data-align=\"center\">2023\/24<\/td><td>NUEVAS FORMAS DE PARENTALIDAD. MADRES SOLAS POR ELECCI\u00d3N. ESTUDIO DE REVISI\u00d3N<\/td><td class=\"has-text-align-center\" data-align=\"center\">SECRETARIO<\/td><td class=\"has-text-align-center\" data-align=\"center\">M. INVESTIGACI\u00d3N SOCIOSANITARIA<\/td><\/tr><tr><td class=\"has-text-align-center\" data-align=\"center\">2023\/24<\/td><td>NUEVO ABORDAJE EN LA MODULACI\u00d3N DE LA MICROBIOTA EN LA PREVENCI\u00d3N DE LA MIGRA\u00d1A CR\u00d3NICA<\/td><td class=\"has-text-align-center\" data-align=\"center\">SECRETARIO<\/td><td class=\"has-text-align-center\" data-align=\"center\">M. INVESTIGACI\u00d3N SOCIOSANITARIA<\/td><\/tr><tr><td class=\"has-text-align-center\" data-align=\"center\">2023\/24<\/td><td>RELACI\u00d3N ENTRE EL USO DE REDES SOCIALES, CONDUCTAS ADICTIVAS A REDES SOCIALES Y PROBLEMAS RELACIONADOS CON EL SUE\u00d1O EN ADOLESCENTES. HALLAZGOS DEL ESTUDIO EHDLA<\/td><td class=\"has-text-align-center\" data-align=\"center\">SECRETARIO<\/td><td class=\"has-text-align-center\" data-align=\"center\">M. INVESTIGACI\u00d3N SOCIOSANITARIA<\/td><\/tr><tr><td class=\"has-text-align-center\" data-align=\"center\">2023\/24<\/td><td>FACTORES QUE INFLUYEN EN LA IMPLEMENTACI\u00d3N DEL MODELO DE ATENCI\u00d3N CENTRADO EN LA PERSONA EN RESIDENCIAS DE LARGA ESTAD\u00cdA PARA PERSONAS CON DEMENCIA<\/td><td class=\"has-text-align-center\" data-align=\"center\">SECRETARIO<\/td><td class=\"has-text-align-center\" data-align=\"center\">M. EN CUIDADOS DE ENFERMER\u00cdA DE LARGA DURACI\u00d3N<\/td><\/tr><tr><td class=\"has-text-align-center\" data-align=\"center\">2023\/24<\/td><td>EVALUACI\u00d3N DEL RIESGO DE ORTOREXIA NERVIOSA EN DEPORTISTAS PROFESIONALES EN COMPARACI\u00d3N CON LA POBLACI\u00d3N GENERA<\/td><td class=\"has-text-align-center\" data-align=\"center\">SECRETARIO<\/td><td class=\"has-text-align-center\" data-align=\"center\">M. EN CUIDADOS DE ENFERMER\u00cdA DE LARGA DURACI\u00d3N<\/td><\/tr><tr><td class=\"has-text-align-center\" data-align=\"center\">2024\/25<\/td><td>EVALUACI\u00d3N DEL CONSUMO Y ADECUACI\u00d3N DEL USO DE ANTIMICROBIANOS EN UNIDADES DE PEDIATR\u00cdA Y NEONATOLOG\u00cdA EN HOSPITALES ESPA\u00d1OLES (PROYECTO PROA-KIDDDS): PROYECTO DE INVESTIGACI\u00d3N EVALUACI\u00d3N DE ANTIMICROBIANOS EN PEDIATR\u00cdA Y NEONATOLOG\u00cdA<\/td><td class=\"has-text-align-center\" data-align=\"center\">PRESIDENTE<\/td><td class=\"has-text-align-center\" data-align=\"center\">M. INVESTIGACI\u00d3N SOCIOSANITARIA<\/td><\/tr><tr><td class=\"has-text-align-center\" data-align=\"center\">2024\/25<\/td><td>IMPACTO DE LA IMPLANTACI\u00d3N DE UN PROGRAMA INTENSIVO DE MONITORIZACI\u00d3N FARMACOCIN\u00c9TICA E INDIVIDUALIZACI\u00d3N POSOL\u00d3GICA DE TACROLIMUS EN TRASPLANTE HEP\u00c1TICO<\/td><td class=\"has-text-align-center\" data-align=\"center\">PRESIDENTE<\/td><td class=\"has-text-align-center\" data-align=\"center\">M. INVESTIGACI\u00d3N SOCIOSANITARIA<\/td><\/tr><tr><td class=\"has-text-align-center\" data-align=\"center\">2024\/25<\/td><td>EPIDEMIOLOG\u00cdA DE LA HEMORRAGIA DIGESTIVA. \u00bfHA CAMBIADO ALGO? UNA PROPUESTA DE INVESTIGACI\u00d3N<\/td><td class=\"has-text-align-center\" data-align=\"center\">PRESIDENTE<\/td><td class=\"has-text-align-center\" data-align=\"center\">M. INVESTIGACI\u00d3N SOCIOSANITARIA<\/td><\/tr><tr><td class=\"has-text-align-center\" data-align=\"center\">2024\/25<\/td><td>PERCEPCIONES DE LOS ADULTOS MAYORES SOBRE LAS CLAVES PARA ALCANZAR UNA JUBILACI\u00d3N EXITOSA<\/td><td class=\"has-text-align-center\" data-align=\"center\">PRESIDENTE<\/td><td class=\"has-text-align-center\" data-align=\"center\">M. INVESTIGACI\u00d3N SOCIOSANITARIA<\/td><\/tr><tr><td class=\"has-text-align-center\" data-align=\"center\">2024\/25<\/td><td>COMPLICACIONES ASOCIADAS AL USO DE ECMO EN TRASLADO INTERHOSPITALARIO: AN\u00c1LISIS DE INCIDENCIA, FACTORES DE RIESGO Y ESTRATEGIAS DE PREVENCI\u00d3N<\/td><td class=\"has-text-align-center\" data-align=\"center\">PRESIDENTE<\/td><td class=\"has-text-align-center\" data-align=\"center\">M. INVESTIGACI\u00d3N SOCIOSANITARIA<\/td><\/tr><tr><td class=\"has-text-align-center\" data-align=\"center\">2024\/25<\/td><td>TRANSFERENCIA DEL BIFOSFONATO ORAL A INTRAVENOSO: MEJORA EN LA SATISFACCI\u00d3N, CALIDAD DE VIDA, ADHERENCIA, SEGURIDAD, FRECUENTACI\u00d3N Y COSTE<\/td><td class=\"has-text-align-center\" data-align=\"center\">PRESIDENTE<\/td><td class=\"has-text-align-center\" data-align=\"center\">M. INVESTIGACI\u00d3N SOCIOSANITARIA<\/td><\/tr><\/tbody><\/table><\/figure>\n\n\n\n<p><\/p>\n","protected":false},"excerpt":{"rendered":"<p>Tribunal de trabajos fin de estudios Trabajos Fin de Grado Curso T\u00edtulo del trabajo Rol Titulaci\u00f3n 2023\/24 CALIDAD DE VIDA EN PACIENTES CON INSUFICIENCIA CARDIACA. PROYECTO DE INVESTIGACI\u00d3N VOCAL GRADO EN ENFERMER\u00cdA 2023\/24 EFECTIVIDAD DEL EJERCICIO F\u00cdSICO DE INTERVALOS DE ALTA INTENSIDAD EN NI\u00d1OS Y ADOLESCENTES CON OBESIDAD VOCAL GRADO EN ENFERMER\u00cdA 2023\/24 EFECTIVIDAD DEL [&hellip;]<\/p>\n","protected":false},"author":363,"featured_media":0,"parent":0,"menu_order":0,"comment_status":"closed","ping_status":"closed","template":"","meta":{"footnotes":""},"class_list":["post-397","page","type-page","status-publish","hentry"],"_links":{"self":[{"href":"https:\/\/blog.uclm.es\/andresredondo\/wp-json\/wp\/v2\/pages\/397","targetHints":{"allow":["GET"]}}],"collection":[{"href":"https:\/\/blog.uclm.es\/andresredondo\/wp-json\/wp\/v2\/pages"}],"about":[{"href":"https:\/\/blog.uclm.es\/andresredondo\/wp-json\/wp\/v2\/types\/page"}],"author":[{"embeddable":true,"href":"https:\/\/blog.uclm.es\/andresredondo\/wp-json\/wp\/v2\/users\/363"}],"replies":[{"embeddable":true,"href":"https:\/\/blog.uclm.es\/andresredondo\/wp-json\/wp\/v2\/comments?post=397"}],"version-history":[{"count":4,"href":"https:\/\/blog.uclm.es\/andresredondo\/wp-json\/wp\/v2\/pages\/397\/revisions"}],"predecessor-version":[{"id":465,"href":"https:\/\/blog.uclm.es\/andresredondo\/wp-json\/wp\/v2\/pages\/397\/revisions\/465"}],"wp:attachment":[{"href":"https:\/\/blog.uclm.es\/andresredondo\/wp-json\/wp\/v2\/media?parent=397"}],"curies":[{"name":"wp","href":"https:\/\/api.w.org\/{rel}","templated":true}]}}