{"id":334,"date":"2022-06-26T06:51:53","date_gmt":"2022-06-26T05:51:53","guid":{"rendered":"https:\/\/blog.uclm.es\/anaisabelmolina\/?page_id=334"},"modified":"2022-06-26T06:51:53","modified_gmt":"2022-06-26T05:51:53","slug":"premios-y-reconocimientos","status":"publish","type":"page","link":"https:\/\/blog.uclm.es\/anaisabelmolina\/investigacion\/premios-y-reconocimientos\/","title":{"rendered":"Premios"},"content":{"rendered":"\n<ul class=\"wp-block-list\"><li><a href=\"https:\/\/iceis.scitevents.org\/PreviousAwards.aspx?y=2021\">Best Paper Award in the Area of Human-Computer Interaction en 22nd International Conference on Enterprise Information Systems (ICEIS 2020<\/a>). Seleccionado por el Comit\u00e9 de Programa del congreso y concedido por el Institute for Systems and Technologies of Information, Control and Communication (INSTICC).<\/li><\/ul>\n\n\n\n<ul class=\"wp-block-list\"><li><a href=\"https:\/\/aipo.es\/actividades\/premios\/premios-jesus-lores\/?pagina=3\">Premio Jes\u00fas Lor\u00e9s a la mejor comunicaci\u00f3n cient\u00edfica en XV International Conference on Human Computer Interaction<\/a> (INTERACCI\u00d3N 2014). Seleccionado por el Comit\u00e9 de Programa del congreso y concedido por la Asociaci\u00f3n Espa\u00f1ola para la Interacci\u00f3n Persona-Ordenador (AIPO).<\/li><\/ul>\n\n\n\n<ul class=\"wp-block-list\"><li>Art\u00edculo cient\u00edfico mejor valorado de la VII Conferencia Espa\u00f1ola de Interacci\u00f3n Persona-Ordenador (INTERACCI\u00d3N 2006). Seleccionado por el Comit\u00e9 de Programa del congreso y concedido por la Asociaci\u00f3n Espa\u00f1ola para la Interacci\u00f3n Persona-Ordenador (AIPO). \u00a0<\/li><\/ul>\n\n\n\n<ul class=\"wp-block-list\"><li><a href=\"https:\/\/aipo.es\/actividades\/premios\/premios-tfgs\/\">Premio al mejor Trabajo Fin de Grado en el 6\u00ba Concurso de Trabajos Final de Grado (TFG) y Trabajos Final de M\u00e1ster (TFM) en IPO<\/a>, convocado por <a href=\"https:\/\/aipo.es\/\">AIPO<\/a>. STOPMiedo: Una herramienta para ayudar a pacientes que sufren amaxofobia. Alumno: Sergio G\u00f3nz\u00e1lez Vel\u00e1zquez, Universidad de Castilla-La Mancha. Tutores: Ana Isabel Molina D\u00edaz, Iv\u00e1n Gonz\u00e1lez D\u00edaz<\/li><\/ul>\n\n\n\n<ul class=\"wp-block-list\"><li><a href=\"http:\/\/www2.ual.es\/jenui2016\/sesionesJENUI2016.php\">Candidato a Best Paper en las XXII Jornadas sobre la Ense\u00f1anza Universitaria de la Inform\u00e1tica (JENUI 2016)<\/a>.<\/li><\/ul>\n\n\n\n<ul class=\"wp-block-list\"><li>Candidato a Best Paper en las XXVI Jornadas sobre la Ense\u00f1anza Universitaria de la Inform\u00e1tica (<a href=\"https:\/\/jenui2020.uv.es\/\" data-type=\"URL\" data-id=\"https:\/\/jenui2020.uv.es\/\">JENUI 2020<\/a>).<\/li><\/ul>\n","protected":false},"excerpt":{"rendered":"<p>Best Paper Award in the Area of Human-Computer Interaction en 22nd International Conference on Enterprise Information Systems (ICEIS 2020). Seleccionado por el Comit\u00e9 de Programa del congreso y concedido por el Institute for Systems and Technologies of Information, Control and &hellip; <a href=\"https:\/\/blog.uclm.es\/anaisabelmolina\/investigacion\/premios-y-reconocimientos\/\">Sigue leyendo <span class=\"meta-nav\">&rarr;<\/span><\/a><\/p>\n","protected":false},"author":68,"featured_media":0,"parent":40,"menu_order":5,"comment_status":"closed","ping_status":"closed","template":"","meta":{"footnotes":""},"class_list":["post-334","page","type-page","status-publish","hentry"],"_links":{"self":[{"href":"https:\/\/blog.uclm.es\/anaisabelmolina\/wp-json\/wp\/v2\/pages\/334","targetHints":{"allow":["GET"]}}],"collection":[{"href":"https:\/\/blog.uclm.es\/anaisabelmolina\/wp-json\/wp\/v2\/pages"}],"about":[{"href":"https:\/\/blog.uclm.es\/anaisabelmolina\/wp-json\/wp\/v2\/types\/page"}],"author":[{"embeddable":true,"href":"https:\/\/blog.uclm.es\/anaisabelmolina\/wp-json\/wp\/v2\/users\/68"}],"replies":[{"embeddable":true,"href":"https:\/\/blog.uclm.es\/anaisabelmolina\/wp-json\/wp\/v2\/comments?post=334"}],"version-history":[{"count":0,"href":"https:\/\/blog.uclm.es\/anaisabelmolina\/wp-json\/wp\/v2\/pages\/334\/revisions"}],"up":[{"embeddable":true,"href":"https:\/\/blog.uclm.es\/anaisabelmolina\/wp-json\/wp\/v2\/pages\/40"}],"wp:attachment":[{"href":"https:\/\/blog.uclm.es\/anaisabelmolina\/wp-json\/wp\/v2\/media?parent=334"}],"curies":[{"name":"wp","href":"https:\/\/api.w.org\/{rel}","templated":true}]}}