{"id":287,"date":"2022-06-26T05:56:42","date_gmt":"2022-06-26T04:56:42","guid":{"rendered":"https:\/\/blog.uclm.es\/anaisabelmolina\/?page_id=287"},"modified":"2025-06-04T05:09:35","modified_gmt":"2025-06-04T05:09:35","slug":"gestion","status":"publish","type":"page","link":"https:\/\/blog.uclm.es\/anaisabelmolina\/gestion\/","title":{"rendered":"Gesti\u00f3n"},"content":{"rendered":"\n<ul class=\"wp-block-list\">\n<li><a href=\"https:\/\/esi.uclm.es\/index.php\/personal\/equipo-de-gobierno\/\">Coordinadora de la Intensificaci\u00f3n de Tecnolog\u00edas de la Informaci\u00f3n del Grado en Ingenier\u00eda Inform\u00e1tica<\/a>. Escuela Superior de Inform\u00e1tica de la Universidad de Castilla \u2013 La Mancha. Universidad de Castilla \u2013 La Mancha. Desde el 1 de diciembre de 2014 hasta la fecha.<\/li>\n\n\n\n<li>Coordinadora del <a href=\"https:\/\/www.uclm.es\/estudios\/doctorados\/tecnologias-informaticas-avanzadas\">Programa de Doctorado en Tecnolog\u00edas Inform\u00e1tica Avanzadas (DTIA)<\/a> en Ciudad Real. Universidad de Castilla \u2013 La Mancha.&nbsp;Desde mayo de 2023 hasta junio de 2024.<\/li>\n\n\n\n<li>Secretaria Acad\u00e9mica de la Comisi\u00f3n de Doctorado y Adjunta a la coordinadora del <a href=\"https:\/\/www.uclm.es\/estudios\/doctorados\/tecnologias-informaticas-avanzadas\">Programa de Doctorado en Tecnolog\u00edas Inform\u00e1tica Avanzadas (DTIA)<\/a> en Ciudad Real. Universidad de Castilla \u2013 La Mancha.&nbsp;Desde de abril de 2022 hasta mayo de 2023.<\/li>\n\n\n\n<li>Subdirectora del <a href=\"https:\/\/www.uclm.es\/departamentos\/dtsi\">Departamento de Tecnolog\u00edas y Sistemas de Informaci\u00f3n<\/a>. Escuela Superior de Inform\u00e1tica de Ciudad Real. Universidad de Castilla \u2013 La Mancha. Desde abril de 2010 hasta abril de 2012.<\/li>\n<\/ul>\n","protected":false},"excerpt":{"rendered":"","protected":false},"author":68,"featured_media":0,"parent":0,"menu_order":6,"comment_status":"closed","ping_status":"closed","template":"","meta":{"footnotes":""},"class_list":["post-287","page","type-page","status-publish","hentry"],"_links":{"self":[{"href":"https:\/\/blog.uclm.es\/anaisabelmolina\/wp-json\/wp\/v2\/pages\/287","targetHints":{"allow":["GET"]}}],"collection":[{"href":"https:\/\/blog.uclm.es\/anaisabelmolina\/wp-json\/wp\/v2\/pages"}],"about":[{"href":"https:\/\/blog.uclm.es\/anaisabelmolina\/wp-json\/wp\/v2\/types\/page"}],"author":[{"embeddable":true,"href":"https:\/\/blog.uclm.es\/anaisabelmolina\/wp-json\/wp\/v2\/users\/68"}],"replies":[{"embeddable":true,"href":"https:\/\/blog.uclm.es\/anaisabelmolina\/wp-json\/wp\/v2\/comments?post=287"}],"version-history":[{"count":6,"href":"https:\/\/blog.uclm.es\/anaisabelmolina\/wp-json\/wp\/v2\/pages\/287\/revisions"}],"predecessor-version":[{"id":521,"href":"https:\/\/blog.uclm.es\/anaisabelmolina\/wp-json\/wp\/v2\/pages\/287\/revisions\/521"}],"wp:attachment":[{"href":"https:\/\/blog.uclm.es\/anaisabelmolina\/wp-json\/wp\/v2\/media?parent=287"}],"curies":[{"name":"wp","href":"https:\/\/api.w.org\/{rel}","templated":true}]}}