{"id":90,"date":"2017-01-19T19:47:54","date_gmt":"2017-01-19T18:47:54","guid":{"rendered":"http:\/\/blog.uclm.es\/amariaortiz\/?page_id=90"},"modified":"2023-04-27T11:45:34","modified_gmt":"2023-04-27T11:45:34","slug":"publicaciones","status":"publish","type":"page","link":"https:\/\/blog.uclm.es\/amariaortiz\/publicaciones\/","title":{"rendered":"Publicaciones"},"content":{"rendered":"<p><strong>Publicaciones en los \u00faltimos cinco a\u00f1os:<\/strong><\/p>\n<p>De la pr\u00e1ctica a la teor\u00eda: sobre el (des-)conocimiento de la elaboraci\u00f3n del resumen en los futuros maestros. Cano Vela, A. G. &amp; Ortiz Ballesteros, A. M. En Becerra, M. (coord.). <em>La educaci\u00f3n lectora: ciencia para la sociedad<\/em> (2023). Octaedro.<a href=\"https:\/\/octaedro.com\/libro\/la-educacion-lectora-ciencia-para-la-sociedad\/\">La educaci\u00f3n lectora: ciencia para la sociedad | Editorial Octaedro<\/a><\/p>\n<p>Reescrituras del Cancionero popular infantil desde la perspectiva de g\u00e9nero: contribuci\u00f3n de <em>Once damas atrevidas<\/em> y <em>Teresa la princesa<\/em> a la educaci\u00f3n literaria. Ortiz Ballesteros, A. M. &amp; G\u00f3mez Rubio, G., <em>Didacticae<\/em>, 2023. <a href=\"https:\/\/revistes.ub.edu\/index.php\/didacticae\/article\/view\/40041\">Reescrituras del Cancionero popular infantil desde la perspectiva de g\u00e9nero: contribuci\u00f3n de Once damas atrevidas y Teresa la princesa a la educaci\u00f3n literaria | Didacticae: Revista de Investigaci\u00f3n en Did\u00e1cticas Espec\u00edficas (ub.edu)<\/a><\/p>\n<p>Tradici\u00f3n y modernidad en la producci\u00f3n infantil de Vs\u00e8volod Garshin. <em>\u00c1labe<\/em>, 2023. <a href=\"https:\/\/ojs.ual.es\/ojs\/index.php\/alabe\/article\/view\/7898\">Tradici\u00f3n y modernidad en la producci\u00f3n infantil de Vs\u00e9volod Garshin: una lectura de La rana viajera como antif\u00e1bula | Alabe Revista de Investigaci\u00f3n sobre Lectura y Escritura (ual.es)<\/a><\/p>\n<p>La mano que cuida los versos: mujeres escritoras en las antolog\u00edas po\u00e9ticas infantiles (2000-2020).\u00a0 G\u00f3mez Rubio, G. &amp; Ortiz Ballesteros, A. M.<em> Lenguaje y Textos<\/em>, 2022. <a href=\"https:\/\/polipapers.upv.es\/index.php\/lyt\/article\/view\/18765\">La mano que cuida los versos: mujeres escritoras en las antolog\u00edas po\u00e9ticas infantiles (2000-2020) | Lenguaje y Textos (upv.es)<\/a><\/p>\n<p>Julia de Asensi (1849-1921) o la modestia de <em>contar<\/em>&#8230; literatura infantil y juvenil. En Sanmart\u00edn, Rosa y Manaut, Estela (coords.) (2022) <em>Creadoras<\/em>. Editorial Lastura.<\/p>\n<p>La literatura infantil y juvenil de autor en los libros de texto de Educaci\u00f3n Primaria. G\u00f3mez Rubio, G., &amp; Ortiz Ballesteros, A. M. <em>Ogigia: revista electr\u00f3nica de estudios hisp\u00e1nicos<\/em>, 31, 2022.\u00a0<a href=\"https:\/\/revistas.uva.es\/index.php\/ogigia\/article\/view\/5407\/4720\">https:\/\/revistas.uva.es\/index.php\/ogigia\/article\/view\/5407\/4720<\/a><\/p>\n<p>De anciana avariciosa a joven emprendedora: la evoluci\u00f3n del personaje femenino en las reescrituras infantiles de <em>La lechera<\/em>. <em>AILIJ<\/em> 19, 2021.<a href=\"https:\/\/revistas.webs.uvigo.es\/index.php\/AILIJ\/article\/view\/3712\">https:\/\/revistas.webs.uvigo.es\/index.php\/AILIJ\/article\/view\/3712<\/a><\/p>\n<p><em>Contornos de la poes\u00eda infantil y juvenil actual<\/em>. Ortiz Ballesteros, A. M. y G\u00f3mez Rubio, G. (Coord.). Ediciones de la UCLM (Arcadia). 2021.<a href=\"https:\/\/books.google.es\/books\/about\/Contornos_de_la_poes%C3%ADa_infantil_y_juven.html?id=LIBSEAAAQBAJ&amp;printsec=frontcover&amp;source=kp_read_button&amp;hl=es&amp;redir_esc=y#v=onepage&amp;q&amp;f=false\">https:\/\/books.google.es\/books\/about\/Contornos_de_la_poes%C3%ADa_infantil_y_juven.html?id=LIBSEAAAQBAJ&amp;printsec=frontcover&amp;source=kp_read_button&amp;hl=es&amp;redir_esc=y#v=onepage&amp;q&amp;f=false<\/a><\/p>\n<p>El teatro para la infancia y la juventud en los m\u00e1rgenes de un territorio inexplorado. G\u00f3mez Rubio, G., &amp; Ortiz Ballesteros, A. M. (Coord.). <i>Tal\u00eda. Revista De Estudios Teatrales<\/i>,\u00a0<i>2<\/i>, 1-3. 2020.\u00a0<a href=\"https:\/\/revistas.ucm.es\/index.php\/TRET\/article\/view\/70369\">https:\/\/revistas.ucm.es\/index.php\/TRET\/article\/view\/70369<\/a><\/p>\n<p>La intertextualidad en la revistas cient\u00edficas de Did\u00e1ctica de la lengua y la literatura. <em>Tejuelo<\/em>, 32.\u00a0<a href=\"https:\/\/mascvuex.unex.es\/revistas\/index.php\/tejuelo\/article\/view\/3681\">https:\/\/mascvuex.unex.es\/revistas\/index.php\/tejuelo\/article\/view\/3681<\/a><\/p>\n<p><em>Formar y transformar: Lengua castellana y literatura en ESO y Bachillerato. Propuestas para el aula.<\/em> Coord. junto a \u00c1ngel G. Cano. Barcelona: Octaedro, 2019.\u00a0<a href=\"https:\/\/octaedro.com\/libro\/formar-y-transformar-lengua-castellana-y-literatura-en-eso-y-bachillerato\/\">https:\/\/octaedro.com\/libro\/formar-y-transformar-lengua-castellana-y-literatura-en-eso-y-bachillerato\/<\/a><\/p>\n<p>Intertextualidades populares: <em>Caer\u00e1 la azuela<\/em>&#8230;y su relaci\u00f3n con los tipos ATU1430 y ATU1450. <em>Paremia<\/em> (27), 2018. <a href=\"https:\/\/cvc.cervantes.es\/lengua\/paremia\/pdf\/027\/006_ortiz_ballesteros.pdf\">https:\/\/cvc.cervantes.es\/lengua\/paremia\/pdf\/027\/006_ortiz_ballesteros.pdf<\/a><br \/>Historias de siempre para lectores de hoy. La recepci\u00f3n infantil de la f\u00e1bula la tortuga y los patos. <em>ANILIJ<\/em> (16), 2018.<br \/>La tortuga y las aves: fusi\u00f3n y confusi\u00f3n de dos f\u00e1bulas de origen diverso. <em>Revista Hesperia<\/em>, XXI-I, 2018.<br \/>Versiones, traducciones y recepci\u00f3n del tipo ATU1450: <em>Die Kluge Else<\/em> de los hermanos Grimm; <em>Tropel\u00edas<\/em> <a href=\"https:\/\/doi.org\/10.26754\/ojs_tropelias\/tropelias.2018302196\">https:\/\/doi.org\/10.26754\/ojs_tropelias\/tropelias.2018302196<\/a><\/p>\n<p><strong>Hist\u00f3rico:<\/strong><\/p>\n<p><a href=\"https:\/\/blog.uclm.es\/amariaortiz\/wp-content\/uploads\/sites\/58\/2019\/05\/Practicas-de-lectura-digital.pdf\">Pr\u00e1cticas de lectura digital en alumnos del Grado de Maestro<\/a>. (En col. con \u00c1ngel G. Cano). En <em>Evaluaci\u00f3n de la competencia digital docente<\/em>, Rafael Sumozas y Esther Nieto (Coords.). Madrid: S\u00edntesis, 2017<\/p>\n<p>La Segunda Guerra Mundial en la LIJ espa\u00f1ola a partir de los a\u00f1os 90. (En col. con Jos\u00e9 V. Salido). <em>Literatura infantil y juvenil con fondo gris: muerte, naufragios, guerras y desastres<\/em>. M\u00fcnchen: Iudicium, 2016, pp. 249-270.<\/p>\n<p>Otra literatura intercultural: propuestas desde la intertextualidad, la literatura comparada<br \/>y el motivo AT1430 castillos en el aire. (En col. con Gema G\u00f3mez). En Antonio Mediavilla y otros (eds.). <a href=\"http:\/\/hdl.handle.net\/10045\/64918\">Aprendizajes pluriling\u00fces y literarios. Nuevos enfoques did\u00e1cticos<\/a>. Alicante: Universidad de Alicante, 2016, pp. 187-197.<\/p>\n<p>Actualizaci\u00f3n did\u00e1ctica de las f\u00e1bulas. Revista <em>Lectura y Signo<\/em>: <a href=\"http:\/\/revpubli.unileon.es\/index.php\/LectSigno\/article\/view\/2654\">http:\/\/revpubli.unileon.es\/index.php\/LectSigno\/article\/view\/2654<\/a><br \/>El derecho de los j\u00f3venes a \u00abno leer\u00bb <em>El Quijote<\/em>: <a href=\"https:\/\/www.revista.uclm.es\/index.php\/ocnos\/article\/view\/ocnos_2005.01.05\">Revista Ocnos<\/a><br \/>Literatura juvenil y tradici\u00f3n literaria: <em>Los zapatos de Murano<\/em>: <a href=\"http:\/\/www.cervantesvirtual.com\/obra-visor\/literatura-juvenil-y-tradicion-literaria-los-zapatos-de-murano\/html\/43b21254-a101-11e1-b1fb-00163ebf5e63_2.html\">Cervantes Virtual<\/a><br \/>Nuevos castillos en el aire (AT1430): lecturas y reescrituras del cuento de la lechera: <a href=\"https:\/\/digilec.udc.es\/files\/Articulo-1.pdf\">Digilec<\/a><br \/>Preparar para <em>El Quijote<\/em>: aportaciones de la narrativa juvenil espa\u00f1ola: <a href=\"https:\/\/blog.uclm.es\/amariaortiz\/wp-content\/uploads\/sites\/58\/2017\/01\/prepararelquijote.pdf\">prepararelquijote<\/a><br \/><em>Edad Media y literatura juvenil: Recursos para el aula (I)<\/em>. Incluye una primera parte te\u00f3rica y una segunda con Propuestas sobre:<br \/><em>Finis Mundi<\/em>, de Laura Gallego.<br \/><em>El vuelo de las cig\u00fce\u00f1as<\/em>, de Mar\u00eda Isabel Molina.<br \/><a href=\"https:\/\/blog.uclm.es\/amariaortiz\/wp-content\/uploads\/sites\/58\/2019\/05\/El-senor-del-cero.pdf\"><em>El se\u00f1or del cero<\/em><\/a>, de Mar\u00eda Isabel Molina.<br \/>Atribuciones al conde de Salinas: <a>AISO<\/a><\/p>\n\n\n<p><\/p>\n","protected":false},"excerpt":{"rendered":"<p>Publicaciones en los \u00faltimos cinco a\u00f1os: De la pr\u00e1ctica a la teor\u00eda: sobre el (des-)conocimiento de la elaboraci\u00f3n del resumen en los futuros maestros. Cano Vela, A. G. &amp; Ortiz Ballesteros, A. M. En Becerra, M. (coord.). La educaci\u00f3n lectora: ciencia para la sociedad (2023). Octaedro.La educaci\u00f3n lectora: ciencia para la sociedad | Editorial Octaedro [&hellip;]<\/p>\n","protected":false},"author":93,"featured_media":0,"parent":0,"menu_order":0,"comment_status":"closed","ping_status":"closed","template":"","meta":{"footnotes":""},"class_list":["post-90","page","type-page","status-publish","hentry"],"_links":{"self":[{"href":"https:\/\/blog.uclm.es\/amariaortiz\/wp-json\/wp\/v2\/pages\/90","targetHints":{"allow":["GET"]}}],"collection":[{"href":"https:\/\/blog.uclm.es\/amariaortiz\/wp-json\/wp\/v2\/pages"}],"about":[{"href":"https:\/\/blog.uclm.es\/amariaortiz\/wp-json\/wp\/v2\/types\/page"}],"author":[{"embeddable":true,"href":"https:\/\/blog.uclm.es\/amariaortiz\/wp-json\/wp\/v2\/users\/93"}],"replies":[{"embeddable":true,"href":"https:\/\/blog.uclm.es\/amariaortiz\/wp-json\/wp\/v2\/comments?post=90"}],"version-history":[{"count":7,"href":"https:\/\/blog.uclm.es\/amariaortiz\/wp-json\/wp\/v2\/pages\/90\/revisions"}],"predecessor-version":[{"id":416,"href":"https:\/\/blog.uclm.es\/amariaortiz\/wp-json\/wp\/v2\/pages\/90\/revisions\/416"}],"wp:attachment":[{"href":"https:\/\/blog.uclm.es\/amariaortiz\/wp-json\/wp\/v2\/media?parent=90"}],"curies":[{"name":"wp","href":"https:\/\/api.w.org\/{rel}","templated":true}]}}