{"id":35,"date":"2018-09-25T08:43:51","date_gmt":"2018-09-25T07:43:51","guid":{"rendered":"http:\/\/blog.uclm.es\/aliciavalmana\/?page_id=35"},"modified":"2025-02-13T11:13:54","modified_gmt":"2025-02-13T10:13:54","slug":"sitios-favoritos","status":"publish","type":"page","link":"https:\/\/blog.uclm.es\/aliciavalmana\/sitios-favoritos\/","title":{"rendered":"Sitios Favoritos"},"content":{"rendered":"\n<figure class=\"wp-block-image size-full\"><img loading=\"lazy\" decoding=\"async\" width=\"207\" height=\"203\" src=\"https:\/\/blog.uclm.es\/aliciavalmana\/wp-content\/uploads\/sites\/141\/2018\/09\/DSCN1154.jpg\" alt=\"\" class=\"wp-image-343\" \/><\/figure>\n\n\n<p>Mundo Cl\u00e1sico:<\/p>\n<p style=\"font-weight: 400\"><strong><em>&#8211; Im\u00e1genes: <\/em><\/strong><\/p>\n<p style=\"font-weight: 400\">\u00a0<a href=\"http:\/\/catholic-resources.org\/AncientRome\/\" target=\"_blank\" rel=\"noopener\">http:\/\/catholic-resources.org\/AncientRome\/ <\/a>\u00a0 Ancient Rome: Imagines and Pictures.<\/p>\n<p style=\"font-weight: 400\"><a href=\"http:\/\/www.rassegna.unibo.it\/archguid.html\" target=\"_blank\" rel=\"noopener\"> http:\/\/www.rassegna.unibo.it\/archguid.html<\/a>: Archeologia e immagini: guida. P\u00e1gina de Alessandro Cristofori<\/p>\n<p style=\"font-weight: 400\">que contiene, a su vez, enlaces a otras p\u00e1ginas<\/p>\n<p style=\"font-weight: 400\"><a href=\"http:\/\/www.capitolium.org\/ita\/virtuale\/virtuale.htm\" target=\"_blank\" rel=\"noopener\"> http:\/\/www.capitolium.org\/ita\/virtuale\/virtuale.htm<\/a>. Im\u00e1genes de la Roma antigua. Ofrece una visita virtual.<\/p>\n<p style=\"font-weight: 400\"><strong><em> &#8211; P\u00e1ginas:<\/em><\/strong><\/p>\n<p style=\"font-weight: 400\"><a href=\"http:\/\/mujeresenelsaeculumaugustum.blogspot.com.es\/\" target=\"_blank\" rel=\"noopener\"> http:\/\/mujeresenelsaeculumaugustum.blogspot.com.es\/<\/a> Blog mantenido por el Profesor Jaime Vizca\u00edno (Universidad de Murcia) en el que se informa de las actividades de IURA, RvB, grupo interuniversitario que re\u00fane, adem\u00e1s de sus miembros, a colaboradores de distintas disciplinas y nacionalidades. M\u00e1s informaci\u00f3n sobre Iura, en nuestra pesta\u00f1a del men\u00fa.<\/p>\n<p><a href=\"https:\/\/fundacionpastor.es\/\">Fundaci\u00f3n Pastor de Estudios Cl\u00e1sicos (fundacionpastor.es) <\/a>La Fundaci\u00f3n Pastor de Estudios Cl\u00e1sicos es una entidad privada sin \u00e1nimo de lucro de car\u00e1cter ben\u00e9fico-docente, dedicada a promover en Espa\u00f1a los estudios sobre las fuentes greco-romanas de la civilizaci\u00f3n occidental en todos sus aspectos. Muy interesante por los cursos y seminarios que organiza, publicaciones y premios.<\/p>\n<p style=\"font-weight: 400\"><a href=\"http:\/\/www.liceus.com\/cgi-bin\/aco\/\" target=\"_blank\" rel=\"noopener\">http:\/\/www.liceus.com\/cgi-bin\/aco\/<\/a> Dentro del portal Liceus se encuentra la Biblioteca Virtual e-excellence en la que se pueden encontrar art\u00edculos de profesores universitarios sobre temas relacionados con las Humanidades. Para el mundo cl\u00e1sico hay que pinchar en la secci\u00f3n Cultura y Filolog\u00edas Cl\u00e1sicas. Resulta muy interesante para buscar informaci\u00f3n especializada pero asequible para los alumnos. Los art\u00edculos se descargan por 1 o 2 euros.<\/p>\n<p style=\"font-weight: 400\"><a href=\"http:\/\/www.estudiosclasicos.org\/\" target=\"_blank\" rel=\"noopener\"> http:\/\/www.estudiosclasicos.org\/<\/a>: P\u00e1gina de la Sociedad Espa\u00f1ola de Estudios Cl\u00e1sicos. Mundo Romano y Heleno en general.<\/p>\n<p style=\"font-weight: 400\"><a href=\"http:\/\/clasicas.usal.es\/portal_recursos\/\" target=\"_blank\" rel=\"noopener\"> http:\/\/clasicas.usal.es\/portal_recursos\/<\/a>\u00a0 interesante por los v\u00ednculos relacionados con la cultura cl\u00e1sica.<\/p>\n<p style=\"font-weight: 400\"><u> <a href=\"http:\/\/www.fordham.edu\/halsall\/ancient\/asbook-law.asp#Rome\" target=\"_blank\" rel=\"noopener\"> http:\/\/www.fordham.edu\/halsall\/ancient\/asbook-law.asp#Rome<\/a> <\/u> \u00a0\u201cAncient History Sourcebook\u201d Se trata de una combinaci\u00f3n entre enlaces con otras webs y material propio. El resultado es una no muy extensa selecci\u00f3n de textos, si bien, a diferencia de otras p\u00e1ginas, \u00e9sta ofrece como novedad el hacerlo por etapas y contenidos. Algunos de ellos brevemente introducidos, se ofrece directamente la traducci\u00f3n. En general lo m\u00e1s interesante es que, a efectos did\u00e1cticos, el contenido parte de una visi\u00f3n introductoria hasta el final del ciclo romano, incluyendo apartados espec\u00edficos como \u201cEsclavitud\u201d, \u201cEj\u00e9rcito\u201d, etc. La p\u00e1gina comprende otras civilizaciones antiguas.<\/p>\n<p>Fuentes literarias y jur\u00eddicas<\/p>\n<p style=\"font-weight: 400\"><a href=\"http:\/\/www.tlg.uci.edu\/index\/resources.html\" target=\"_blank\" rel=\"noopener\">http:\/\/www.tlg.uci.edu\/index\/resources.html<\/a> \u00a0 Muy interesantes los links que ofrecen.<\/p>\n<p style=\"font-weight: 400\"><a href=\"http:\/\/www.thelatinlibrary.com\/\" target=\"_blank\" rel=\"noopener\"> http:\/\/www.thelatinlibrary.com\/<\/a>: Muy buena y completa para la consulta de fuentes, por el n\u00famero de obras que se incluyen, textos completos y sin traducci\u00f3n. Muy interesante la selecci\u00f3n de enlaces relacionados con el mundo cl\u00e1sico en general.<\/p>\n<p style=\"font-weight: 400\"><a href=\"http:\/\/www.perseus.tufts.edu\/cgi-bin\/perscoll?type=text\" target=\"_blank\" rel=\"noopener\"> http:\/\/www.perseus.tufts.edu\/cgi-bin\/perscoll?type=text<\/a>\u00a0 Tabla de contenidos donde entras en la ampl\u00edsima selecci\u00f3n de textos y herramientas \u2013valios\u00edsimas- de todo tipo: Gram\u00e1tica, morfolog\u00eda, diccionario, frecuencia de palabras en el mismo y otros autores, con referencias no s\u00f3lo al texto, sino con enlace al texto mismo. Interesant\u00edsimo, no s\u00f3lo los textos, sino las llamadas \u201cfuentes secundarias\u201d y el museo de fotograf\u00edas. Salvo que se tenga muy claro lo que se quiere, conviene echar un vistazo primero a la Ayuda de Tabla de Contenidos porque es donde realmente te das cuenta de la cantidad de opciones que permite. En \u00a0<a href=\"http:\/\/www.perseus.tufts.edu\/cache\/perscoll_Greco-Roman.html\" target=\"_blank\" rel=\"noopener\">http:\/\/www.perseus.tufts.edu\/cache\/perscoll_Greco-Roman.html<\/a>, se entra ya en el ampl\u00edsimo repertorio de fuentes literarias. Textos. P\u00e1gina de inicio:\u00a0 <a href=\"http:\/\/www.perseus.tufts.edu\/\" target=\"_blank\" rel=\"noopener\"> http:\/\/www.perseus.tufts.edu<\/a>, por la que quiz\u00e1 sea recomendable empezar, para hacerse una idea clara de lo que la p\u00e1gina permite.<\/p>\n<p style=\"font-weight: 400\"><a href=\"http:\/\/www.intratext.com\/\" target=\"_blank\" rel=\"noopener\">http:\/\/www.intratext.com<\/a> Muy completa esta p\u00e1gina de la que nos interesa sobre todo las fuentes literarias latinas. Ofrece s\u00f3lo el texto latino pero es una selecci\u00f3n de obras y autores muy buena y completa; resulta especialmente interesante las concordancias de palabras. Se puede consultar en espa\u00f1ol la gu\u00eda de utilizaci\u00f3n de la p\u00e1gina, lo cual es importante porque tiene bastantes herramientas para poder usar.<\/p>\n<p>Derecho Romano<\/p>\n<p style=\"font-weight: 400\"><a href=\"http:\/\/www.ridrom.uclm.es\/\">REVISTA INTERNACIONAL DE DERECHO ROMANO-INDEX<\/a>\u00a0Editada por la Facultad de Derecho y Ciencias Sociales de Ciudad Real de la Universidad de castilla-La Mancha, la primera serie abarca los 27 primeros n\u00fameros (desde el 2008 hasta octubre de 2021) y desde el n\u00famero 28 (abril de 2022), debe consultarse en el siguiente enlace <a href=\"https:\/\/reunido.uniovi.es\/index.php\/ridrom\">RIDROM. Revista Internacional de Derecho Romano (uniovi.es)<\/a>. A lo largo de estos a\u00f1os, se ha convertido en una revista de referencia entre los especialistas de Derecho Romano. Tambi\u00e9n hay enlace directo a trav\u00e9s del men\u00fa.<\/p>\n<p style=\"font-weight: 400\"><a href=\"https:\/\/www.iustel.com\/v2\/revistas\/detalle_revista.asp?id=11&amp;z=5\">Revista General de Derecho Romano (iustel.com)<\/a> Es una p\u00e1gina muy completa sobre distintos campos del saber jur\u00eddico. El dedicado al Derecho Romano interesa por dos secciones: la primera, \u201cBase del conocimiento jur\u00eddico\u201d y la segunda \u201cRevista general de Derecho Romano\u201d. Entrando en la primera podemos observar c\u00f3mo se ha dividido los grandes apartados de estudio dentro del Derecho Romano y se nos presentan en \u201cLecciones\u201d elaboradas por distintos profesores de Derecho Romano. Este apartado es, en general, asequible para los alumnos y una buena fuente de informaci\u00f3n. El segundo apartado: \u201cRevista&#8230;\u201des m\u00e1s t\u00e9cnica: en ella encontramos art\u00edculos doctrinales que, en su mayor parte son de m\u00e1s dif\u00edcil comprensi\u00f3n para el alumno de primero; no obstante alguno de ellos puede resultar\u00a0 interesante a la hora de ampliar conocimientos. No es revista en abierto<\/p>\n<p style=\"font-weight: 400\"><a href=\"http:\/\/www.dirittoestoria.it\/\" target=\"_blank\" rel=\"noopener\"> http:\/\/www.dirittoestoria.it\/<\/a>: \u201cRivista Internazionale di Sciencie Giuridice e Tradizione Romana\u201d La revista ofrece dos apartados fundamentales por lo que a nosotros nos interesa: \u201cIus Antiquum\u201d que es una revista rusa abierta a la participaci\u00f3n de cualquier colaborador; y el \u201cSeminario\u00a0 di diritto romano\u201d que incorpora a texto completo algunos cap\u00edtulos de obras de los profesores de la Universidad de Sassari que es la que promueve la p\u00e1gina.<\/p>\n<p style=\"font-weight: 400\"><a href=\"http:\/\/www.progettovidio.it\/dirittoromano\" target=\"_blank\" rel=\"noopener\"> http:\/\/www.progettovidio.it\/dirittoromano<\/a>, aproximaci\u00f3n al Derecho romano, dividido en etapas, y con un recopilatorio de links muy interesante.<\/p>\n<p style=\"font-weight: 400\"><a href=\"http:\/\/www.rassegna.unibo.it\/autlat.html\" target=\"_blank\" rel=\"noopener\"> http:\/\/www.rassegna.unibo.it\/autlat.html<\/a>: \u00ab\u00a0<em>Fonti Literariae Autori latini<\/em>\u00a0\u00bb. Editada por la Universidad de Bolonia. Es muy interesante por la informaci\u00f3n complet\u00edsima de links relacionados con el mundo cl\u00e1sico. Ha realizado una recopilaci\u00f3n muy completa de autores latinos on line, con lo que tenemos disponibles a trav\u00e9s de esta p\u00e1gina pr\u00e1cticamente las m\u00e1s usadas para esta finalidad. Es tambi\u00e9n muy completa la rese\u00f1a de bases de datos y otros instrumentos de estudio. Como muy bien dice es una \u201crassegna\u201d; muy completa: interesantes las <em>segnalazione<\/em> (recensiones) .<\/p>\n<p style=\"font-weight: 400\"><a href=\"http:\/\/www.derecho-romano.org\/\" target=\"_blank\" rel=\"noopener\"> http:\/\/www.derecho-romano.org\/<\/a>: Fundaci\u00f3n Seminario Ursicino \u00c1lvarez. Es interesante por la selecci\u00f3n de revistas de derecho romano online.<\/p>\n<p style=\"font-weight: 400\"><a href=\"http:\/\/www.iuscivile.com\/\" target=\"_blank\" rel=\"noopener\"> http:\/\/www.iuscivile.com\/<\/a> \u201cRoman Law Resources\u201d. P\u00e1gina de Derecho Romano muy interesante, no tanto para alumnos como para profesores. Interesa sobre todo la Palingenesia de rescriptos y<em> leges<\/em> de la dinast\u00eda teodosiana. Editada por Ernst Metzger de la Universidad de Aberdeen, incorpora un apartado de recensiones de revistas que se basa, fundamentalmente en The Bryn Mawr Classical Review.<\/p>\n<p><a href=\"http:\/\/local.droit.ulg.ac.be\/sa\/rida\/\">Revue Internationale des droits de l&#8217;antiquit\u00e9 (ulg.ac.be)<\/a> \u201cRevue Internationale des Droits de l\u00b4Antiquit\u00e8\u201d. Es la versi\u00f3n electr\u00f3nica de una de las revistas \u201ccl\u00e1sicas\u201d de Derecho Romano. Disponible texto desde 1997. Falta disponibilidad en abierto de los \u00faltimos a\u00f1os.<\/p>\n<p style=\"font-weight: 400\"><a href=\"http:\/\/www.ledonline.it\/rivistadirittoromano\/\" target=\"_blank\" rel=\"noopener\"> http:\/\/www.ledonline.it\/rivistadirittoromano\/<\/a> \u00a0\u201c<em>Rivista di Diritto Romano<\/em>\u201d. Muy interesante en todo. Te puedes descargar art\u00edculos buenos y los enlaces sobre fuentes y material roman\u00edstico son muy buenos. Los enlaces sobre las fuentes, tanto literarias como jur\u00eddicas, muy completas, se hacen, como en la <em>Rassegna<\/em>, a p\u00e1ginas ya citadas.<\/p>\n<p style=\"font-weight: 400\"><a href=\"http:\/\/www.scielo.org\/\" target=\"_blank\" rel=\"noopener\"> http:\/\/www.scielo.org<\/a>, biblioteca electr\u00f3nica que recoge distintas colecciones de revistas.<\/p>\n<p>[\/vc_column_text][\/vc_tta_section][vc_tta_section title=\u00bbY algunas m\u00e1s&#8230;\u00bb tab_id=\u00bb1537861606179-a87f062e-fbca\u00bb][vc_column_text]<a href=\"https:\/\/aidrom.com\/\">AIDROM \u2013 Asociaci\u00f3n Iberoamericana de Derecho Romano<\/a> p\u00e1gina de la Asociaci\u00f3n Iberoamericana de Derecho Romano, con novedades, actas (\u00edndices y textos completos).<\/p>\n<p style=\"font-weight: 400\"><a href=\"https:\/\/centrocil.web.uah.es\/inicio.htm\">P\u00e1gina principal del Centro CIL II<\/a>\u00a0web del centro CIL, de la Universidad de Alcal\u00e1. Inscripciones epigr\u00e1ficas<\/p>\n<p style=\"font-weight: 400\"><a href=\"http:\/\/ccat.sas.upenn.edu\/bmcr\/\" target=\"_blank\" rel=\"noopener\"> http:\/\/ccat.sas.upenn.edu\/bmcr\/<\/a> p\u00e1gina sobre recensiones de libros de derecho romano y, en general, relacionados con la antig\u00fcedad cl\u00e1sica. Destacan sobre todo obras en lengua inglesa.<\/p>\n<p>Y, por supuesto, siempre nos quedar\u00e1<\/p>\n<p><a href=\"https:\/\/dialnet.unirioja.es\/\">https:\/\/dialnet.unirioja.es\/<\/a><\/p>\n\n\n<p><\/p>\n","protected":false},"excerpt":{"rendered":"<p>Mundo Cl\u00e1sico: &#8211; Im\u00e1genes: \u00a0http:\/\/catholic-resources.org\/AncientRome\/ \u00a0 Ancient Rome: Imagines and Pictures. http:\/\/www.rassegna.unibo.it\/archguid.html: Archeologia e immagini: guida. P\u00e1gina de Alessandro Cristofori que contiene, a su vez, enlaces a otras p\u00e1ginas http:\/\/www.capitolium.org\/ita\/virtuale\/virtuale.htm. Im\u00e1genes de la Roma antigua. Ofrece una visita virtual. &#8211; P\u00e1ginas: http:\/\/mujeresenelsaeculumaugustum.blogspot.com.es\/ Blog mantenido por el Profesor Jaime Vizca\u00edno (Universidad de Murcia) en el que &hellip; <a href=\"https:\/\/blog.uclm.es\/aliciavalmana\/sitios-favoritos\/\" class=\"more-link\">Seguir leyendo <span class=\"screen-reader-text\">Sitios Favoritos<\/span> <span class=\"meta-nav\">&rarr;<\/span><\/a><\/p>\n","protected":false},"author":6,"featured_media":0,"parent":0,"menu_order":0,"comment_status":"closed","ping_status":"closed","template":"","meta":{"footnotes":""},"class_list":["post-35","page","type-page","status-publish","hentry"],"_links":{"self":[{"href":"https:\/\/blog.uclm.es\/aliciavalmana\/wp-json\/wp\/v2\/pages\/35","targetHints":{"allow":["GET"]}}],"collection":[{"href":"https:\/\/blog.uclm.es\/aliciavalmana\/wp-json\/wp\/v2\/pages"}],"about":[{"href":"https:\/\/blog.uclm.es\/aliciavalmana\/wp-json\/wp\/v2\/types\/page"}],"author":[{"embeddable":true,"href":"https:\/\/blog.uclm.es\/aliciavalmana\/wp-json\/wp\/v2\/users\/6"}],"replies":[{"embeddable":true,"href":"https:\/\/blog.uclm.es\/aliciavalmana\/wp-json\/wp\/v2\/comments?post=35"}],"version-history":[{"count":8,"href":"https:\/\/blog.uclm.es\/aliciavalmana\/wp-json\/wp\/v2\/pages\/35\/revisions"}],"predecessor-version":[{"id":625,"href":"https:\/\/blog.uclm.es\/aliciavalmana\/wp-json\/wp\/v2\/pages\/35\/revisions\/625"}],"wp:attachment":[{"href":"https:\/\/blog.uclm.es\/aliciavalmana\/wp-json\/wp\/v2\/media?parent=35"}],"curies":[{"name":"wp","href":"https:\/\/api.w.org\/{rel}","templated":true}]}}