{"id":99,"date":"2012-11-04T18:45:14","date_gmt":"2012-11-04T17:45:14","guid":{"rendered":"http:\/\/blog.uclm.es\/albertonajera\/?page_id=99"},"modified":"2012-11-04T18:45:14","modified_gmt":"2012-11-04T17:45:14","slug":"innovacion-educativa-campus-virtual-clickers-etc","status":"publish","type":"page","link":"https:\/\/blog.uclm.es\/albertonajera\/innovacion-educativa-campus-virtual-clickers-etc\/","title":{"rendered":"Innovaci\u00f3n educativa: Campus Virtual, clickers, etc."},"content":{"rendered":"<p><a href=\"https:\/\/blog.uclm.es\/albertonajera\/wp-content\/uploads\/sites\/249\/2012\/11\/turning-point-device.jpg\"><img loading=\"lazy\" decoding=\"async\" class=\" wp-image-101 alignleft\" src=\"https:\/\/blog.uclm.es\/albertonajera\/wp-content\/uploads\/sites\/249\/2012\/11\/turning-point-device-150x150.jpg\" alt=\"\" width=\"150\" height=\"150\" srcset=\"https:\/\/blog.uclm.es\/albertonajera\/wp-content\/uploads\/sites\/249\/2012\/11\/turning-point-device-150x150.jpg 150w, https:\/\/blog.uclm.es\/albertonajera\/wp-content\/uploads\/sites\/249\/2012\/11\/turning-point-device-300x300.jpg 300w, https:\/\/blog.uclm.es\/albertonajera\/wp-content\/uploads\/sites\/249\/2012\/11\/turning-point-device.jpg 377w\" sizes=\"auto, (max-width: 150px) 100vw, 150px\" \/><\/a><\/p>\n<p style=\"text-align: justify\">El \u00e1rea de Radiolog\u00eda y Medicina F\u00edsica adquiri\u00f3 en 2009 el primer kit de mandos <a href=\"http:\/\/www.turningtechnologies.com\/\">TurningPoint\u00ae a la empresa Turning Technologies, LLC<\/a>. Desde la Unidad de Innovaci\u00f3n Educativa de la UCLM nos confirmaron que no se estaban usando en ning\u00fan otro centro de la Universidad.<\/p>\n<p style=\"text-align: justify\">Desde el curso 2009-10 los utilizamos en las asignaturas del \u00e1rea.<\/p>\n<p style=\"text-align: justify\">Hemos realizado un estudio de satisfacci\u00f3n y los resultados no pueden ser m\u00e1s positivos: incremento de la atenci\u00f3n y la participaci\u00f3n del alumnado, satisfacci\u00f3n y facilidad de uso.<\/p>\n<p style=\"text-align: justify\">Los <a href=\"http:\/\/www.iated.org\/concrete2\/paper_detail.php?paper_id=8679\">resultados preliminares<\/a> del estudio se han expuesto en el <a href=\"http:\/\/www.iated.org\/inted2010\/\">International Education, Innovation and Development Conference INTED 2010<\/a> celebrado en Valencia en marzo de 2010.<\/p>\n<p style=\"text-align: justify\">Utilizamos los clickers para facilitar la evaluaci\u00f3n por pares. Esta innovaci\u00f3n ha sido publicada en la revista internacional <a href=\"http:\/\/www.wiley.com\/bw\/journal.asp?ref=0308-0110\">Medical Education<\/a>, en noviembre de 2010: <a href=\"http:\/\/onlinelibrary.wiley.com\/doi\/10.1111\/j.1365-2923.2010.03837.x\/abstract\">Student peer evaluacion using remote response system<\/a>.<\/p>\n<p style=\"text-align: justify\">Adem\u00e1s, desde el curso 2004-05, primero en WebCT y actualmente en Moodle, toda la documentaci\u00f3n, apuntes, presentaciones y ejercicios est\u00e1n disponibles a trav\u00e9s de Campus Virtual, confirmando, una vez m\u00e1s, el compromiso del profesorado del \u00e1rea con el uso de nuevas tecnolog\u00edas para la comunicaci\u00f3n con el alumnado. S\u00f3lo en el curso 2008-09 se contestaron m\u00e1s de 1000 correos electr\u00f3nicos. En el curso 2010-11 las pr\u00e1cticas se contestan directamente a trav\u00e9s de Moodle, la entrega de trabajos y de cuestionarios, tambi\u00e9n.<\/p>\n","protected":false},"excerpt":{"rendered":"<p>El \u00e1rea de Radiolog\u00eda y Medicina F\u00edsica adquiri\u00f3 en 2009 el primer kit de mandos TurningPoint\u00ae a la empresa Turning Technologies, LLC. Desde la Unidad de Innovaci\u00f3n Educativa de la UCLM nos confirmaron que no se estaban usando en ning\u00fan otro centro de la Universidad. Desde el curso 2009-10 los utilizamos en las asignaturas del [&hellip;]<\/p>\n","protected":false},"author":410,"featured_media":0,"parent":0,"menu_order":0,"comment_status":"closed","ping_status":"closed","template":"page-fullwidth.php","meta":{"footnotes":""},"class_list":["post-99","page","type-page","status-publish","hentry"],"_links":{"self":[{"href":"https:\/\/blog.uclm.es\/albertonajera\/wp-json\/wp\/v2\/pages\/99","targetHints":{"allow":["GET"]}}],"collection":[{"href":"https:\/\/blog.uclm.es\/albertonajera\/wp-json\/wp\/v2\/pages"}],"about":[{"href":"https:\/\/blog.uclm.es\/albertonajera\/wp-json\/wp\/v2\/types\/page"}],"author":[{"embeddable":true,"href":"https:\/\/blog.uclm.es\/albertonajera\/wp-json\/wp\/v2\/users\/410"}],"replies":[{"embeddable":true,"href":"https:\/\/blog.uclm.es\/albertonajera\/wp-json\/wp\/v2\/comments?post=99"}],"version-history":[{"count":0,"href":"https:\/\/blog.uclm.es\/albertonajera\/wp-json\/wp\/v2\/pages\/99\/revisions"}],"wp:attachment":[{"href":"https:\/\/blog.uclm.es\/albertonajera\/wp-json\/wp\/v2\/media?parent=99"}],"curies":[{"name":"wp","href":"https:\/\/api.w.org\/{rel}","templated":true}]}}