{"id":718,"date":"2014-04-10T00:21:01","date_gmt":"2014-04-09T22:21:01","guid":{"rendered":"http:\/\/blog.uclm.es\/albertonajera\/?page_id=718"},"modified":"2014-04-10T00:21:01","modified_gmt":"2014-04-09T22:21:01","slug":"curso-de-supervivencia-en-estadistica","status":"publish","type":"page","link":"https:\/\/blog.uclm.es\/albertonajera\/curso-de-supervivencia-en-estadistica\/","title":{"rendered":"Curso de supervivencia en Estad\u00edstica"},"content":{"rendered":"<p>Tras muchos a\u00f1os haci\u00e9ndome de rogar, finalmente, he elaborado unos apuntes que creo son muy sencillos, en los que explico, sin mucha estad\u00edstica, c\u00f3mo se realizan las principales operaciones estad\u00edsticas tanto con Excel como con SPSS. Adem\u00e1s, he preparado unos cuantos v\u00eddeos breves en los que se muestra cada uno de los test. La idea ha sido intentar hacerlo lo m\u00e1s cercano y asequible posible, as\u00ed que por este motivo, en algunas ocasiones, comprobar\u00e1s que he sacrificado rigor acad\u00e9mico e incluso estad\u00edstico.<\/p>\n<p>Creo que, adem\u00e1s, es obligaci\u00f3n del profesorado universitario del sector p\u00fablico, contribuir al conocimiento de forma altruista (o al menos no m\u00e1s all\u00e1 de nuestro sueldo) y por ello todo el contenido del curso se distribuye sin Copyright pero con <a href=\"http:\/\/es.creativecommons.org\/blog\/licencias\/\">Licencia Creative Commons<\/a> (distrib\u00fayelo, c\u00f3pialo, ed\u00edtalo libremente, s\u00f3lo cita la fuente). O puedes comprarlo como libro en <a href=\"http:\/\/www.lulu.com\/shop\/alberto-n%C3%A1jera-l%C3%B3pez\/sobrevivir-a-la-estad%C3%ADstica-en-60-p%C3%A1ginas-y-con-7-ejercicios\/paperback\/product-21579942.html\">Lulu.com por 4,64\u20ac<\/a> (el m\u00ednimo precio que dejan). O puedes descargarte la versi\u00f3n\u00a0apuntes\u00a0en PDF de forma gratuita desde: \u00ab<a href=\"https:\/\/blog.uclm.es\/albertonajera\/wp-content\/uploads\/sites\/249\/2018\/11\/Sobrevivir-a-la-Estadistica.pdf\">Sobrevivir a la Estad\u00edstica en 40 p\u00e1ginas y con 8\u00a0ejercicios<\/a>\u00ab.<\/p>\n<p>El archivo de datos en Excel con los ejemplos <a href=\"https:\/\/blog.uclm.es\/albertonajera\/wp-content\/uploads\/sites\/249\/2018\/04\/EjerciciosEstadistica.xlsx\" rel=\"\">lo puedes descargar desde aqu\u00ed<\/a>.<\/p>\n<p>Todos los v\u00eddeos en este canal de Youtube:\u00a0<a href=\"http:\/\/goo.gl\/tjAkkL\">http:\/\/goo.gl\/tjAkkL<\/a><\/p>\n<p>O enlaces directos a cada uno de ellos en:<\/p>\n<ol>\n<li>Estad\u00edstica descriptiva en Excel: <a href=\"http:\/\/youtu.be\/ce1Z9lqafTU\">http:\/\/youtu.be\/ce1Z9lqafTU<\/a><\/li>\n<li>Estad\u00edstica descriptiva en SPSS: <a href=\"http:\/\/youtu.be\/52ztEG4vbWU\">http:\/\/youtu.be\/52ztEG4vbWU<\/a><\/li>\n<li>Test de normalidad en SPSS: <a href=\"http:\/\/youtu.be\/_7lBiSQz3sk\">http:\/\/youtu.be\/_7lBiSQz3sk<\/a><\/li>\n<li>Test t de Student en Excel: <a href=\"http:\/\/youtu.be\/xgnAUintXWw\">http:\/\/youtu.be\/xgnAUintXWw<\/a><\/li>\n<li>Test t de Student en SPSS:\u00a0<a href=\"http:\/\/goo.gl\/7tEjCc\">http:\/\/goo.gl\/7tEjCc<\/a><\/li>\n<li>ANOVA de un factor en Excel: <a href=\"http:\/\/youtu.be\/WIOOBna4B5g\">http:\/\/youtu.be\/WIOOBna4B5g<\/a><\/li>\n<li>ANOVA de un factor en SPSS: <a href=\"http:\/\/youtu.be\/3EXYi4CK0ss\">http:\/\/youtu.be\/3EXYi4CK0ss<\/a><\/li>\n<li>ANOVA de dos o m\u00e1s factores en EXCEL: <a href=\"http:\/\/youtu.be\/xYq2NMfX4dk\">http:\/\/youtu.be\/xYq2NMfX4dk<\/a><\/li>\n<li>ANOVA de dos o m\u00e1s factores en SPSS: <a href=\"http:\/\/youtu.be\/NShNBWbsYVI\">http:\/\/youtu.be\/NShNBWbsYVI<\/a><\/li>\n<li>U de Mann-Whitney con SPSS: <a href=\"http:\/\/youtu.be\/t4YVEcPgmfw\">http:\/\/youtu.be\/t4YVEcPgmfw<\/a><\/li>\n<li>Kruskal-Wallis con SPSS: <a href=\"http:\/\/youtu.be\/GwRucDOZCCQ\">http:\/\/youtu.be\/GwRucDOZCCQ<\/a><\/li>\n<li>Test Chi-2 en Excel: <a href=\"http:\/\/youtu.be\/kA-sQa5VHBc\">http:\/\/youtu.be\/kA-sQa5VHBc<\/a><\/li>\n<li>Test Chi-2 en SPSS: <a href=\"http:\/\/youtu.be\/OMNfGehb02Q\">http:\/\/youtu.be\/OMNfGehb02Q<\/a><\/li>\n<\/ol>\n<p><a href=\"http:\/\/blog.uclm.es\/albertonajera\/sugerencias-y-ayuda-con-el-tfg\/\">Sugerencias y ayuda con el TFG, herramientas y enlaces&#8230;<\/a><\/p>\n","protected":false},"excerpt":{"rendered":"<p>Tras muchos a\u00f1os haci\u00e9ndome de rogar, finalmente, he elaborado unos apuntes que creo son muy sencillos, en los que explico, sin mucha estad\u00edstica, c\u00f3mo se realizan las principales operaciones estad\u00edsticas tanto con Excel como con SPSS. Adem\u00e1s, he preparado unos cuantos v\u00eddeos breves en los que se muestra cada uno de los test. La idea [&hellip;]<\/p>\n","protected":false},"author":410,"featured_media":0,"parent":0,"menu_order":0,"comment_status":"closed","ping_status":"closed","template":"","meta":{"footnotes":""},"class_list":["post-718","page","type-page","status-publish","hentry"],"_links":{"self":[{"href":"https:\/\/blog.uclm.es\/albertonajera\/wp-json\/wp\/v2\/pages\/718","targetHints":{"allow":["GET"]}}],"collection":[{"href":"https:\/\/blog.uclm.es\/albertonajera\/wp-json\/wp\/v2\/pages"}],"about":[{"href":"https:\/\/blog.uclm.es\/albertonajera\/wp-json\/wp\/v2\/types\/page"}],"author":[{"embeddable":true,"href":"https:\/\/blog.uclm.es\/albertonajera\/wp-json\/wp\/v2\/users\/410"}],"replies":[{"embeddable":true,"href":"https:\/\/blog.uclm.es\/albertonajera\/wp-json\/wp\/v2\/comments?post=718"}],"version-history":[{"count":0,"href":"https:\/\/blog.uclm.es\/albertonajera\/wp-json\/wp\/v2\/pages\/718\/revisions"}],"wp:attachment":[{"href":"https:\/\/blog.uclm.es\/albertonajera\/wp-json\/wp\/v2\/media?parent=718"}],"curies":[{"name":"wp","href":"https:\/\/api.w.org\/{rel}","templated":true}]}}