{"id":382,"date":"2012-11-14T12:15:50","date_gmt":"2012-11-14T11:15:50","guid":{"rendered":"http:\/\/blog.uclm.es\/albertonajera\/?page_id=382"},"modified":"2012-11-14T12:15:50","modified_gmt":"2012-11-14T11:15:50","slug":"objetivos","status":"publish","type":"page","link":"https:\/\/blog.uclm.es\/albertonajera\/objetivos\/","title":{"rendered":"Objetivos"},"content":{"rendered":"<p style=\"text-align: justify\">El uso de nuevas tecnolog\u00edas para fomentar y favorecer la comunicaci\u00f3n entre alumnos y profesores se ha extendido enormemente en los \u00faltimos a\u00f1os, especialmente con la implantaci\u00f3n de las nuevas titulaciones acordes con el proceso de convergencia europea y el sistema de cr\u00e9ditos ECTS (European Credit Transfer System).<\/p>\n<p style=\"text-align: justify\">Todas las titulaciones de la Universidad de Castilla \u2013 La Mancha (UCLM) cuentan con una herramienta denominada Campus Virtual basada en Moodle. Adem\u00e1s todos los alumnos disponen de una cuenta de correo electr\u00f3nico de la UCLM. No obstante el uso de estas herramientas, a pesar de que el correo de la UCLM puede ser redirigido a sus cuentas de correo personales, requiere del acceso a una p\u00e1gina Web espec\u00edfica. En el caso de Campus Virtual son p\u00e1ginas espec\u00edficas para cada asignatura y los alumnos deben entrar en todas ellas para revisar los cambios producidos. El uso de foros y chats dentro de la herramienta de e-learning tambi\u00e9n puede resultado un tanto inc\u00f3modo puesto que es independiente entre asignaturas, por lo que requiere que el alumnado deba acceder a cada una de las asignaturas para poder estar al d\u00eda, lo cual no suelen hacer.<\/p>\n<p style=\"text-align: justify\">Los grupos de Facebook permiten unificar en un mismo grupo comentarios y entradas de diferentes asignaturas y profesores, activar notificaciones sobre cambios en el grupo, acceso flexible desde dispositivos m\u00f3viles, etc. Tambi\u00e9n se pretende describir el uso que han hecho del grupo profesores y alumnos: n\u00famero de entradas, comentarios, etc.<\/p>\n<p style=\"text-align: justify\">Por estos motivos, el objetivo principal de este proyecto es ofrecer un nuevo ambiente informal de comunicaci\u00f3n flexible y \u00e1gil a alumnos y profesores y evaluar su uso y satisfacci\u00f3n. Una herramienta adicional que no pretende sustituir las v\u00edas de comunicaci\u00f3n formales como Moodle y el correo electr\u00f3nico, sino agilizar el proceso de comunicaci\u00f3n alumnos\/profesores ofreciendo nuevas posibilidades.<\/p>\n","protected":false},"excerpt":{"rendered":"<p>El uso de nuevas tecnolog\u00edas para fomentar y favorecer la comunicaci\u00f3n entre alumnos y profesores se ha extendido enormemente en los \u00faltimos a\u00f1os, especialmente con la implantaci\u00f3n de las nuevas titulaciones acordes con el proceso de convergencia europea y el sistema de cr\u00e9ditos ECTS (European Credit Transfer System). Todas las titulaciones de la Universidad de [&hellip;]<\/p>\n","protected":false},"author":410,"featured_media":0,"parent":0,"menu_order":0,"comment_status":"closed","ping_status":"closed","template":"page-fullwidth.php","meta":{"footnotes":""},"class_list":["post-382","page","type-page","status-publish","hentry"],"_links":{"self":[{"href":"https:\/\/blog.uclm.es\/albertonajera\/wp-json\/wp\/v2\/pages\/382","targetHints":{"allow":["GET"]}}],"collection":[{"href":"https:\/\/blog.uclm.es\/albertonajera\/wp-json\/wp\/v2\/pages"}],"about":[{"href":"https:\/\/blog.uclm.es\/albertonajera\/wp-json\/wp\/v2\/types\/page"}],"author":[{"embeddable":true,"href":"https:\/\/blog.uclm.es\/albertonajera\/wp-json\/wp\/v2\/users\/410"}],"replies":[{"embeddable":true,"href":"https:\/\/blog.uclm.es\/albertonajera\/wp-json\/wp\/v2\/comments?post=382"}],"version-history":[{"count":0,"href":"https:\/\/blog.uclm.es\/albertonajera\/wp-json\/wp\/v2\/pages\/382\/revisions"}],"wp:attachment":[{"href":"https:\/\/blog.uclm.es\/albertonajera\/wp-json\/wp\/v2\/media?parent=382"}],"curies":[{"name":"wp","href":"https:\/\/api.w.org\/{rel}","templated":true}]}}