{"id":361,"date":"2012-11-14T12:02:01","date_gmt":"2012-11-14T11:02:01","guid":{"rendered":"http:\/\/blog.uclm.es\/albertonajera\/?page_id=361"},"modified":"2012-11-14T12:02:01","modified_gmt":"2012-11-14T11:02:01","slug":"resumen-del-proyecto-caracterizacion-de-la-exposicion-personal-a-campos-electromagneticos-de-radiofrecuencia","status":"publish","type":"page","link":"https:\/\/blog.uclm.es\/albertonajera\/resumen-del-proyecto-caracterizacion-de-la-exposicion-personal-a-campos-electromagneticos-de-radiofrecuencia\/","title":{"rendered":"Resumen del proyecto de investigaci\u00f3n &#8211; JCCM"},"content":{"rendered":"<p style=\"text-align: justify\">En los \u00faltimos a\u00f1os, los campos electromagn\u00e9ticos de radiofrecuencia han experimentado un incremento considerable debido al desarrollo de la Sociedad de la Informaci\u00f3n. No se conoce con detalle el espectro de la radiaci\u00f3n a la que est\u00e1 sometida la poblaci\u00f3n y la contribuci\u00f3n de cada banda de frecuencia: radio y televisi\u00f3n, telefon\u00eda m\u00f3vil (GSM y UMTS), telefon\u00eda inal\u00e1mbrica (DECT) o redes inal\u00e1mbricas WiFi.<\/p>\n<p style=\"text-align: justify\">En este proyecto se propone caracterizar la radiaci\u00f3n recibida por al menos 100 habitantes de la ciudad de Albacete, distribuidos geogr\u00e1ficamente de manera que se cubra la mayor parte de su superficie.<\/p>\n<p style=\"text-align: justify\"><a href=\"https:\/\/blog.uclm.es\/albertonajera\/wp-content\/uploads\/sites\/249\/2012\/11\/satimo.jpg\"><img loading=\"lazy\" decoding=\"async\" class=\"alignleft size-full wp-image-314\" src=\"https:\/\/blog.uclm.es\/albertonajera\/wp-content\/uploads\/sites\/249\/2012\/11\/satimo.jpg\" alt=\"\" width=\"320\" height=\"214\" srcset=\"https:\/\/blog.uclm.es\/albertonajera\/wp-content\/uploads\/sites\/249\/2012\/11\/satimo.jpg 320w, https:\/\/blog.uclm.es\/albertonajera\/wp-content\/uploads\/sites\/249\/2012\/11\/satimo-300x201.jpg 300w\" sizes=\"auto, (max-width: 320px) 100vw, 320px\" \/><\/a>Los voluntarios portar\u00e1n durante un d\u00eda un dispositivo EME Spy 140 de Satimo de 400 g de peso. Este dispositivo registra la densidad de potencia de 14 bandas de radiofrecuencia: FM (88-108 MHz), TV3 (174-223 MHz), TETRA (380-390 MHz), TV4y5 (470-830 MHz), GSM-Tx (880-915 MHz), GSM-Rx (925-960 MHz), DCS-Tx (1710-1785 MHz), DCX-Rx (1805-1880 MHz), DECT (1880-1900 MHz), UMTS-Tx (1920-1980 MHz), UMTS-Rx (2110-2170 MHz), WiFi 2G (2400-2500 MHz), WiMAX (3400-3800 MHz) y WiFi 5G (5150-5850 MHz). Tiene una sensibilidad de 0,005* V\/m (0,000000066* W\/m2), es capaz de registrar cada 4-255 s hasta 60.000 registros.<\/p>\n<p style=\"text-align: justify\">Los voluntarios, mayores de 18 a\u00f1os y de ambos sexos, har\u00e1n vida corriente mientras porten el medidor. Se realizar\u00e1n mediciones en d\u00edas laborables y fines de semana o festivos. Al menos una tercera parte de los voluntarios repetir\u00e1n las medidas con el fin de determinar diferencias temporales.<\/p>\n<p style=\"text-align: justify\">Los datos registrados permitir\u00e1n caracterizar la radiaci\u00f3n electromagn\u00e9tica de radiofrecuencia a la que est\u00e1 sometida la poblaci\u00f3n castellanomanchega. En un futuro se podr\u00e1n evaluar posibles efectos sobre la salud, y sobre todo, permitir la formaci\u00f3n de la poblaci\u00f3n en estos temas tan sensibles.<\/p>\n","protected":false},"excerpt":{"rendered":"<p>En los \u00faltimos a\u00f1os, los campos electromagn\u00e9ticos de radiofrecuencia han experimentado un incremento considerable debido al desarrollo de la Sociedad de la Informaci\u00f3n. No se conoce con detalle el espectro de la radiaci\u00f3n a la que est\u00e1 sometida la poblaci\u00f3n y la contribuci\u00f3n de cada banda de frecuencia: radio y televisi\u00f3n, telefon\u00eda m\u00f3vil (GSM y [&hellip;]<\/p>\n","protected":false},"author":410,"featured_media":0,"parent":0,"menu_order":0,"comment_status":"closed","ping_status":"closed","template":"page-fullwidth.php","meta":{"footnotes":""},"class_list":["post-361","page","type-page","status-publish","hentry"],"_links":{"self":[{"href":"https:\/\/blog.uclm.es\/albertonajera\/wp-json\/wp\/v2\/pages\/361","targetHints":{"allow":["GET"]}}],"collection":[{"href":"https:\/\/blog.uclm.es\/albertonajera\/wp-json\/wp\/v2\/pages"}],"about":[{"href":"https:\/\/blog.uclm.es\/albertonajera\/wp-json\/wp\/v2\/types\/page"}],"author":[{"embeddable":true,"href":"https:\/\/blog.uclm.es\/albertonajera\/wp-json\/wp\/v2\/users\/410"}],"replies":[{"embeddable":true,"href":"https:\/\/blog.uclm.es\/albertonajera\/wp-json\/wp\/v2\/comments?post=361"}],"version-history":[{"count":0,"href":"https:\/\/blog.uclm.es\/albertonajera\/wp-json\/wp\/v2\/pages\/361\/revisions"}],"wp:attachment":[{"href":"https:\/\/blog.uclm.es\/albertonajera\/wp-json\/wp\/v2\/media?parent=361"}],"curies":[{"name":"wp","href":"https:\/\/api.w.org\/{rel}","templated":true}]}}