{"id":324,"date":"2012-11-14T02:14:02","date_gmt":"2012-11-14T01:14:02","guid":{"rendered":"http:\/\/blog.uclm.es\/albertonajera\/?page_id=324"},"modified":"2012-11-14T02:14:02","modified_gmt":"2012-11-14T01:14:02","slug":"falta-informacion","status":"publish","type":"page","link":"https:\/\/blog.uclm.es\/albertonajera\/falta-informacion\/","title":{"rendered":"\u00bfFalta informaci\u00f3n?"},"content":{"rendered":"<p style=\"text-align: justify\">Una de las principales quejas sobre la posible relaci\u00f3n entre los campos electromagn\u00e9ticos y la salud es la falta de informaci\u00f3n. Aquel que est\u00e1 preocupado por este asunto, suele acudir a Internet en busca de esta informaci\u00f3n. Si bien Internet ofrece innumerables posibilidades, en nuestras asignaturas del Grado en Medicina, solemos decir que \u00abla informaci\u00f3n que se encuentra en Internet es, por norma general, falsa\u00bb. A partir de este punto ense\u00f1amos a nuestros alumnos a buscar informaci\u00f3n v\u00e1lida, informaci\u00f3n cient\u00edfica. No es objetivo de esta secci\u00f3n proporcionar estos conocimientos y lo que ofrecemos a continuaci\u00f3n son enlaces, res\u00famenes, leyes, informes\u00a0de\u00a0organismos oficiales y de reconocido prestigio\u00a0que esperamos sirvan para entender el estado actual del tema y tranquilizar a la poblaci\u00f3n preocupada.<\/p>\n<p>D\u00f3nde est\u00e1n las antenas:\u00a0<a href=\"http:\/\/antenasgsm.com\/\">http:\/\/antenasgsm.com\/<\/a><\/p>\n<p>Qu\u00e9 mide el Ministerio:\u00a0<a href=\"https:\/\/geoportal.minetur.gob.es\/VCTEL\/vcne.do\">https:\/\/geoportal.minetur.gob.es\/VCTEL\/vcne.do<\/a><\/p>\n<p style=\"text-align: justify\">4 estudios (revisiones sistem\u00e1ticas y metaan\u00e1lisis) en 4 aspectos fundamentales: medida de la exposici\u00f3n, efectos de las antenas, efectos de los terminales y efecto nocebo:<\/p>\n<ul>\n<li><a href=\"https:\/\/blog.uclm.es\/albertonajera\/wp-content\/uploads\/sites\/249\/2012\/11\/Roosli_2010.pdf\">Revisi\u00f3n sistem\u00e1tica de los efectos sobre la salud de la exposici\u00f3n a campos electromagn\u00e9ticos de radiofrecuencia procedentes de estaciones base de telefon\u00eda<\/a>\u00a0(Systematic review on the health effects of exposure to radiofrequency electromagnetic fields from mobile phone base stations.<strong>\u00a0<\/strong>Autores: M. R\u00f6\u00f6sli, P. Frei, E. Mohlera &amp; K. Huga publicado en 2010 en Bull World Health Organ). \u00daltima revisi\u00f3n de 119 estudios epidemiol\u00f3gicos publicados en los \u00faltimos 4 a\u00f1os. Las principales conclusiones son que no hay una relaci\u00f3n entre s\u00edntomas inespec\u00edficos (dolores de cabeza, problemas de sue\u00f1o, etc), hipersensibilidad, funciones cognitivas, respuestas fisiol\u00f3gicas (pulso card\u00edaco, conductancia de la piel, flujo sangu\u00edneo), c\u00e1ncer y la exposici\u00f3n a radiaci\u00f3n electromagn\u00e9tica de radiofrecuencia procedente de estaciones base de telefon\u00eda.<\/li>\n<li><a href=\"https:\/\/blog.uclm.es\/albertonajera\/wp-content\/uploads\/sites\/249\/2012\/11\/repacholi2012-headtumors.pdf\">Revisi\u00f3n sistem\u00e1tica del uso de telefon\u00eda inal\u00e1mbrica y cancer de cerebro y otros tumores de cabeza<\/a> (Systematic Review of Wireless Phone Use and Brain Cancerand Other Head Tumors. Autores Repacholi et al. publicado en 2012 en Bioelectromagnetics). Revisi\u00f3n\u00a0de estudios\u00a0que estudian la posible asociaci\u00f3n entre uso de tel\u00e9fono m\u00f3vil y c\u00e1ncer. La principal conclusi\u00f3n es que no hay evidencia de una relaci\u00f3n causal entre el uso de tel\u00e9fonos m\u00f3viles y c\u00e1ncer de cerebro, tumores o da\u00f1o en c\u00e9lulas cerebrales en las \u00e1reas del cerebro m\u00e1s expuestas a la radiaci\u00f3n.<\/li>\n<li><a href=\"https:\/\/blog.uclm.es\/albertonajera\/wp-content\/uploads\/sites\/249\/2017\/11\/Klaps2016_Mobile-phone-base-stations-and-well-being-A-meta-analysis.pdf\">Meta an\u00e1lisis sobre los posibles efectos de las antenas de telefon\u00eda m\u00f3vil sobre el bienestar de adultos<\/a>. (Mobile phone base stations and well-being \u2014 A meta-analysis. Autores: Armin Klaps, Ivo Ponocny, Robert Winker, Michael Kundi, Felicitas Auersperg y Alfred Barth publicado en Science of the Total Environment en 2016). Meta an\u00e1lisis, una de las t\u00e9cnicas m\u00e1s potentes para contrastar estudios, que eval\u00faa 17 estudios sobre posibles efectos de las antenas de telefon\u00eda sobre el bienestar en adultos. La conclusi\u00f3n es muy clara y contundente: en condiciones de doble ciego no se reproducen efectos, en cambio en los estudios en los que el doble ciego no est\u00e1 garantizado, s\u00ed se producen efectos, sugiriendo que se trata de efecto \u00abnocebo\u00bb.<\/li>\n<li><a href=\"https:\/\/blog.uclm.es\/albertonajera\/wp-content\/uploads\/sites\/249\/2017\/11\/sagar2017.pdf\">Revisi\u00f3n sistem\u00e1tica de los estudios de evaluaci\u00f3n de la exposici\u00f3n personal a CEM-RF<\/a> (Radiofrequency electromagnetic field exposure in everyday microenvironments in Europe: A systematic literature review. Autores:\u00a0Sanjay Sagar, Stefan Dongus, Anna Schoeni, Katharina Roser, Marloes Eeftens, Benjamin Struchen, Milena Foerster, No\u00ebmi Meier, Seid Adem and Martin R\u00f6\u00f6sli publicado en\u00a0Journal of Exposure Science and Environmental Epidemiology en 2017). En esta revisi\u00f3n se analizan 21 trabajos de evaluaci\u00f3n de la exposici\u00f3n personal a CEM-RF publicados entre enero de 200 y abril de 2015. Los valores m\u00e1ximos se suelen observar en medios de transporte (debido a uplink-terminales) con valores de entre 0,5 y 1 V\/m. La exposici\u00f3n en el exterior (generalmente debida a downlink-antenas) oscila entre 0,3 y 0,7 V\/m. En el interior de las casas esta exposici\u00f3n baja a 0,1-0,4 fundamentalmente debida a tel\u00e9fonos inal\u00e1mbricos, con escaso aporte de las WiFis.<\/li>\n<\/ul>\n<p style=\"text-align: justify\">Documentaci\u00f3n cient\u00edfica:<\/p>\n<ul style=\"text-align: justify\">\n<li><a href=\"http:\/\/www.who.int\/mediacentre\/factsheets\/fs193\/es\/\">Campos electromagn\u00e9ticos y Salud P\u00fablica (Organizaci\u00f3n Mundial de la Salud)<\/a>.<\/li>\n<li><a href=\"https:\/\/blog.uclm.es\/albertonajera\/wp-content\/uploads\/sites\/249\/2012\/11\/aecc.pdf\">Campos electromagn\u00e9ticos y c\u00e1ncer. Preguntas y respuestas. Gu\u00eda de la Asociaci\u00f3n Espa\u00f1ola Contra el C\u00e1ncer (AECC)<\/a>. Folleto en el que se responde de forma clara, sencilla y directa, a las principales preocupaciones de la poblaci\u00f3n con respecto a los campos electromagn\u00e9ticos y la salud. La Asociaci\u00f3n Espa\u00f1ola Contra el C\u00e1ncer es una organizaci\u00f3n ben\u00e9fica y sin \u00e1nimo de lucro de reconocido prestigio, referente en c\u00e1ncer en Espa\u00f1a.<\/li>\n<li><a href=\"https:\/\/blog.uclm.es\/albertonajera\/wp-content\/uploads\/sites\/249\/2012\/11\/Informe_MinisterioSanidad.pdf\">Campos electromagn\u00e9ticos y Salud P\u00fablica. Informe t\u00e9cnico elaborado por el Comit\u00e9 de Expertos para el Ministerio de Sanidad.<\/a>\u00a0Este informe elaborado por cient\u00edficos y profesionales de reconocido prestigio, a trav\u00e9s de un lenguaje claro, asequible y divulgativo dentro de los l\u00edmites \u00a0impuestos por el rigor cient\u00edfico proporciona una revisi\u00f3n y evaluaci\u00f3n de la evidencia cient\u00edfica sobre los potenciales efectos de los campos\u00a0electromagn\u00e9ticos\u00a0sobre la salud.<\/li>\n<li><a href=\"http:\/\/www.icnirp.org\/cms\/upload\/publications\/ICNIRPemfgdl.pdf\">Exposure to high frequency electromagnetic fields, biological effects and health consequences (100 kHz-300 GHz)<\/a>.\u00a0<a href=\"http:\/\/www.icnirp.de\/\">International Commission on Non-Ionizing Radiation Protection<\/a><a href=\"http:\/\/www.icnirp.de\/documents\/RFReview.pdf\">.<\/a>\u00a0Extens\u00edsimo documento en\u00a0el que se hace una exhaustiva revisi\u00f3n de casi 400 p\u00e1ginas de la relaci\u00f3n entre campos electromagn\u00e9ticos y la salud a trav\u00e9s de la evidencia cient\u00edfica disponible.<\/li>\n<li><a href=\"http:\/\/www.who.int\/peh-emf\/about\/WhatisEMF\/en\/\">What are Electromagnetic Fields. Wolrd Health Organization<\/a>. Documento en ingl\u00e9s con informaci\u00f3n general sobre campos electromagn\u00e9ticos y salud.\u00a0<a href=\"http:\/\/www.who.int\/peh-emf\/en\/\">Portal espec\u00edfico de la OMS aqu\u00ed<\/a>.<\/li>\n<li><a href=\"http:\/\/ccars.org.es\/publicaciones\/documentos-elaborados-por-el-ccars\/161-resumen-ejecutivo-informe-sobre-radiofrecuencias-y-salud-2016\">Resumen Ejecutivo Informe sobre Radiofrecuencias y Salud 2016<\/a>\u00a0(CCARS). Otros informes tem\u00e1ticos en:\u00a0<a href=\"http:\/\/ccars.org.es\/\">http:\/\/www.ccars.org.es\/<\/a><\/li>\n<li><a href=\"https:\/\/blog.uclm.es\/albertonajera\/wp-content\/uploads\/sites\/249\/2012\/11\/Doc_Posicionamiento_CCARS_Electrosensibilidad.pdf\">&#8230;sobre Hipersensibilidad Electromagn\u00e9tica y Alarma Social. CCARS<\/a>.<\/li>\n<li><a href=\"https:\/\/geoportal.minetur.gob.es\/VCTEL\/vcne.do\">Niveles de exposici\u00f3n Ministerio de Energ\u00eda, Turismo y Agenda Digital<\/a>.<\/li>\n<\/ul>\n<div style=\"text-align: justify\">Legislaci\u00f3n:<\/div>\n<ul>\n<li><a href=\"http:\/\/noticias.juridicas.com\/base_datos\/CCAA\/cm-l8-2001.t4.html#df2\">Ley 8\/2001, de 28 de junio<\/a>\u00a0para la Ordenaci\u00f3n de las Instalaciones de Radiocomunicaci\u00f3n en Castilla-La Mancha. Esta ley establece las condiciones que deben cumplir las antenas de radiocomunicaciones de 10 kHz a 300 GHz con el fin de proteger la salud y minimizar el impacto de estas instalaciones. Asimismo establece los l\u00edmites m\u00e1ximos de emisi\u00f3n de las diferentes emisiones (Anexo 1).<\/li>\n<li><a href=\"https:\/\/www.boe.es\/buscar\/doc.php?id=BOE-A-2001-18256\">Real Decreto 1066\/2001, de 28 de septiembre<\/a>, por el que se aprueba el Reglamento que establece condiciones de protecci\u00f3n del dominio p\u00fablico radioel\u00e9ctrico, restricciones a las emisiones radioel\u00e9ctricas y medidas de protecci\u00f3n sanitaria frente a emisiones radioel\u00e9ctricas.<\/li>\n<li><a href=\"http:\/\/www.minetad.gob.es\/telecomunicaciones\/Espectro\/NivelesExposicion\/Paginas\/Informes.aspx\">Informe sobre la exposici\u00f3n del p\u00fablico en general a las emisiones radioel\u00e9ctricas de estaciones de radiocomunicaci\u00f3n.<\/a>\u00a0Ministerio de Energ\u00eda, Turismo y Agenda Digital.<\/li>\n<li><a href=\"http:\/\/www.google.es\/url?sa=t&amp;rct=j&amp;q=&amp;esrc=s&amp;source=web&amp;cd=1&amp;cad=rja&amp;ved=0CCQQFjAA&amp;url=http%3A%2F%2Fwww.albacete.es%2Fes%2Fayuntamiento%2Fdocumentos%2Fordenanzas-y-reglamentos%2FNo%2520Fiscal%2Fordenanza-reguladora-de-las-instalaciones-de-radiocomunicacion-en-el-termino-municipal-de-albacete%2FPorta...BLICACION%2520EN%2520EL%2520BOP.pdf%2Fat_download%2Ffile&amp;ei=f_SiUNW4MMTX0QWIiYGwDQ&amp;usg=AFQjCNGM2A_kWP5daoHZbQCRrAT3Bz5qlQ&amp;sig2=4G9exliUG2OMQrbiehiS7Q\">Ordenanza Reguladora de las instalaciones de Radiocomunicaci\u00f3n en el t\u00e9rmino municipal de Albacete. BOP n\u00ba 48 de fecha 28 de abril de 2006)<\/a>. Ayuntamiento de Albacete.\u00a0<a href=\"http:\/\/www.albacete.com\/Portals\/_ayuntamiento\/File\/2010\/INFORME%2025%2002%202010%20SOBRE%20SENTENCIA%20ANULANDO%20ARTICULOS%20ORDENANZA%20ANTENAS%20PARA%20SU%20PUBLICACION%20EN%20EL%20BOP.pdf\">Sentencia de 26 de octubre de 2009 del Tribunal Superior de Justicia por la que se anulan ciertos art\u00edculos de la ordenanza<\/a>.<\/li>\n<li><a href=\"http:\/\/www.minetur.gob.es\/telecomunicaciones\/Espectro\/NivelesExposicion\/Paginas\/Legislacion.aspx\">Legislaci\u00f3n sobre niveles de exposici\u00f3n. Ministerio de Industria, Energ\u00eda y Turismo<\/a>.<\/li>\n<\/ul>\n","protected":false},"excerpt":{"rendered":"<p>Una de las principales quejas sobre la posible relaci\u00f3n entre los campos electromagn\u00e9ticos y la salud es la falta de informaci\u00f3n. Aquel que est\u00e1 preocupado por este asunto, suele acudir a Internet en busca de esta informaci\u00f3n. Si bien Internet ofrece innumerables posibilidades, en nuestras asignaturas del Grado en Medicina, solemos decir que \u00abla informaci\u00f3n [&hellip;]<\/p>\n","protected":false},"author":410,"featured_media":0,"parent":0,"menu_order":0,"comment_status":"closed","ping_status":"closed","template":"","meta":{"footnotes":""},"class_list":["post-324","page","type-page","status-publish","hentry"],"_links":{"self":[{"href":"https:\/\/blog.uclm.es\/albertonajera\/wp-json\/wp\/v2\/pages\/324","targetHints":{"allow":["GET"]}}],"collection":[{"href":"https:\/\/blog.uclm.es\/albertonajera\/wp-json\/wp\/v2\/pages"}],"about":[{"href":"https:\/\/blog.uclm.es\/albertonajera\/wp-json\/wp\/v2\/types\/page"}],"author":[{"embeddable":true,"href":"https:\/\/blog.uclm.es\/albertonajera\/wp-json\/wp\/v2\/users\/410"}],"replies":[{"embeddable":true,"href":"https:\/\/blog.uclm.es\/albertonajera\/wp-json\/wp\/v2\/comments?post=324"}],"version-history":[{"count":0,"href":"https:\/\/blog.uclm.es\/albertonajera\/wp-json\/wp\/v2\/pages\/324\/revisions"}],"wp:attachment":[{"href":"https:\/\/blog.uclm.es\/albertonajera\/wp-json\/wp\/v2\/media?parent=324"}],"curies":[{"name":"wp","href":"https:\/\/api.w.org\/{rel}","templated":true}]}}