{"id":308,"date":"2012-11-14T01:53:53","date_gmt":"2012-11-14T00:53:53","guid":{"rendered":"http:\/\/blog.uclm.es\/albertonajera\/?page_id=308"},"modified":"2012-11-14T01:53:53","modified_gmt":"2012-11-14T00:53:53","slug":"equipo-investigador","status":"publish","type":"page","link":"https:\/\/blog.uclm.es\/albertonajera\/equipo-investigador\/","title":{"rendered":"Equipo investigador"},"content":{"rendered":"<ul style=\"text-align: justify\">\n<li>Alberto N\u00e1jera L\u00f3pez. Investigador principal y responsable del proyecto (Profesor Contratado Doctor del Departamento de Ciencias M\u00e9dicas. \u00c1rea de Radiolog\u00eda y Medicina F\u00edsica).<\/li>\n<\/ul>\n<p style=\"text-align: justify\">Colaboran:<\/p>\n<ul style=\"text-align: justify\">\n<li>Juan Antonio Cotillas Soria (M\u00e9dico).<\/li>\n<li>Jes\u00fas Gonz\u00e1lez Rubio (Ingeniero Agr\u00f3nomo, estudiante predoctoral) .<\/li>\n<li>Ana Garrigues (Estudiante Trabajo fin de Grado de Ingenier\u00eda Inform\u00e1tica).<\/li>\n<\/ul>\n<p style=\"text-align: justify\">M\u00e1s informaci\u00f3n en la Web del Proyecto:\u00a0<a href=\"http:\/\/www.uclm.es\/profesorado\/alnajera\/CEP-CEP-CER\/index.htm\">http:\/\/www.uclm.es\/profesorado\/alnajera\/CEP-CEP-CER\/index.htm<\/a><\/p>\n","protected":false},"excerpt":{"rendered":"<p>Alberto N\u00e1jera L\u00f3pez. Investigador principal y responsable del proyecto (Profesor Contratado Doctor del Departamento de Ciencias M\u00e9dicas. \u00c1rea de Radiolog\u00eda y Medicina F\u00edsica). Colaboran: Juan Antonio Cotillas Soria (M\u00e9dico). Jes\u00fas Gonz\u00e1lez Rubio (Ingeniero Agr\u00f3nomo, estudiante predoctoral) . Ana Garrigues (Estudiante Trabajo fin de Grado de Ingenier\u00eda Inform\u00e1tica). M\u00e1s informaci\u00f3n en la Web del Proyecto:\u00a0http:\/\/www.uclm.es\/profesorado\/alnajera\/CEP-CEP-CER\/index.htm<\/p>\n","protected":false},"author":410,"featured_media":0,"parent":0,"menu_order":0,"comment_status":"closed","ping_status":"closed","template":"","meta":{"footnotes":""},"class_list":["post-308","page","type-page","status-publish","hentry"],"_links":{"self":[{"href":"https:\/\/blog.uclm.es\/albertonajera\/wp-json\/wp\/v2\/pages\/308","targetHints":{"allow":["GET"]}}],"collection":[{"href":"https:\/\/blog.uclm.es\/albertonajera\/wp-json\/wp\/v2\/pages"}],"about":[{"href":"https:\/\/blog.uclm.es\/albertonajera\/wp-json\/wp\/v2\/types\/page"}],"author":[{"embeddable":true,"href":"https:\/\/blog.uclm.es\/albertonajera\/wp-json\/wp\/v2\/users\/410"}],"replies":[{"embeddable":true,"href":"https:\/\/blog.uclm.es\/albertonajera\/wp-json\/wp\/v2\/comments?post=308"}],"version-history":[{"count":0,"href":"https:\/\/blog.uclm.es\/albertonajera\/wp-json\/wp\/v2\/pages\/308\/revisions"}],"wp:attachment":[{"href":"https:\/\/blog.uclm.es\/albertonajera\/wp-json\/wp\/v2\/media?parent=308"}],"curies":[{"name":"wp","href":"https:\/\/api.w.org\/{rel}","templated":true}]}}