{"id":272,"date":"2012-11-05T02:22:20","date_gmt":"2012-11-05T01:22:20","guid":{"rendered":"http:\/\/blog.uclm.es\/albertonajera\/?page_id=272"},"modified":"2012-11-05T02:22:20","modified_gmt":"2012-11-05T01:22:20","slug":"monico-sanchez-pionero-de-los-rayos-x","status":"publish","type":"page","link":"https:\/\/blog.uclm.es\/albertonajera\/monico-sanchez-pionero-de-los-rayos-x\/","title":{"rendered":"M\u00f3nico S\u00e1nchez &#8211; Pionero de los Rayos X"},"content":{"rendered":"<p>Aqu\u00ed enlazo algunas p\u00e1ginas, fotos, v\u00eddeos y documentos que pueden ser de inter\u00e9s. Gracias a Juan Pablo Rozas por las aportaciones.<\/p>\n<ul>\n<li>M\u00f3nico S\u00e1nchez, el gran inventor manchego. Radio UNED: <a href=\"https:\/\/youtu.be\/rGmhbUPpMKs\">https:\/\/youtu.be\/rGmhbUPpMKs<\/a><\/li>\n<li>M\u00f3nico S\u00e1nchez. tmConCiencia: <a href=\"https:\/\/youtu.be\/HjOkC7m6TDA\">https:\/\/youtu.be\/HjOkC7m6TDA<\/a><\/li>\n<li>Mis intervenciones M\u00f3nico S\u00e1nchez por Ferm\u00edn Fern\u00e1ndez:\u00a0<a href=\"https:\/\/youtu.be\/Bmgw8k7RqVg\">https:\/\/youtu.be\/Bmgw8k7RqVg<\/a><\/li>\n<li>M\u00f3nico en RNE el 4 de febrero de 2014:\u00a0<a style=\"font-size: 13px\" href=\"http:\/\/www.youtube.com\/watch?v=rGmhbUPpMKs\">http:\/\/www.youtube.com\/watch?v=rGmhbUPpMKs<\/a><\/li>\n<li>Aparato de rayos X en el Colegio Inmaculada de Gij\u00f3n:\u00a0https:\/\/youtu.be\/ELZPXYBgw9w<\/li>\n<li><a href=\"http:\/\/v2.uclm.es\/videos\/UCLM\/38\/4b3fa01f-1865-4adb-98cf-b3ae5e29881a.wmv\">Clase de Juan Pablo Rozas Quintanilla \u00abM\u00f3nico S\u00e1nchez inventor. El joven que quiso aprender\u00bb 3 de febrero de 2011<\/a>. (478MB).<\/li>\n<li><span style=\"font-size: 13px\"><a href=\"https:\/\/blog.uclm.es\/albertonajera\/wp-content\/uploads\/sites\/249\/2012\/11\/1852-2033-1-PB.pdf\">\u00abEl aparato de S\u00e1nchez del colegio de San Francisco de Paula de Sevilla\u00bb por V\u00edctor Manuel Jim\u00e9nez Su\u00e1rez en la Revista Espa\u00f1ola de F\u00edsica<\/a>.<\/span><\/li>\n<li><a style=\"font-size: 13px\" href=\"http:\/\/www.cadenaser.com\/gente\/audios\/ciencia-gran-monico\/csrcsrpor\/20130630csrcsrage_1\/Aes\/\">Entrevista a Manuel Lozano Leyva en Cadena Ser<\/a><span style=\"font-size: 13px\">.<\/span><\/li>\n<li><a style=\"font-size: 13px\" href=\"http:\/\/www.popularlibros.com\/libros\/el-gran-monico\/587086\/978-84-9992-288-1\">\u00abEl gran M\u00f3nico\u00bb de Manuel Lozano Leyva. Editorial Debate<\/a><span style=\"font-size: 13px\">.<\/span><\/li>\n<li><a href=\"http:\/\/www.alpoma.net\/tecob\/?p=8052\">El Laboratorio El\u00e9ctrico de M\u00f3nico S\u00e1nchez<\/a>\u00a0por\u00a0<a href=\"https:\/\/twitter.com\/alpoma\">Alejandro Polanco<\/a>.<\/li>\n<li><a href=\"http:\/\/pid.ics.jccm.es\/PaginasWeb\/Museo_Introduccion.aspx\">Museo de Ciencias de la Salud de Castilla &#8211; La Mancha<\/a>.<\/li>\n<li><a href=\"http:\/\/www.piedrabuena.es\/cultura\/personalidades\/monico_sanchez.php\">M\u00f3nico S\u00e1nchez. P\u00e1gina del Ayuntamiento de Piedrabuena (Ciudad Real)<\/a> en <a href=\"http:\/\/www.uclm.es\/profesorado\/alnajera\/APURF\/monicosanchez\/MonicoSanchez_Ayto_PiedraBuena.pdf\">PDF AQUI<\/a>.<\/li>\n<li><a href=\"http:\/\/www.electrotherapymuseum.com\/2008\/Sanchez\/index.htm\">Algunas fotos del Electrotherapy<\/a>.<\/li>\n<li><a href=\"http:\/\/www.electrotherapymuseum.com\/2008\/Monico\/index.htm\">Museum M\u00f3nico S\u00e1nchez: X-ray Pioner. Electrotherapy Museum<\/a>.<\/li>\n<li><a href=\"http:\/\/www.uclm.es\/profesorado\/alnajera\/APURF\/monicosanchez\/CentenarioSCIencia.pdf\">M\u00f3nico S\u00e1nchez por Juan Pablo Rozas<\/a>.<\/li>\n<li><a href=\"http:\/\/edu.jccm.es\/ies\/monicosanchez\/\">Instituto de Educaci\u00f3n Secundaria M\u00f3nico S\u00e1nchez<\/a>.<\/li>\n<\/ul>\n<p style=\"text-align: center\"><a href=\"http:\/\/youtu.be\/ELZPXYBgw9w\">V\u00eddeo 1<\/a><\/p>\n<p style=\"text-align: center\"><a href=\"http:\/\/youtu.be\/20CKhMbfjto\">V\u00eddeo 2<\/a><\/p>\n<p style=\"text-align: center\"><a href=\"http:\/\/youtu.be\/iUNZNBEmkr0\">V\u00eddeo 3<\/a><\/p>\n","protected":false},"excerpt":{"rendered":"<p>Aqu\u00ed enlazo algunas p\u00e1ginas, fotos, v\u00eddeos y documentos que pueden ser de inter\u00e9s. Gracias a Juan Pablo Rozas por las aportaciones. M\u00f3nico S\u00e1nchez, el gran inventor manchego. Radio UNED: https:\/\/youtu.be\/rGmhbUPpMKs M\u00f3nico S\u00e1nchez. tmConCiencia: https:\/\/youtu.be\/HjOkC7m6TDA Mis intervenciones M\u00f3nico S\u00e1nchez por Ferm\u00edn Fern\u00e1ndez:\u00a0https:\/\/youtu.be\/Bmgw8k7RqVg M\u00f3nico en RNE el 4 de febrero de 2014:\u00a0http:\/\/www.youtube.com\/watch?v=rGmhbUPpMKs Aparato de rayos X en [&hellip;]<\/p>\n","protected":false},"author":410,"featured_media":0,"parent":0,"menu_order":0,"comment_status":"closed","ping_status":"closed","template":"","meta":{"footnotes":""},"class_list":["post-272","page","type-page","status-publish","hentry"],"_links":{"self":[{"href":"https:\/\/blog.uclm.es\/albertonajera\/wp-json\/wp\/v2\/pages\/272","targetHints":{"allow":["GET"]}}],"collection":[{"href":"https:\/\/blog.uclm.es\/albertonajera\/wp-json\/wp\/v2\/pages"}],"about":[{"href":"https:\/\/blog.uclm.es\/albertonajera\/wp-json\/wp\/v2\/types\/page"}],"author":[{"embeddable":true,"href":"https:\/\/blog.uclm.es\/albertonajera\/wp-json\/wp\/v2\/users\/410"}],"replies":[{"embeddable":true,"href":"https:\/\/blog.uclm.es\/albertonajera\/wp-json\/wp\/v2\/comments?post=272"}],"version-history":[{"count":0,"href":"https:\/\/blog.uclm.es\/albertonajera\/wp-json\/wp\/v2\/pages\/272\/revisions"}],"wp:attachment":[{"href":"https:\/\/blog.uclm.es\/albertonajera\/wp-json\/wp\/v2\/media?parent=272"}],"curies":[{"name":"wp","href":"https:\/\/api.w.org\/{rel}","templated":true}]}}