{"id":128,"date":"2012-11-04T23:43:34","date_gmt":"2012-11-04T22:43:34","guid":{"rendered":"http:\/\/blog.uclm.es\/albertonajera\/?page_id=128"},"modified":"2012-11-04T23:43:34","modified_gmt":"2012-11-04T22:43:34","slug":"curso-de-informatica-al-grano","status":"publish","type":"page","link":"https:\/\/blog.uclm.es\/albertonajera\/curso-de-informatica-al-grano\/","title":{"rendered":"Curso de Inform\u00e1tica \u00abal grano\u00bb"},"content":{"rendered":"<p><strong>INTRODUCCI\u00d3N<\/strong><\/p>\n<p style=\"text-align: justify\">En esta p\u00e1gina pretendo recoger los contenidos fundamentales de un curso\u00a0que\u00a0llevo a\u00f1os impartiendo y que se suele titular \u00abOfim\u00e1tica aplicada a la Investigaci\u00f3n Biom\u00e9dica\u00bb. En sesiones de una tarde se pretende ense\u00f1ar a utilizar las principales herramientas ofim\u00e1ticas que necesitar\u00e1 un doctorando o alumno de M\u00e1ster para realizar su\u00a0Tesis\u00a0Doctoral o Trabajo Fin de M\u00e1ster.<\/p>\n<p style=\"text-align: justify\">Muchas veces me he encontrado con alumnos que pierden m\u00e1s tiempo utilizando la inform\u00e1tica que si hicieran las cosas a mano y ese es justo el objetivo contrario que pretendemos alcanzar con el uso de los ordenadores. A pesar de que la mayor\u00eda de los planes de estudios de las diferentes disciplinas incluyen asignaturas de inform\u00e1tica, \u00e9stas no proporcionan los conocimientos suficientes para que un reci\u00e9n licenciado realice una tesis doctoral, un trabajo fin de M\u00e1ster o un informe de investigaci\u00f3n, aprovechando al m\u00e1ximo el potencial que ofrecen las herramientas inform\u00e1ticas.<\/p>\n<p style=\"text-align: justify\">Escribir un texto cient\u00edfico, generar tablas de contenido o de figuras autom\u00e1ticamente, crear gr\u00e1ficos con los datos experimentales, preparar una presentaci\u00f3n oral clara y vistosa, disponer de una base bibliogr\u00e1fica que genere autom\u00e1ticamente la bibliograf\u00eda de un art\u00edculo cient\u00edfico o una tesis doctoral, manejar herramientas de e-learning como Moodle, etc. son una serie de actividades que cualquier reci\u00e9n titulado deber\u00eda saber hacer, pero llegado el momento, la falta de los conocimientos adecuados pueden retrasar, y mucho, nuestro trabajo. Esto hace que lo que en un principio puede ser de ayuda constituya, al final, un problema cuya resoluci\u00f3n nos lleve demasiadas horas.<\/p>\n<p style=\"text-align: justify\">Son frecuentes los cursos de inform\u00e1tica en los que se proporciona una gran cantidad de teor\u00eda o en los que los ejercicios pr\u00e1cticos no son similares a nuestros problemas reales. Por esta raz\u00f3n se plantea un curso pr\u00e1ctico de inform\u00e1tica en el que, en vez de recibir una gran cantidad de informaci\u00f3n, los alumnos planteen sus problemas y dudas reales y que \u00e9stos se resuelvan en com\u00fan. As\u00ed, con los a\u00f1os, he recogido las acciones b\u00e1sicas que deber\u00edan saber hacer en este curso que he denomiado \u00abInform\u00e1tica al grano\u00bb porque si una aplicaci\u00f3n gen\u00e9rica no se puede aprender\/explicar en una tarde, entonces est\u00e1 mal dise\u00f1ada y seguro que hay otra mejor&#8230;. pero hay que saber esas acciones m\u00ednimas, que son las que se recogen en este curso.<\/p>\n<p><strong>PROFESORADO<\/strong><\/p>\n<p>Nombre y Apellidos: Alberto N\u00e1jera L\u00f3pez<br \/>\nURL: <a href=\"http:\/\/www.uclm.es\/profesorado\/alnajera\">http:\/\/www.uclm.es\/profesorado\/alnajera<\/a><br \/>\nTwitter: <a href=\"https:\/\/twitter.com\/#%21\/najera2000\">@najera2000<\/a><\/p>\n<p><strong>PROGRAMA<\/strong><\/p>\n<p><strong>Sesi\u00f3n 1: Microsoft Word.<\/strong><\/p>\n<ol>\n<li>Crear estilos personales. Formatear un art\u00edculo cient\u00edfico.<\/li>\n<li>Crear tablas de contenido: Crear la tabla de contenido y de figuras de una tesis doctoral.<\/li>\n<li>Inserci\u00f3n y retoque de im\u00e1genes. Inserci\u00f3n de im\u00e1genes desde otras aplicaciones \u2013 correcci\u00f3n de resoluciones.<\/li>\n<\/ol>\n<p><strong>Sesi\u00f3n 2: Gesti\u00f3n bibliogr\u00e1fica con ZOTERO.<\/strong><\/p>\n<ol>\n<li>B\u00fasquedas en Medline, JCR, \u00edndice de impacto y factor h.<\/li>\n<li>Crear base de datos bibliogr\u00e1fica.<\/li>\n<li>Inserci\u00f3n de fichas bibliogr\u00e1ficas.<\/li>\n<li>Compartir bases de datos bibliogr\u00e1ficas.<\/li>\n<li>Integraci\u00f3n con Microsoft Word. Citar mientras se escribe.<\/li>\n<li>Generar bibliograf\u00eda.<\/li>\n<\/ol>\n<p><strong>Sesi\u00f3n 3: Excel.<\/strong><\/p>\n<ol>\n<li>Moverse por el entorno de Microsoft Excel (barras de men\u00fas y botones m\u00e1s importantes de las barras de herramientas).<\/li>\n<li>Realizar operaciones aritm\u00e9ticas con el contenido de las celdas de la hoja de c\u00e1lculo.<\/li>\n<li>Evaluar num\u00e9ricamente cualquier combinaci\u00f3n de las funciones matem\u00e1ticas incluidas en Excel.<\/li>\n<li>Funciones estad\u00edsticas.<\/li>\n<li>Representar funciones de tipo y=f(x), en representaciones XY.<\/li>\n<li>Representar datos estad\u00edsticos: gr\u00e1ficos de barras verticales y horizontales, gr\u00e1ficos porcentuales.<\/li>\n<li>Personalizar el aspecto de las gr\u00e1ficas: Rango de representaci\u00f3n, t\u00edtulos de los ejes y del gr\u00e1fico, leyenda.<\/li>\n<li>Crear un gr\u00e1fico con Microsoft Excel e incluirlo en un documento Microsoft Word.<\/li>\n<li>Utilizar cualquier funci\u00f3n matem\u00e1tica disponible en Excel.<\/li>\n<\/ol>\n<p><strong>Sesi\u00f3n 4: PowerPoint y Otras aplicaciones.\u00a0<\/strong><\/p>\n<ol>\n<li>Fundamentos de PowerPoint: patr\u00f3n de diapositivas, animaciones, etc.<\/li>\n<li>Prezi: zooming presentations.<\/li>\n<li>\u00bfTu propio blog y p\u00e1gina Web? WordPress.<\/li>\n<li>Copias de seguridad: Cobian BackUp, Goodsync.<\/li>\n<li>E-Learning: Moodle.<\/li>\n<li>Intercambio de archivos: FTP Server y Dropbox.<\/li>\n<li>Generar PDFs: PDF Creator.<\/li>\n<li>Herramientas de participaci\u00f3n Doodle.<\/li>\n<li>Google Docs.<\/li>\n<\/ol>\n<p><strong>CONTENIDOS<\/strong><\/p>\n<p><strong>Sesi\u00f3n 1. Word.<\/strong><\/p>\n<ul>\n<li><a href=\"https:\/\/blog.uclm.es\/albertonajera\/wp-content\/uploads\/sites\/249\/2012\/11\/Guia_rapida_Word_2007.pdf\">Gu\u00eda r\u00e1pida Word 2007<\/a>.<\/li>\n<li><a href=\"http:\/\/www.youtube.com\/watch?v=UJVkm7Pq4yU\">V\u00eddeo 1: Entorno de Word 2007<\/a>.<\/li>\n<li><a href=\"http:\/\/www.youtube.com\/watch?v=B2CPA5LN4jo\">V\u00eddeo 2: Formato de p\u00e1gina en Word 2007<\/a>.<\/li>\n<li><a href=\"http:\/\/www.youtube.com\/watch?v=-TGpU2a2UgA\">V\u00eddeo 3: Formato de texto en Word 2007<\/a>.<\/li>\n<li><a href=\"http:\/\/www.youtube.com\/watch?v=_jKoyydjfdA\">V\u00eddeo 4: Insertar una tabla de contenido en Word 2007<\/a>.<\/li>\n<\/ul>\n<p><strong>Sesi\u00f3n 2. Zotero.<\/strong><\/p>\n<ul>\n<li><a href=\"https:\/\/blog.uclm.es\/albertonajera\/wp-content\/uploads\/sites\/249\/2012\/11\/Guia_rapida_Zotero.pdf\">Gu\u00eda r\u00e1pida de Zotero<\/a>.<\/li>\n<li><a href=\"http:\/\/www.zotero.org\/support\/3.0\">Zotero &#8211; P\u00e1gina Oficial para descargar Complemento para Firefox o la versi\u00f3n \u00abStanalone\u00bb para trabajar con Google Chrome<\/a>.<\/li>\n<li><a href=\"http:\/\/www.zotero.org\/support\/word_processor_integration\">Zotero &#8211; Microsoft Word and Openoffice Writer Processor Integration<\/a>.<\/li>\n<li><a href=\"http:\/\/www.zotero.org\/static\/videos\/tour\/zotero_tour.htm\">Zotero TOUR<\/a>.<\/li>\n<li><a href=\"https:\/\/blog.uclm.es\/albertonajera\/wp-content\/uploads\/sites\/249\/2012\/11\/ExportaImportar.pdf\">C\u00f3mo exportar e importar bibliograf\u00edas entre diferentes programas (v\u00eda AJIAB)<\/a>.<\/li>\n<li><a href=\"http:\/\/www.ncbi.nlm.nih.gov\/pubmed\/\">Acceso a PubMed<\/a>.<\/li>\n<li><a href=\"http:\/\/www.accesowok.fecyt.es\/wos\/\">Acceso Web of Knowledge<\/a>.<\/li>\n<li><a href=\"http:\/\/www.accesowok.fecyt.es\/?page_id=1580\">V\u00eddeocurso Web of Knowledge<\/a>.<\/li>\n<li><a href=\"http:\/\/www.accesowok.fecyt.es\/?page_id=1587\">V\u00eddeocurso Web of Science<\/a>.<\/li>\n<\/ul>\n<p><strong>Sesi\u00f3n 3. Excel.<\/strong><\/p>\n<ul>\n<li><a href=\"http:\/\/www.youtube.com\/watch?v=EbC-zSjSO7U\">V\u00eddeo 1: Primer contacto con Excel 2007<\/a>.<\/li>\n<li><a href=\"http:\/\/youtu.be\/p1OXOK5070M\">V\u00eddeo 2: Recuperar datos desde el INE<\/a>.<\/li>\n<li><a href=\"http:\/\/www.youtube.com\/watch?v=U4XSsUjnJRA\">V\u00eddeo 3: Juntar archivos de datos en Excel 2007<\/a>.<\/li>\n<li><a href=\"http:\/\/www.youtube.com\/watch?v=TGITfCms25E\">V\u00eddeo 4: Dar formato a celdas y uso de funciones b\u00e1sicas en Excel 2007<\/a>.<\/li>\n<li><a href=\"http:\/\/www.youtube.com\/watch?v=SsCIDUi_fwE\">V\u00eddeo 5: Gr\u00e1ficos en Excel 2007<\/a>.<\/li>\n<\/ul>\n<p><strong>Sesi\u00f3n 4. PowerPoint y otros.<\/strong><\/p>\n<ul>\n<li><a href=\"http:\/\/www.youtube.com\/watch?v=cW908I81V8k\">V\u00eddeo 1: Manejo b\u00e1sico de PowerPoint 2007<\/a>.<\/li>\n<li><a href=\"http:\/\/youtu.be\/hwa-tgEmSiA\">V\u00eddeo 2: C\u00f3mo insertar un v\u00eddeo de Youtube en PowerPoint<\/a>.<\/li>\n<li><a href=\"http:\/\/skp.mvps.org\/youtube.htm\">Plug-in para PowerPoint para insertar v\u00eddeos de YouTube<\/a>.<\/li>\n<li><a href=\"http:\/\/skp.mvps.org\/liveweb.htm\">Plug-in pra PowerPoint para insertar p\u00e1ginas Web en una presentaci\u00f3n de forma viva<\/a>.<\/li>\n<li>Presentaciones orales en Biomedicina.<\/li>\n<li><a href=\"http:\/\/www.prezi.com\/\">Prezi &#8211; zooming presentarions<\/a>.<\/li>\n<li><a href=\"https:\/\/prezi.com\/support\/article\/steps\/get-started-with-prezi\/?lang=es\">Curso b\u00e1sico de Prezi<\/a>.<\/li>\n<li><a href=\"https:\/\/youtu.be\/tKMlaCfdczM\">C\u00f3mo hacer copias de seguridad con GoodSync<\/a>.<\/li>\n<li><a href=\"http:\/\/www.youtube.com\/watch?v=1rhf8ymGHHg\">Tutorial de Dropbox<\/a>.<\/li>\n<li><a href=\"https:\/\/youtu.be\/XhfqG4X_orM\">Tutorial de Twitter<\/a>.<\/li>\n<li><a href=\"https:\/\/blog.uclm.es\/albertonajera\/wp-content\/uploads\/sites\/249\/2012\/11\/Guia_rapida_Facebook_y_Twitter_2012.pdf\">Gu\u00eda r\u00e1pida de Facebook y Twitter<\/a>.<\/li>\n<\/ul>\n<p><strong>OTROS RECURSOS:<\/strong><\/p>\n<p><strong>Libros:<\/strong><\/p>\n<p><a href=\"https:\/\/blog.uclm.es\/albertonajera\/wp-content\/uploads\/sites\/249\/2012\/11\/product_thumbnail.jpg\"><img loading=\"lazy\" decoding=\"async\" class=\"alignleft size-full wp-image-137\" src=\"https:\/\/blog.uclm.es\/albertonajera\/wp-content\/uploads\/sites\/249\/2012\/11\/product_thumbnail.jpg\" alt=\"\" width=\"224\" height=\"320\" srcset=\"https:\/\/blog.uclm.es\/albertonajera\/wp-content\/uploads\/sites\/249\/2012\/11\/product_thumbnail.jpg 224w, https:\/\/blog.uclm.es\/albertonajera\/wp-content\/uploads\/sites\/249\/2012\/11\/product_thumbnail-210x300.jpg 210w\" sizes=\"auto, (max-width: 224px) 100vw, 224px\" \/><\/a><a href=\"http:\/\/www.lulu.com\/shop\/alberto-n%C3%A1jera-l%C3%B3pez-and-enrique-arribas-garde\/tecnolog%C3%ADas-de-la-informaci%C3%B3n-y-la-comunicaci%C3%B3n-para-profesionales-de-la-salud\/paperback\/product-20384533.html\">NAJERA, A., ARRIBAS, E., Tecnolog\u00edas de la Informaci\u00f3n y la Comunicaci\u00f3n para profesionales de la Salud. Ed. Lulu.com, 2012<\/a>.<\/p>\n<p style=\"text-align: justify\">Las TIC est\u00e1n cambiando todas las actividades de la vida diaria, en particular la forma de entender todas las profesiones y, en el caso de las profesiones del \u00e1mbito de la Salud, este cambio se perfila extremo. Irremediablemente, los cambios asociados al uso de las TIC provocar\u00e1n que, tanto el periodo de formaci\u00f3n como el desarrollo de su profesi\u00f3n, est\u00e9n unidos a un ordenador, Smartphone, tableta o cualquier dispositivo susceptible de procesar informaci\u00f3n.<\/p>\n<p style=\"text-align: justify\">Este texto es la actualizaci\u00f3n de un libro anterior, titulado \u201cFundamentos de Inform\u00e1tica para profesionales de la Salud\u201d que hemos revisado y actualizado en profundidad. Pensamos que incluir en el t\u00edtulo el concepto de TIC es m\u00e1s apropiado pues no se trata \u00fanicamente de inform\u00e1tica sino que los contenidos son m\u00e1s amplios que el tratamiento de datos mediante un ordenador. Adem\u00e1s hemos incluido un nuevo m\u00f3dulo sobre redes sociales en el que se introducen los conceptos b\u00e1sicos de Facebook y Twitter que no estaban presentes en la edici\u00f3n anterior.<\/p>\n<p><strong>P\u00e1ginas Web:<\/strong><\/p>\n<ul>\n<li>Curso de PubMed: <a href=\"http:\/\/www.fisterra.com\/recursos_web\/no_explor\/pubmed.htm\">http:\/\/www.fisterra.com\/recursos_web\/no_explor\/pubmed.htm<\/a><\/li>\n<li>Cursos de Inform\u00e1tica: <a href=\"http:\/\/www.aulaclic.org\/\">http:\/\/www.aulaclic.org\/<\/a><\/li>\n<li>Curso de MS Word: <a href=\"http:\/\/www.aulaclic.com\/word2002\/f_word2002.htm\">http:\/\/www.aulaclic.com\/word2002\/f_word2002.htm<\/a><\/li>\n<li>Curso de MS Excel: <a href=\"http:\/\/www.aulaclic.org\/excel2000\/f_excel2000.htm\">http:\/\/www.aulaclic.org\/excel2000\/f_excel2000.htm<\/a><\/li>\n<li>Curso de MS PowerPoint:: <a href=\"http:\/\/www.aulaclic.org\/power\/f_power.htm\">http:\/\/www.aulaclic.org\/power\/f_power.htm<\/a><\/li>\n<li>Diccionario de t\u00e9rminos inform\u00e1ticos: <a href=\"http:\/\/whatis.com\/\">http:\/\/whatis.com\/<\/a><\/li>\n<li>Recomendaciones sobre salud laboral y uso de ordenadores: <a href=\"http:\/\/www.sav.us.es\/formaciononline\/cursobscw\/saludlaboral.htm\">http:\/\/www.sav.us.es\/formaciononline\/cursobscw\/saludlaboral.htm<\/a><\/li>\n<li>Softonic.com descargas gratuitas de software: <a href=\"http:\/\/www.softonic.com\">http:\/\/www.softonic.com<\/a><\/li>\n<\/ul>\n","protected":false},"excerpt":{"rendered":"<p>INTRODUCCI\u00d3N En esta p\u00e1gina pretendo recoger los contenidos fundamentales de un curso\u00a0que\u00a0llevo a\u00f1os impartiendo y que se suele titular \u00abOfim\u00e1tica aplicada a la Investigaci\u00f3n Biom\u00e9dica\u00bb. En sesiones de una tarde se pretende ense\u00f1ar a utilizar las principales herramientas ofim\u00e1ticas que necesitar\u00e1 un doctorando o alumno de M\u00e1ster para realizar su\u00a0Tesis\u00a0Doctoral o Trabajo Fin de M\u00e1ster. [&hellip;]<\/p>\n","protected":false},"author":410,"featured_media":0,"parent":0,"menu_order":0,"comment_status":"closed","ping_status":"closed","template":"","meta":{"footnotes":""},"class_list":["post-128","page","type-page","status-publish","hentry"],"_links":{"self":[{"href":"https:\/\/blog.uclm.es\/albertonajera\/wp-json\/wp\/v2\/pages\/128","targetHints":{"allow":["GET"]}}],"collection":[{"href":"https:\/\/blog.uclm.es\/albertonajera\/wp-json\/wp\/v2\/pages"}],"about":[{"href":"https:\/\/blog.uclm.es\/albertonajera\/wp-json\/wp\/v2\/types\/page"}],"author":[{"embeddable":true,"href":"https:\/\/blog.uclm.es\/albertonajera\/wp-json\/wp\/v2\/users\/410"}],"replies":[{"embeddable":true,"href":"https:\/\/blog.uclm.es\/albertonajera\/wp-json\/wp\/v2\/comments?post=128"}],"version-history":[{"count":0,"href":"https:\/\/blog.uclm.es\/albertonajera\/wp-json\/wp\/v2\/pages\/128\/revisions"}],"wp:attachment":[{"href":"https:\/\/blog.uclm.es\/albertonajera\/wp-json\/wp\/v2\/media?parent=128"}],"curies":[{"name":"wp","href":"https:\/\/api.w.org\/{rel}","templated":true}]}}