{"id":104,"date":"2012-11-04T18:46:01","date_gmt":"2012-11-04T17:46:01","guid":{"rendered":"http:\/\/blog.uclm.es\/albertonajera\/?page_id=104"},"modified":"2012-11-04T18:46:01","modified_gmt":"2012-11-04T17:46:01","slug":"redes-sociales-en-docencia","status":"publish","type":"page","link":"https:\/\/blog.uclm.es\/albertonajera\/redes-sociales-en-docencia\/","title":{"rendered":"Redes sociales en docencia"},"content":{"rendered":"<p style=\"text-align: justify\">Desde el curso 2010-11 el \u00e1rea de Radiolog\u00eda y Medicina F\u00edsica viene utilizando Facebook y Twitter como herramientas complementarias de comunicaci\u00f3n Alumno\/Profesores con excelentes resultados.<\/p>\n<p style=\"text-align: justify\">Desde el \u00c1rea de Radiolog\u00eda y Medicina F\u00edsica coordinamos el Proyecto de Innovaci\u00f3n de Docente titulado: \u00abGrupos de Facebook como herramienta de apoyo a la docencia en la Facultad de Medicina de Albacete\u00bb y coordinado por la Unidad de Innovaci\u00f3n Educativa de la UCLM.<\/p>\n<p style=\"text-align: justify\">Coordinamos los siguientes grupos docentes:<\/p>\n<ul style=\"text-align: justify\">\n<li>Primero: <a href=\"https:\/\/www.facebook.com\/groups\/MedicinaAB2012\/\">https:\/\/www.facebook.com\/groups\/MedicinaAB2012\/<\/a><\/li>\n<li>Segundo: <a href=\"https:\/\/www.facebook.com\/groups\/PrimeroMedicinaAB\/\">https:\/\/www.facebook.com\/groups\/PrimeroMedicinaAB\/ (la direcci\u00f3n es as\u00ed aunque sea segundo curso)<\/a><\/li>\n<li>Tercero: <a href=\"https:\/\/www.facebook.com\/groups\/promocion2010AB\/\">https:\/\/www.facebook.com\/groups\/promocion2010AB\/<\/a><\/li>\n<li>Grupo general de la Facultad: <a href=\"https:\/\/www.facebook.com\/groups\/medicinaab\/\">https:\/\/www.facebook.com\/groups\/medicinaab\/<\/a><\/li>\n<\/ul>\n<p style=\"text-align: justify\">Puedes seguirnos en <a href=\"https:\/\/twitter.com\/#!\/RadMedFisAB\">@RadMedFisAB<\/a><\/p>\n<p style=\"text-align: justify\">\n","protected":false},"excerpt":{"rendered":"<p>Desde el curso 2010-11 el \u00e1rea de Radiolog\u00eda y Medicina F\u00edsica viene utilizando Facebook y Twitter como herramientas complementarias de comunicaci\u00f3n Alumno\/Profesores con excelentes resultados. Desde el \u00c1rea de Radiolog\u00eda y Medicina F\u00edsica coordinamos el Proyecto de Innovaci\u00f3n de Docente titulado: \u00abGrupos de Facebook como herramienta de apoyo a la docencia en la Facultad de [&hellip;]<\/p>\n","protected":false},"author":410,"featured_media":0,"parent":0,"menu_order":0,"comment_status":"closed","ping_status":"closed","template":"page-fullwidth.php","meta":{"footnotes":""},"class_list":["post-104","page","type-page","status-publish","hentry"],"_links":{"self":[{"href":"https:\/\/blog.uclm.es\/albertonajera\/wp-json\/wp\/v2\/pages\/104","targetHints":{"allow":["GET"]}}],"collection":[{"href":"https:\/\/blog.uclm.es\/albertonajera\/wp-json\/wp\/v2\/pages"}],"about":[{"href":"https:\/\/blog.uclm.es\/albertonajera\/wp-json\/wp\/v2\/types\/page"}],"author":[{"embeddable":true,"href":"https:\/\/blog.uclm.es\/albertonajera\/wp-json\/wp\/v2\/users\/410"}],"replies":[{"embeddable":true,"href":"https:\/\/blog.uclm.es\/albertonajera\/wp-json\/wp\/v2\/comments?post=104"}],"version-history":[{"count":0,"href":"https:\/\/blog.uclm.es\/albertonajera\/wp-json\/wp\/v2\/pages\/104\/revisions"}],"wp:attachment":[{"href":"https:\/\/blog.uclm.es\/albertonajera\/wp-json\/wp\/v2\/media?parent=104"}],"curies":[{"name":"wp","href":"https:\/\/api.w.org\/{rel}","templated":true}]}}