{"id":92,"date":"2017-05-23T11:17:46","date_gmt":"2017-05-23T10:17:46","guid":{"rendered":"http:\/\/blogdev.uclm.es\/albertomunoz\/?page_id=92"},"modified":"2022-11-04T12:13:50","modified_gmt":"2022-11-04T11:13:50","slug":"tutorias-personalizadas","status":"publish","type":"page","link":"https:\/\/blog.uclm.es\/albertomunoz\/tutorias-personalizadas\/","title":{"rendered":"Tutor\u00edas personalizadas"},"content":{"rendered":"<p>El programa de tutor\u00edas personalizadas va dirigido a potenciar las capacidades de los estudiantes, fortalecer las debilidades surgidas en los procesos de aprendizaje y proporcionar orientaci\u00f3n acad\u00e9mica que ayude al alumno en la toma de decisiones con respecto a las opciones de formaci\u00f3n que le brinda la universidad.<\/p>\n<p>Los objetivos de las tutor\u00edas personalizadas son:<\/p>\n<ul>\n<li>Facilitar el proceso de integraci\u00f3n de los alumnos en el sistema universitario.<\/li>\n<li>Guiar a los alumnos en el desarrollo de sus estrategias de aprendizaje para la mejora de su rendimiento acad\u00e9mico.<\/li>\n<li>Ofrecer orientaci\u00f3n acad\u00e9mica personalizada a los alumnos como medio de asesoramiento que le sirva de base para la toma de sus decisiones. Por ejemplo: informarle sobre el Plan de Estudios o el funcionamiento de la Facultad y la Universidad; orientarle sobre las distintas normativas que le son de aplicaci\u00f3n (Permanencia, Evaluaci\u00f3n, Reconocimiento de Cr\u00e9ditos,\u2026); ayudarle en la toma de decisiones con relaci\u00f3n a asignaturas y\/o itinerarios, as\u00ed como en la planificaci\u00f3n de la matriculaci\u00f3n del siguiente curso; se\u00f1alarle los \u00f3rganos a los cuales ha de acudir ante determinados problemas o situaciones que se le hayan podido plantear,\u2026<\/li>\n<li>Orientarle en la conformaci\u00f3n de un perfil profesional mediante la informaci\u00f3n del contenido de las asignaturas optativas, as\u00ed como informarle sobre becas, salidas profesionales, estudios de postgrado, o programas de intercambio y pr\u00e1cticas que puedan ser de su inter\u00e9s.<\/li>\n<li>Orientar al alumno a lo largo del primer ciclo de su trayectoria curricular.<\/li>\n<\/ul>\n<p>Las tutor\u00edas\u00a0personalizadas son distintas de las tutor\u00edas acad\u00e9micas que corresponde atender a cada profesor para aclarar dudas o profundizar con el alumno en el conocimiento de la asignatura espec\u00edfica impartida.<\/p>\n<p>Por otro lado, se espera que como resultado de este Programa de Tutor\u00edas Personalizadas el Centro pueda recabar informaci\u00f3n con relaci\u00f3n a la opini\u00f3n de los Estudiantes sobre el Centro y su funcionamiento, posibilitando as\u00ed detectar posibles disfunciones y problemas existentes.<\/p>\n<p>Para cualquier consulta, me pod\u00e9is escribir a mi correo: Alberto.Munoz@uclm.es<\/p>\n<p>Tambi\u00e9n os animo a que os incorpor\u00e9is al siguiente grupo de facebook donde se pueden leer, comentar y compartir lecturas e inquietudes que ayudar\u00e1n a crear opini\u00f3, reflexi\u00f3n y pensamiento cr\u00edtico:<\/p>\n<p style=\"text-align: center\"><a href=\"https:\/\/www.facebook.com\/groups\/porpartidadoble\/\"><span style=\"color: #000080\"><em><strong>Por partida doble<\/strong><\/em><\/span><\/a> (https:\/\/www.facebook.com\/groups\/porpartidadoble\/)<\/p>\n<p style=\"text-align: center\">____________________________________________________________________<\/p>\n\n\n<figure class=\"wp-block-image size-large\"><img loading=\"lazy\" decoding=\"async\" width=\"1024\" height=\"728\" src=\"https:\/\/blog.uclm.es\/albertomunoz\/wp-content\/uploads\/sites\/99\/2020\/09\/diploma-1024x728.jpg\" alt=\"\" class=\"wp-image-506\" srcset=\"https:\/\/blog.uclm.es\/albertomunoz\/wp-content\/uploads\/sites\/99\/2020\/09\/diploma-1024x728.jpg 1024w, https:\/\/blog.uclm.es\/albertomunoz\/wp-content\/uploads\/sites\/99\/2020\/09\/diploma-300x213.jpg 300w, https:\/\/blog.uclm.es\/albertomunoz\/wp-content\/uploads\/sites\/99\/2020\/09\/diploma-768x546.jpg 768w, https:\/\/blog.uclm.es\/albertomunoz\/wp-content\/uploads\/sites\/99\/2020\/09\/diploma-1536x1093.jpg 1536w, https:\/\/blog.uclm.es\/albertomunoz\/wp-content\/uploads\/sites\/99\/2020\/09\/diploma-422x300.jpg 422w, https:\/\/blog.uclm.es\/albertomunoz\/wp-content\/uploads\/sites\/99\/2020\/09\/diploma.jpg 1767w\" sizes=\"auto, (max-width: 1024px) 100vw, 1024px\" \/><\/figure>\n","protected":false},"excerpt":{"rendered":"<p>El programa de tutor\u00edas personalizadas va dirigido a potenciar las capacidades de los estudiantes, fortalecer las debilidades surgidas en los procesos de aprendizaje y proporcionar orientaci\u00f3n acad\u00e9mica que ayude al alumno en la toma de decisiones con respecto a las &hellip; <a href=\"https:\/\/blog.uclm.es\/albertomunoz\/tutorias-personalizadas\/\">Sigue leyendo <span class=\"meta-nav\">&rarr;<\/span><\/a><\/p>\n","protected":false},"author":101,"featured_media":0,"parent":0,"menu_order":0,"comment_status":"closed","ping_status":"closed","template":"","meta":{"footnotes":""},"class_list":["post-92","page","type-page","status-publish","hentry"],"_links":{"self":[{"href":"https:\/\/blog.uclm.es\/albertomunoz\/wp-json\/wp\/v2\/pages\/92","targetHints":{"allow":["GET"]}}],"collection":[{"href":"https:\/\/blog.uclm.es\/albertomunoz\/wp-json\/wp\/v2\/pages"}],"about":[{"href":"https:\/\/blog.uclm.es\/albertomunoz\/wp-json\/wp\/v2\/types\/page"}],"author":[{"embeddable":true,"href":"https:\/\/blog.uclm.es\/albertomunoz\/wp-json\/wp\/v2\/users\/101"}],"replies":[{"embeddable":true,"href":"https:\/\/blog.uclm.es\/albertomunoz\/wp-json\/wp\/v2\/comments?post=92"}],"version-history":[{"count":2,"href":"https:\/\/blog.uclm.es\/albertomunoz\/wp-json\/wp\/v2\/pages\/92\/revisions"}],"predecessor-version":[{"id":544,"href":"https:\/\/blog.uclm.es\/albertomunoz\/wp-json\/wp\/v2\/pages\/92\/revisions\/544"}],"wp:attachment":[{"href":"https:\/\/blog.uclm.es\/albertomunoz\/wp-json\/wp\/v2\/media?parent=92"}],"curies":[{"name":"wp","href":"https:\/\/api.w.org\/{rel}","templated":true}]}}

Tutorías personalizadas

<p>El programa de tutorías personalizadas va dirigido a potenciar las capacidades de los estudiantes, fortalecer las debilidades surgidas en los procesos de aprendizaje y proporcionar orientación académica que ayude al alumno en la toma de decisiones con respecto a las opciones de formación que le brinda la universidad.</p>
<p>Los objetivos de las tutorías personalizadas son:</p>
<ul>
<li>Facilitar el proceso de integración de los alumnos en el sistema universitario.</li>
<li>Guiar a los alumnos en el desarrollo de sus estrategias de aprendizaje para la mejora de su rendimiento académico.</li>
<li>Ofrecer orientación académica personalizada a los alumnos como medio de asesoramiento que le sirva de base para la toma de sus decisiones. Por ejemplo: informarle sobre el Plan de Estudios o el funcionamiento de la Facultad y la Universidad; orientarle sobre las distintas normativas que le son de aplicación (Permanencia, Evaluación, Reconocimiento de Créditos,…); ayudarle en la toma de decisiones con relación a asignaturas y/o itinerarios, así como en la planificación de la matriculación del siguiente curso; señalarle los órganos a los cuales ha de acudir ante determinados problemas o situaciones que se le hayan podido plantear,…</li>
<li>Orientarle en la conformación de un perfil profesional mediante la información del contenido de las asignaturas optativas, así como informarle sobre becas, salidas profesionales, estudios de postgrado, o programas de intercambio y prácticas que puedan ser de su interés.</li>
<li>Orientar al alumno a lo largo del primer ciclo de su trayectoria curricular.</li>
</ul>
<p>Las tutorías personalizadas son distintas de las tutorías académicas que corresponde atender a cada profesor para aclarar dudas o profundizar con el alumno en el conocimiento de la asignatura específica impartida.</p>
<p>Por otro lado, se espera que como resultado de este Programa de Tutorías Personalizadas el Centro pueda recabar información con relación a la opinión de los Estudiantes sobre el Centro y su funcionamiento, posibilitando así detectar posibles disfunciones y problemas existentes.</p>
<p>Para cualquier consulta, me podéis escribir a mi correo: Alberto.Munoz@uclm.es</p>
<p>También os animo a que os incorporéis al siguiente grupo de facebook donde se pueden leer, comentar y compartir lecturas e inquietudes que ayudarán a crear opinió, reflexión y pensamiento crítico:</p>
<p style="text-align: center"><a href="https://www.facebook.com/groups/porpartidadoble/"><span style="color: #000080"><em><strong>Por partida doble</strong></em></span></a> (https://www.facebook.com/groups/porpartidadoble/)</p>
<p style="text-align: center">____________________________________________________________________</p>


<figure class="wp-block-image size-large"><img loading="lazy" decoding="async" width="1024" height="728" src="https://blog.uclm.es/albertomunoz/wp-content/uploads/sites/99/2020/09/diploma-1024x728.jpg" alt="" class="wp-image-506" srcset="https://blog.uclm.es/albertomunoz/wp-content/uploads/sites/99/2020/09/diploma-1024x728.jpg 1024w, https://blog.uclm.es/albertomunoz/wp-content/uploads/sites/99/2020/09/diploma-300x213.jpg 300w, https://blog.uclm.es/albertomunoz/wp-content/uploads/sites/99/2020/09/diploma-768x546.jpg 768w, https://blog.uclm.es/albertomunoz/wp-content/uploads/sites/99/2020/09/diploma-1536x1093.jpg 1536w, https://blog.uclm.es/albertomunoz/wp-content/uploads/sites/99/2020/09/diploma-422x300.jpg 422w, https://blog.uclm.es/albertomunoz/wp-content/uploads/sites/99/2020/09/diploma.jpg 1767w" sizes="auto, (max-width: 1024px) 100vw, 1024px" /></figure>

<p>El programa de tutorías personalizadas va dirigido a potenciar las capacidades de los estudiantes, fortalecer las debilidades surgidas en los procesos de aprendizaje y proporcionar orientación académica que ayude al alumno en la toma de decisiones con respecto a las &hellip; <a href="https://blog.uclm.es/albertomunoz/tutorias-personalizadas/">Sigue leyendo <span class="meta-nav">&rarr;</span></a></p>
