{"id":76,"date":"2017-05-23T11:08:19","date_gmt":"2017-05-23T10:08:19","guid":{"rendered":"http:\/\/blogdev.uclm.es\/albertomunoz\/?page_id=76"},"modified":"2022-11-04T12:12:44","modified_gmt":"2022-11-04T11:12:44","slug":"relaciones-laborales-contabilidad","status":"publish","type":"page","link":"https:\/\/blog.uclm.es\/albertomunoz\/relaciones-laborales-contabilidad\/","title":{"rendered":"Relaciones Laborales Contabilidad"},"content":{"rendered":"<div class=\"mainbar\">\n<div class=\"span-16\">\n<div class=\"content\">\n<div class=\"post \">\n<div class=\"post_content\">\n<p><a href=\"http:\/\/www3.uclm.es\/profesorado\/alberto.munoz\/wp-content\/uploads\/2011\/03\/TEMA-01.-LA-CONTABILIDAD-COMO-SISTEMA-DE-INFORMACI%C3%93N.pdf\"><strong>Tema 1 \u2013 La contabilidad como sistema de informaci\u00f3n.<\/strong><\/a><\/p>\n<p><strong><a href=\"http:\/\/www3.uclm.es\/profesorado\/alberto.munoz\/wp-content\/uploads\/2011\/03\/TEMA-02.-EL-PLAN-GENERAL-DE-CONTABILIDAD.pdf\">Tema 2 \u2013 El Plan general de contabilidad<\/a> \/\u00a0\u00a0 <a href=\"http:\/\/www3.uclm.es\/profesorado\/alberto.munoz\/wp-content\/uploads\/2011\/03\/EJERCICIOS-DEL-TEMA-2-RR.LL_.-.doc\">Ejercicios<\/a><\/strong><\/p>\n<p><strong><a href=\"http:\/\/www3.uclm.es\/profesorado\/alberto.munoz\/wp-content\/uploads\/2011\/03\/TEMA-03.-Patrimonio-empresarial.pdf\">Tema 3 \u2013 El patrimonio empresarial<\/a> \/ \u00a0 <a href=\"http:\/\/www3.uclm.es\/profesorado\/alberto.munoz\/wp-content\/uploads\/2011\/03\/TEMA-03.-EJERCICIOS-Patrimonio-empresarial.pdf\">Ejercicios<\/a><\/strong><\/p>\n<p><strong><a href=\"http:\/\/www3.uclm.es\/profesorado\/alberto.munoz\/wp-content\/uploads\/2011\/03\/TEMA-04.-LAS-CUENTAS-Y-EL-M%C3%89TODO-CONTABLE.pdf\">Tema 4 \u2013 Las cuentas y el m\u00e9todo contable <\/a>\/\u00a0\u00a0 <a href=\"http:\/\/www3.uclm.es\/profesorado\/alberto.munoz\/wp-content\/uploads\/2011\/03\/TEMA-04.-EJERCICIOS-Las-cuentas-y-el-m%C3%A9todo-contable.pdf\">Ejercicios<\/a><\/strong><\/p>\n<p><strong><a href=\"http:\/\/www3.uclm.es\/profesorado\/alberto.munoz\/wp-content\/uploads\/2011\/03\/TEMA-05.-El-Ciclo-Contable-y-los-Libros-Contables.pdf\">Tema 5 \u2013 El ciclo contable y los libros contables<\/a> \/\u00a0\u00a0 <a href=\"http:\/\/www3.uclm.es\/profesorado\/alberto.munoz\/wp-content\/uploads\/2011\/03\/TEMA-05.-EJERCICIOS-El-ciclo-contable-y-los-libros-contables.pdf\">Ejercicios<\/a><\/strong><\/p>\n<p><strong><a href=\"http:\/\/www3.uclm.es\/profesorado\/alberto.munoz\/wp-content\/uploads\/2011\/03\/TEMA-06.-EXISTENCIAS.pdf\">Tema 6 \u2013 Existencias<\/a> \/\u00a0\u00a0 <a href=\"http:\/\/www3.uclm.es\/profesorado\/alberto.munoz\/wp-content\/uploads\/2011\/03\/EJERCICIOS-TEMA-6.pdf\">Ejercicios<\/a><\/strong><\/p>\n<p><a href=\"http:\/\/www3.uclm.es\/profesorado\/alberto.munoz\/wp-content\/uploads\/2011\/03\/TEMA-07.-OBLIGACIONES-DE-PAGO-POR-OPERACIONES-COMERCIALES.-PERIODIFICACI%C3%93N-_PGCPYMES_.pdf\"><strong>Tema 7 \u2013 Obligaciones de pago por operaciones comerciales. Periodificaci\u00f3n<\/strong><\/a><\/p>\n<p><strong><a href=\"http:\/\/www3.uclm.es\/profesorado\/alberto.munoz\/wp-content\/uploads\/2011\/03\/TEMA-08.-DERECHOS-DE-COBRO-POR-OPERACIONES-COMERCIALES.-PERSONAL.pdf\">Tema 8 \u2013 Derechos de cobro por operaciones comerciales. Personal.<\/a> \/ <a href=\"http:\/\/www3.uclm.es\/profesorado\/alberto.munoz\/wp-content\/uploads\/2011\/03\/EJERCICIOS-DEL-TEMA-7-Y-8.pdf\">Ejercicios Tema 7 y Tema 8<\/a><\/strong><\/p>\n<p><strong><a href=\"http:\/\/www3.uclm.es\/profesorado\/alberto.munoz\/wp-content\/uploads\/2011\/03\/Tema-09.-INMOVILIZADO.pdf\">Tema 9 \u2013 Inmovilizado<\/a> \/ <a href=\"http:\/\/www3.uclm.es\/profesorado\/alberto.munoz\/wp-content\/uploads\/2011\/03\/EJERCICIOS-DEL-TEMA-9.pdf\">Ejercicios<\/a><br \/>\n<\/strong><\/p>\n<p><strong><a href=\"http:\/\/www3.uclm.es\/profesorado\/alberto.munoz\/wp-content\/uploads\/2011\/03\/TEMA-10.-FINANCIACI%C3%93N.pdf\">Tema 10 \u2013 Financiaci\u00f3n<\/a> \/ <a href=\"http:\/\/www3.uclm.es\/profesorado\/alberto.munoz\/wp-content\/uploads\/2011\/03\/EJERCICIOS-DEL-TEMA-10.pdf\">Ejercicios<\/a><br \/>\n<\/strong><\/p>\n<p><strong><a href=\"http:\/\/www3.uclm.es\/profesorado\/alberto.munoz\/wp-content\/uploads\/2011\/03\/TEMA-11.-LAS-CUENTAS-ANUALES.pdf\">Tema 11 \u2013 Cuentas anuales.<\/a><\/strong><\/p>\n<p><strong>EXAMEN<\/strong><\/p>\n<p>El examen ser\u00e1 pr\u00e1ctico, y constar\u00e1 de dos partes. En la primera se pedir\u00e1 que hag\u00e1is c\u00e1lculos para determinar algunas magnitudes contables y para que elabor\u00e9is el Balance de situaci\u00f3n. En la segunda se pedir\u00e1 que hag\u00e1is los asientos contables de diversas operaciones.<\/p>\n<p>Las<strong> fechas de los ex\u00e1mens <\/strong>son:<\/p>\n<p>Convocatoria ordinaria: 30 de Mayo de 2011, a las 18.30 h.<\/p>\n<p>Convocatorio extraordinaria: 1 de Julio de 2011, a las 16.00 h.<\/p>\n<p>Se recomienda que consult\u00e9is la <a href=\"http:\/\/fdcs.uclm.es\/\">web de la facultad<\/a> por si surge alg\u00fan cambio o incidencia sobre estas fechas.<\/p>\n<p><strong>TUTOR\u00cdAS.<\/strong><\/p>\n<p>Cualquier duda o consulta sobre la asigantura pod\u00e9is plantearla a trav\u00e9s del correo electr\u00f3nico: Alberto.Munoz@uclm.es<\/p>\n<p>No obstante, el d\u00eda 24 de Marzo entre 16.00 h. y 18.00 h. habr\u00e1 una tutor\u00eda especial para resolver la dudas que teng\u00e1is.<\/p>\n<\/div>\n<div class=\"clear\"><\/div>\n<\/div>\n<div class=\"navigation\"><\/div>\n<\/div>\n<\/div>\n<\/div>\n","protected":false},"excerpt":{"rendered":"<p>Tema 1 \u2013 La contabilidad como sistema de informaci\u00f3n. Tema 2 \u2013 El Plan general de contabilidad \/\u00a0\u00a0 Ejercicios Tema 3 \u2013 El patrimonio empresarial \/ \u00a0 Ejercicios Tema 4 \u2013 Las cuentas y el m\u00e9todo contable \/\u00a0\u00a0 Ejercicios Tema &hellip; <a href=\"https:\/\/blog.uclm.es\/albertomunoz\/relaciones-laborales-contabilidad\/\">Sigue leyendo <span class=\"meta-nav\">&rarr;<\/span><\/a><\/p>\n","protected":false},"author":101,"featured_media":0,"parent":0,"menu_order":0,"comment_status":"closed","ping_status":"closed","template":"","meta":{"footnotes":""},"class_list":["post-76","page","type-page","status-publish","hentry"],"_links":{"self":[{"href":"https:\/\/blog.uclm.es\/albertomunoz\/wp-json\/wp\/v2\/pages\/76","targetHints":{"allow":["GET"]}}],"collection":[{"href":"https:\/\/blog.uclm.es\/albertomunoz\/wp-json\/wp\/v2\/pages"}],"about":[{"href":"https:\/\/blog.uclm.es\/albertomunoz\/wp-json\/wp\/v2\/types\/page"}],"author":[{"embeddable":true,"href":"https:\/\/blog.uclm.es\/albertomunoz\/wp-json\/wp\/v2\/users\/101"}],"replies":[{"embeddable":true,"href":"https:\/\/blog.uclm.es\/albertomunoz\/wp-json\/wp\/v2\/comments?post=76"}],"version-history":[{"count":1,"href":"https:\/\/blog.uclm.es\/albertomunoz\/wp-json\/wp\/v2\/pages\/76\/revisions"}],"predecessor-version":[{"id":542,"href":"https:\/\/blog.uclm.es\/albertomunoz\/wp-json\/wp\/v2\/pages\/76\/revisions\/542"}],"wp:attachment":[{"href":"https:\/\/blog.uclm.es\/albertomunoz\/wp-json\/wp\/v2\/media?parent=76"}],"curies":[{"name":"wp","href":"https:\/\/api.w.org\/{rel}","templated":true}]}}

<div class="mainbar">
<div class="span-16">
<div class="content">
<div class="post ">
<div class="post_content">
<p><a href="http://www3.uclm.es/profesorado/alberto.munoz/wp-content/uploads/2011/03/TEMA-01.-LA-CONTABILIDAD-COMO-SISTEMA-DE-INFORMACI%C3%93N.pdf"><strong>Tema 1 – La contabilidad como sistema de información.</strong></a></p>
<p><strong><a href="http://www3.uclm.es/profesorado/alberto.munoz/wp-content/uploads/2011/03/TEMA-02.-EL-PLAN-GENERAL-DE-CONTABILIDAD.pdf">Tema 2 – El Plan general de contabilidad</a> /   <a href="http://www3.uclm.es/profesorado/alberto.munoz/wp-content/uploads/2011/03/EJERCICIOS-DEL-TEMA-2-RR.LL_.-.doc">Ejercicios</a></strong></p>
<p><strong><a href="http://www3.uclm.es/profesorado/alberto.munoz/wp-content/uploads/2011/03/TEMA-03.-Patrimonio-empresarial.pdf">Tema 3 – El patrimonio empresarial</a> /   <a href="http://www3.uclm.es/profesorado/alberto.munoz/wp-content/uploads/2011/03/TEMA-03.-EJERCICIOS-Patrimonio-empresarial.pdf">Ejercicios</a></strong></p>
<p><strong><a href="http://www3.uclm.es/profesorado/alberto.munoz/wp-content/uploads/2011/03/TEMA-04.-LAS-CUENTAS-Y-EL-M%C3%89TODO-CONTABLE.pdf">Tema 4 – Las cuentas y el método contable </a>/   <a href="http://www3.uclm.es/profesorado/alberto.munoz/wp-content/uploads/2011/03/TEMA-04.-EJERCICIOS-Las-cuentas-y-el-m%C3%A9todo-contable.pdf">Ejercicios</a></strong></p>
<p><strong><a href="http://www3.uclm.es/profesorado/alberto.munoz/wp-content/uploads/2011/03/TEMA-05.-El-Ciclo-Contable-y-los-Libros-Contables.pdf">Tema 5 – El ciclo contable y los libros contables</a> /   <a href="http://www3.uclm.es/profesorado/alberto.munoz/wp-content/uploads/2011/03/TEMA-05.-EJERCICIOS-El-ciclo-contable-y-los-libros-contables.pdf">Ejercicios</a></strong></p>
<p><strong><a href="http://www3.uclm.es/profesorado/alberto.munoz/wp-content/uploads/2011/03/TEMA-06.-EXISTENCIAS.pdf">Tema 6 – Existencias</a> /   <a href="http://www3.uclm.es/profesorado/alberto.munoz/wp-content/uploads/2011/03/EJERCICIOS-TEMA-6.pdf">Ejercicios</a></strong></p>
<p><a href="http://www3.uclm.es/profesorado/alberto.munoz/wp-content/uploads/2011/03/TEMA-07.-OBLIGACIONES-DE-PAGO-POR-OPERACIONES-COMERCIALES.-PERIODIFICACI%C3%93N-_PGCPYMES_.pdf"><strong>Tema 7 – Obligaciones de pago por operaciones comerciales. Periodificación</strong></a></p>
<p><strong><a href="http://www3.uclm.es/profesorado/alberto.munoz/wp-content/uploads/2011/03/TEMA-08.-DERECHOS-DE-COBRO-POR-OPERACIONES-COMERCIALES.-PERSONAL.pdf">Tema 8 – Derechos de cobro por operaciones comerciales. Personal.</a> / <a href="http://www3.uclm.es/profesorado/alberto.munoz/wp-content/uploads/2011/03/EJERCICIOS-DEL-TEMA-7-Y-8.pdf">Ejercicios Tema 7 y Tema 8</a></strong></p>
<p><strong><a href="http://www3.uclm.es/profesorado/alberto.munoz/wp-content/uploads/2011/03/Tema-09.-INMOVILIZADO.pdf">Tema 9 – Inmovilizado</a> / <a href="http://www3.uclm.es/profesorado/alberto.munoz/wp-content/uploads/2011/03/EJERCICIOS-DEL-TEMA-9.pdf">Ejercicios</a><br />
</strong></p>
<p><strong><a href="http://www3.uclm.es/profesorado/alberto.munoz/wp-content/uploads/2011/03/TEMA-10.-FINANCIACI%C3%93N.pdf">Tema 10 – Financiación</a> / <a href="http://www3.uclm.es/profesorado/alberto.munoz/wp-content/uploads/2011/03/EJERCICIOS-DEL-TEMA-10.pdf">Ejercicios</a><br />
</strong></p>
<p><strong><a href="http://www3.uclm.es/profesorado/alberto.munoz/wp-content/uploads/2011/03/TEMA-11.-LAS-CUENTAS-ANUALES.pdf">Tema 11 – Cuentas anuales.</a></strong></p>
<p><strong>EXAMEN</strong></p>
<p>El examen será práctico, y constará de dos partes. En la primera se pedirá que hagáis cálculos para determinar algunas magnitudes contables y para que elaboréis el Balance de situación. En la segunda se pedirá que hagáis los asientos contables de diversas operaciones.</p>
<p>Las<strong> fechas de los exámens </strong>son:</p>
<p>Convocatoria ordinaria: 30 de Mayo de 2011, a las 18.30 h.</p>
<p>Convocatorio extraordinaria: 1 de Julio de 2011, a las 16.00 h.</p>
<p>Se recomienda que consultéis la <a href="http://fdcs.uclm.es/">web de la facultad</a> por si surge algún cambio o incidencia sobre estas fechas.</p>
<p><strong>TUTORÍAS.</strong></p>
<p>Cualquier duda o consulta sobre la asigantura podéis plantearla a través del correo electrónico: Alberto.Munoz@uclm.es</p>
<p>No obstante, el día 24 de Marzo entre 16.00 h. y 18.00 h. habrá una tutoría especial para resolver la dudas que tengáis.</p>
</div>
<div class="clear"></div>
</div>
<div class="navigation"></div>
</div>
</div>
</div>

<p>Tema 1 – La contabilidad como sistema de información. Tema 2 – El Plan general de contabilidad /   Ejercicios Tema 3 – El patrimonio empresarial /   Ejercicios Tema 4 – Las cuentas y el método contable /   Ejercicios Tema &hellip; <a href="https://blog.uclm.es/albertomunoz/relaciones-laborales-contabilidad/">Sigue leyendo <span class="meta-nav">&rarr;</span></a></p>
