{"id":72,"date":"2017-05-23T11:05:01","date_gmt":"2017-05-23T10:05:01","guid":{"rendered":"http:\/\/blogdev.uclm.es\/albertomunoz\/?page_id=70"},"modified":"2023-11-09T10:33:45","modified_gmt":"2023-11-09T09:33:45","slug":"inicio","status":"publish","type":"page","link":"https:\/\/blog.uclm.es\/albertomunoz\/","title":{"rendered":"Inicio"},"content":{"rendered":"<p>He creado esta p\u00e1gina para recoger informaci\u00f3n sobre mi perfil acad\u00e9mico, tanto docente como investigador. Espero que te resulte \u00fatil.<\/p>\n<p style=\"margin: 3.0pt 0cm 3.0pt 0cm\"><span style=\"font-family: 'Calibri',sans-serif\">Alberto Mu\u00f1oz Arenas<\/span><\/p>\n<p style=\"margin: 3.0pt 0cm 3.0pt 0cm\"><span style=\"font-family: 'Calibri',sans-serif\"><a href=\"http:\/\/fdcs.uclm.es\/\">Facultad de Derecho y Ciencias Sociales <\/a><\/span><\/p>\n<p style=\"margin: 3.0pt 0cm 3.0pt 0cm\"><span style=\"font-family: 'Calibri',sans-serif\">Roda de Toledo, s\/n<\/span><\/p>\n<p style=\"margin: 3.0pt 0cm 3.0pt 0cm\"><span style=\"font-family: 'Calibri',sans-serif\">13071 Ciudad Real<\/span><\/p>\n<p style=\"margin: 3.0pt 0cm 3.0pt 0cm\"><span style=\"font-family: 'Calibri',sans-serif\">Tel\u00e9fono: <span id=\"CPH_CajaCentro_lb_extension\" class=\"form-control-static\">926051907<\/span><br \/>\n<\/span><\/p>\n<p style=\"margin: 3.0pt 0cm 3.0pt 0cm\"><span style=\"font-family: 'Calibri',sans-serif\">Correo electr\u00f3nico: <a href=\"mailto:Alberto.Munoz@uclm.es\">Alberto.Munoz@uclm.es<\/a><\/span><\/p>\n","protected":false},"excerpt":{"rendered":"<p>He creado esta p\u00e1gina para recoger informaci\u00f3n sobre mi perfil acad\u00e9mico, tanto docente como investigador. Espero que te resulte \u00fatil. Alberto Mu\u00f1oz Arenas Facultad de Derecho y Ciencias Sociales Roda de Toledo, s\/n 13071 Ciudad Real Tel\u00e9fono: 926051907 Correo electr\u00f3nico: &hellip; <a href=\"https:\/\/blog.uclm.es\/albertomunoz\/\">Sigue leyendo <span class=\"meta-nav\">&rarr;<\/span><\/a><\/p>\n","protected":false},"author":101,"featured_media":0,"parent":0,"menu_order":0,"comment_status":"closed","ping_status":"closed","template":"sidebar-page.php","meta":{"footnotes":""},"class_list":["post-72","page","type-page","status-publish","hentry"],"_links":{"self":[{"href":"https:\/\/blog.uclm.es\/albertomunoz\/wp-json\/wp\/v2\/pages\/72","targetHints":{"allow":["GET"]}}],"collection":[{"href":"https:\/\/blog.uclm.es\/albertomunoz\/wp-json\/wp\/v2\/pages"}],"about":[{"href":"https:\/\/blog.uclm.es\/albertomunoz\/wp-json\/wp\/v2\/types\/page"}],"author":[{"embeddable":true,"href":"https:\/\/blog.uclm.es\/albertomunoz\/wp-json\/wp\/v2\/users\/101"}],"replies":[{"embeddable":true,"href":"https:\/\/blog.uclm.es\/albertomunoz\/wp-json\/wp\/v2\/comments?post=72"}],"version-history":[{"count":1,"href":"https:\/\/blog.uclm.es\/albertomunoz\/wp-json\/wp\/v2\/pages\/72\/revisions"}],"predecessor-version":[{"id":548,"href":"https:\/\/blog.uclm.es\/albertomunoz\/wp-json\/wp\/v2\/pages\/72\/revisions\/548"}],"wp:attachment":[{"href":"https:\/\/blog.uclm.es\/albertomunoz\/wp-json\/wp\/v2\/media?parent=72"}],"curies":[{"name":"wp","href":"https:\/\/api.w.org\/{rel}","templated":true}]}}