{"id":32,"date":"2021-06-04T09:38:20","date_gmt":"2021-06-04T08:38:20","guid":{"rendered":"https:\/\/blog.uclm.es\/aid\/?page_id=32"},"modified":"2021-06-04T09:38:20","modified_gmt":"2021-06-04T08:38:20","slug":"progreso-del-proyecto","status":"publish","type":"page","link":"https:\/\/blog.uclm.es\/aid\/progreso-del-proyecto\/","title":{"rendered":"Progreso del proyecto"},"content":{"rendered":"\n<h2 class=\"wp-block-heading\">ELABORACI\u00d3N DE CUESTIONARIO Y PROTOCOLO<\/h2>\n\n\n\n<p><a href=\"https:\/\/forms.office.com\/Pages\/ResponsePage.aspx?id=5rosxPRhjEmRB2qM9fAeVr-yIanxI5NKhr4y9IJH6dRUNUdSUEJGRkJVQTBMTlpRRzRCNFhXRUI3Ny4u\">Enlace a cuestionario elaborado<\/a><\/p>\n\n\n\n<h2 class=\"wp-block-heading\">REGISTRO SE\u00d1ALES<\/h2>\n\n\n\n<h2 class=\"wp-block-heading\">Hospital Virgen de la Luz<\/h2>\n\n\n\n<figure class=\"wp-block-image size-full\"><img loading=\"lazy\" decoding=\"async\" width=\"590\" height=\"394\" src=\"https:\/\/blog.uclm.es\/aid\/files\/2022\/02\/p1f5ngho2g1of6da71g7b1rb6183q4.jpg\" alt=\"\" class=\"wp-image-80\" srcset=\"https:\/\/blog.uclm.es\/aid\/wp-content\/uploads\/sites\/47\/2022\/02\/p1f5ngho2g1of6da71g7b1rb6183q4.jpg 590w, https:\/\/blog.uclm.es\/aid\/wp-content\/uploads\/sites\/47\/2022\/02\/p1f5ngho2g1of6da71g7b1rb6183q4-300x200.jpg 300w, https:\/\/blog.uclm.es\/aid\/wp-content\/uploads\/sites\/47\/2022\/02\/p1f5ngho2g1of6da71g7b1rb6183q4-449x300.jpg 449w\" sizes=\"auto, (max-width: 590px) 100vw, 590px\" \/><figcaption>Sala de Rehabilitaci\u00f3n Cardiaca<\/figcaption><\/figure>\n\n\n\n<div class=\"wp-block-group\"><div class=\"wp-block-group__inner-container is-layout-flow wp-block-group-is-layout-flow\">\n<div class=\"wp-block-columns is-layout-flex wp-container-core-columns-is-layout-9d6595d7 wp-block-columns-is-layout-flex\">\n<div class=\"wp-block-column is-layout-flow wp-block-column-is-layout-flow\" style=\"flex-basis:100%\">\n<figure class=\"wp-block-image size-full\"><img loading=\"lazy\" decoding=\"async\" width=\"538\" height=\"304\" src=\"https:\/\/blog.uclm.es\/aid\/files\/2022\/02\/image.jpeg\" alt=\"\" class=\"wp-image-81\" srcset=\"https:\/\/blog.uclm.es\/aid\/wp-content\/uploads\/sites\/47\/2022\/02\/image.jpeg 538w, https:\/\/blog.uclm.es\/aid\/wp-content\/uploads\/sites\/47\/2022\/02\/image-300x170.jpeg 300w, https:\/\/blog.uclm.es\/aid\/wp-content\/uploads\/sites\/47\/2022\/02\/image-500x283.jpeg 500w\" sizes=\"auto, (max-width: 538px) 100vw, 538px\" \/><\/figure>\n\n\n\n<figure class=\"wp-block-image size-full is-resized\"><img loading=\"lazy\" decoding=\"async\" src=\"https:\/\/blog.uclm.es\/aid\/files\/2022\/02\/image-1.jpeg\" alt=\"\" class=\"wp-image-82\" width=\"538\" height=\"302\" srcset=\"https:\/\/blog.uclm.es\/aid\/wp-content\/uploads\/sites\/47\/2022\/02\/image-1.jpeg 538w, https:\/\/blog.uclm.es\/aid\/wp-content\/uploads\/sites\/47\/2022\/02\/image-1-300x168.jpeg 300w, https:\/\/blog.uclm.es\/aid\/wp-content\/uploads\/sites\/47\/2022\/02\/image-1-500x281.jpeg 500w\" sizes=\"auto, (max-width: 538px) 100vw, 538px\" \/><\/figure>\n\n\n\n<p><\/p>\n<\/div>\n<\/div>\n<\/div><\/div>\n\n\n\n<h2 class=\"wp-block-heading\">An\u00e1lisis de registros cardiacos y cuestionarios<\/h2>\n\n\n\n<figure class=\"wp-block-image size-full\"><img loading=\"lazy\" decoding=\"async\" width=\"851\" height=\"501\" src=\"https:\/\/blog.uclm.es\/aid\/files\/2022\/02\/OUTPUT.jpeg\" alt=\"\" class=\"wp-image-85\" srcset=\"https:\/\/blog.uclm.es\/aid\/wp-content\/uploads\/sites\/47\/2022\/02\/OUTPUT.jpeg 851w, https:\/\/blog.uclm.es\/aid\/wp-content\/uploads\/sites\/47\/2022\/02\/OUTPUT-300x177.jpeg 300w, https:\/\/blog.uclm.es\/aid\/wp-content\/uploads\/sites\/47\/2022\/02\/OUTPUT-768x452.jpeg 768w, https:\/\/blog.uclm.es\/aid\/wp-content\/uploads\/sites\/47\/2022\/02\/OUTPUT-500x294.jpeg 500w\" sizes=\"auto, (max-width: 851px) 100vw, 851px\" \/><\/figure>\n\n\n\n<figure class=\"wp-block-image size-full\"><img loading=\"lazy\" decoding=\"async\" width=\"851\" height=\"501\" src=\"https:\/\/blog.uclm.es\/aid\/files\/2022\/02\/OUTPUT1.jpeg\" alt=\"\" class=\"wp-image-86\" srcset=\"https:\/\/blog.uclm.es\/aid\/wp-content\/uploads\/sites\/47\/2022\/02\/OUTPUT1.jpeg 851w, https:\/\/blog.uclm.es\/aid\/wp-content\/uploads\/sites\/47\/2022\/02\/OUTPUT1-300x177.jpeg 300w, https:\/\/blog.uclm.es\/aid\/wp-content\/uploads\/sites\/47\/2022\/02\/OUTPUT1-768x452.jpeg 768w, https:\/\/blog.uclm.es\/aid\/wp-content\/uploads\/sites\/47\/2022\/02\/OUTPUT1-500x294.jpeg 500w\" sizes=\"auto, (max-width: 851px) 100vw, 851px\" \/><\/figure>\n\n\n\n<figure class=\"wp-block-image size-full\"><img decoding=\"async\" src=\"https:\/\/blog.uclm.es\/aid\/files\/2022\/02\/OUTPUT2.jpeg\" alt=\"\" class=\"wp-image-90\" \/><\/figure>\n\n\n\n<figure class=\"wp-block-image size-full\"><img decoding=\"async\" src=\"https:\/\/blog.uclm.es\/aid\/files\/2022\/02\/OUTPUT3.jpeg\" alt=\"\" class=\"wp-image-95\" \/><\/figure>\n","protected":false},"excerpt":{"rendered":"<p>ELABORACI\u00d3N DE CUESTIONARIO Y PROTOCOLO Enlace a cuestionario elaborado REGISTRO SE\u00d1ALES Hospital Virgen de la Luz An\u00e1lisis de registros cardiacos y cuestionarios<\/p>\n","protected":false},"author":200,"featured_media":63,"parent":0,"menu_order":0,"comment_status":"closed","ping_status":"closed","template":"","meta":{"footnotes":""},"class_list":["post-32","page","type-page","status-publish","has-post-thumbnail","hentry"],"_links":{"self":[{"href":"https:\/\/blog.uclm.es\/aid\/wp-json\/wp\/v2\/pages\/32","targetHints":{"allow":["GET"]}}],"collection":[{"href":"https:\/\/blog.uclm.es\/aid\/wp-json\/wp\/v2\/pages"}],"about":[{"href":"https:\/\/blog.uclm.es\/aid\/wp-json\/wp\/v2\/types\/page"}],"author":[{"embeddable":true,"href":"https:\/\/blog.uclm.es\/aid\/wp-json\/wp\/v2\/users\/200"}],"replies":[{"embeddable":true,"href":"https:\/\/blog.uclm.es\/aid\/wp-json\/wp\/v2\/comments?post=32"}],"version-history":[{"count":0,"href":"https:\/\/blog.uclm.es\/aid\/wp-json\/wp\/v2\/pages\/32\/revisions"}],"wp:featuredmedia":[{"embeddable":true,"href":"https:\/\/blog.uclm.es\/aid\/wp-json\/wp\/v2\/media\/63"}],"wp:attachment":[{"href":"https:\/\/blog.uclm.es\/aid\/wp-json\/wp\/v2\/media?parent=32"}],"curies":[{"name":"wp","href":"https:\/\/api.w.org\/{rel}","templated":true}]}}