{"id":479,"date":"2013-09-07T10:21:23","date_gmt":"2013-09-07T09:21:23","guid":{"rendered":"http:\/\/blog.uclm.es\/ada\/?page_id=479"},"modified":"2013-09-07T10:21:23","modified_gmt":"2013-09-07T09:21:23","slug":"consuelo-alonso-garcia","status":"publish","type":"page","link":"https:\/\/blog.uclm.es\/ada\/profesorado\/consuelo-alonso-garcia\/","title":{"rendered":"Consuelo Alonso Garc\u00eda"},"content":{"rendered":"<p>Mar\u00eda Consuelo Alonso Garc\u00eda. Catedr\u00e1tica de Derecho Administrativo de la Universidad de Castilla-La Mancha.<\/p>\n<p>Complet\u00f3 sus estudios acad\u00e9micos en la Universidad de Paris I (Panth\u00e9on-Sorbonne).<\/p>\n<p>Entre las l\u00edneas de investigaci\u00f3n que ha seguido destacan el Derecho ambiental, la responsabilidad patrimonial de la Administraci\u00f3n, el Derecho de la Uni\u00f3n Europea, el Derecho comparado franc\u00e9s y las cuestiones de igualdad de g\u00e9nero.<\/p>\n<p>Es autora, entre otras, de las monograf\u00edas <em>El r\u00e9gimen jur\u00eddico de la contaminaci\u00f3n atmosf\u00e9rica y ac\u00fastica<\/em>, <em>La responsabilidad patrimonial del Estado-Legislador<\/em>, ambas publicadas en la editorial Marcial Pons) y <em>La protecci\u00f3n de la dimensi\u00f3n subjetiva del derecho al medio ambiente<\/em> (editorial Aranzadi). Ha dirigido (junto con el profesor Ortega \u00c1lvarez) la obra colectiva <em>Tratado de Derecho Ambiental<\/em> (Tirant lo Blanch, 2012). Asimismo, ha contribuido en una veintena de cap\u00edtulos en obras colectivas y publicado numerosos art\u00edculos en las m\u00e1s prestigiosas revistas especializadas, como la Revista de Administraci\u00f3n P\u00fablica, Revista Espa\u00f1ola de Derecho Administrativo, Justicia administrativa, Revista Aranzadi de Urbanismo y Edificaci\u00f3n, La Ley Uni\u00f3n Europea, El Cronista, la Revue Europ\u00e9enne de Droit de l\u00b4Environnement, etc.<\/p>\n<p>Ha impartido conferencias en diversas Universidades, tanto espa\u00f1olas (Carlos III de Madrid, Alcal\u00e1 de Henares, Gerona, Valladolid, Deusto (Bilbao), as\u00ed como extranjeras; Universidad de An\u00e1huac (Xalapa, M\u00e9xico), Universidad de La Habana (Cuba), Universidad de Santo Domingo (Rep\u00fablica Dominicana), Universidad Ren\u00e9 Descartes (Paris V), Universidad Roma Tre (Italia) y Universidad de la Sorbona (Paris II).<\/p>\n<p>Es miembro del grupo de investigaci\u00f3n Observatorio de Pol\u00edticas Ambientales, de la Asociaci\u00f3n Espa\u00f1ola de Profesores de Derecho administrativo, de la Asociaci\u00f3n de Italo-Espa\u00f1ola de Profesores de Derecho administrativo, de la Asociaci\u00f3n de Derecho Ambiental, y \u00fanica jurista miembro investigador del Instituto de Ciencias Ambientales de la UCLM.<\/p>\n<p>Desde 2011, es responsable del \u00e1rea de Derecho administrativo de la Facultad de Ciencias Jur\u00eddicas y Sociales de Toledo.<\/p>\n<p>&nbsp;<\/p>\n<p>&nbsp;<\/p>\n","protected":false},"excerpt":{"rendered":"<p>Mar\u00eda Consuelo Alonso Garc\u00eda. Catedr\u00e1tica de Derecho Administrativo de la Universidad de Castilla-La Mancha. Complet\u00f3 sus estudios acad\u00e9micos en la Universidad de Paris I (Panth\u00e9on-Sorbonne). Entre las l\u00edneas de investigaci\u00f3n que ha seguido destacan el Derecho ambiental, la responsabilidad patrimonial de la Administraci\u00f3n, el Derecho de la Uni\u00f3n Europea, el Derecho comparado franc\u00e9s y las &hellip; <a href=\"https:\/\/blog.uclm.es\/ada\/profesorado\/consuelo-alonso-garcia\/\" class=\"more-link\">Continuar leyendo<span class=\"screen-reader-text\"> \u00abConsuelo Alonso Garc\u00eda\u00bb<\/span><\/a><\/p>\n","protected":false},"author":11,"featured_media":0,"parent":1624,"menu_order":0,"comment_status":"closed","ping_status":"open","template":"","meta":{"footnotes":""},"class_list":["post-479","page","type-page","status-publish","hentry"],"_links":{"self":[{"href":"https:\/\/blog.uclm.es\/ada\/wp-json\/wp\/v2\/pages\/479","targetHints":{"allow":["GET"]}}],"collection":[{"href":"https:\/\/blog.uclm.es\/ada\/wp-json\/wp\/v2\/pages"}],"about":[{"href":"https:\/\/blog.uclm.es\/ada\/wp-json\/wp\/v2\/types\/page"}],"author":[{"embeddable":true,"href":"https:\/\/blog.uclm.es\/ada\/wp-json\/wp\/v2\/users\/11"}],"replies":[{"embeddable":true,"href":"https:\/\/blog.uclm.es\/ada\/wp-json\/wp\/v2\/comments?post=479"}],"version-history":[{"count":0,"href":"https:\/\/blog.uclm.es\/ada\/wp-json\/wp\/v2\/pages\/479\/revisions"}],"up":[{"embeddable":true,"href":"https:\/\/blog.uclm.es\/ada\/wp-json\/wp\/v2\/pages\/1624"}],"wp:attachment":[{"href":"https:\/\/blog.uclm.es\/ada\/wp-json\/wp\/v2\/media?parent=479"}],"curies":[{"name":"wp","href":"https:\/\/api.w.org\/{rel}","templated":true}]}}