{"id":446,"date":"2013-06-12T19:04:34","date_gmt":"2013-06-12T18:04:34","guid":{"rendered":"http:\/\/blog.uclm.es\/ada\/?page_id=446"},"modified":"2024-10-28T11:34:38","modified_gmt":"2024-10-28T10:34:38","slug":"dolores-utrilla","status":"publish","type":"page","link":"https:\/\/blog.uclm.es\/ada\/profesorado\/dolores-utrilla\/","title":{"rendered":"Dolores Utrilla Fern\u00e1ndez-Bermejo"},"content":{"rendered":"<p style=\"text-align: justify\"><strong><a href=\"https:\/\/blog.uclm.es\/ada\/wp-content\/uploads\/sites\/149\/2021\/11\/Dolores-copia-2.jpg\"><img loading=\"lazy\" decoding=\"async\" class=\"size-thumbnail wp-image-1766 alignright\" src=\"https:\/\/blog.uclm.es\/ada\/wp-content\/uploads\/sites\/149\/2021\/11\/Dolores-copia-2-150x150.jpg\" alt=\"\" width=\"150\" height=\"150\" \/><\/a>Profesora Titular de Derecho Administrativo (actualmente en servicios especiales).<br \/>\n<\/strong><\/p>\n<p style=\"text-align: justify\"><strong>Investigadora del Centro de Estudios Europeos<\/strong><\/p>\n<p style=\"text-align: justify\">Universidad de Castilla-La Mancha<br \/>\nRonda de Toledo s\/n &#8211; 13071 \u2013 Ciudad Real<br \/>\nCorreo electr\u00f3nico: <a href=\"mailto:MDolores.Utrilla@uclm.es\">MDolores.Utrilla@uclm.es<\/a><br \/>\nWeb en <a href=\"https:\/\/uclm.academia.edu\/DoloresUtrillaFern%C3%A1ndezBermejo\">Academia<\/a><\/p>\n<hr \/>\n<p style=\"text-align: justify\">Dolores Utrilla es\u00a0Licenciada en Derecho (2008), M\u00e1ster en Derecho de la Uni\u00f3n Europea (2010) y Doctora en Derecho (2014) por la Universidad de Castilla-La Mancha. Adem\u00e1s ha obtenido el Diploma de la <i>Academy<\/i><i> of European Public Law<\/i> (2009).<\/p>\n<p style=\"text-align: justify\">Cuenta con 12 a\u00f1os de experiencia docente e investigadora en esta misma Universidad y tambi\u00e9n ha sido investigadora invitada en Universidades europeas (Hamburgo, Luxemburgo) y americanas (Georgetown) a lo largo de un periodo total de dos a\u00f1os.<\/p>\n<p style=\"text-align: justify\">Ha desarrollado una intensa actividad de investigaci\u00f3n centrada en varios segmentos centrales del Derecho p\u00fablico (constitucional y administrativo) espa\u00f1ol, europeo y comparado. Sus l\u00edneas de investigaci\u00f3n principales abarcan: (i) los mecanismos de intervenci\u00f3n p\u00fablica en la econom\u00eda (reconocimiento mutuo, libertades de circulaci\u00f3n, adjudicaci\u00f3n de derechos limitados en n\u00famero); (ii) las formas y estructuras de la actuaci\u00f3n administrativa (r\u00e9gimen jur\u00eddico de los actos administrativos, del <em>soft law<\/em> y de la relaci\u00f3n jur\u00eddico-administrativa); (iii) el r\u00e9gimen de indemnizaciones frente al poder p\u00fablico (expropiaci\u00f3n forzosa y responsabilidad patrimonial); (iv) las pol\u00edticas y las t\u00e9cnicas de actuaci\u00f3n administrativa propias del Estado social (r\u00e9gimen de los principios rectores de la pol\u00edtica social y econ\u00f3mica, intervenci\u00f3n administrativa en la vivienda, etc.); (v) el funcionamiento de los sistemas pol\u00edticos y administrativos descentralizados (subsidiariedad, reparto competencial y t\u00e9cnicas de control de los entes descentralizados); y (vi) la influencia del Derecho europeo (UE y CEDH) sobre el Derecho interno.<\/p>\n<p style=\"text-align: justify\">En desarrollo de estas l\u00edneas de investigaci\u00f3n ha publicado varios libros y numerosos art\u00edculos y cap\u00edtulos de libros (que pueden consultarse <a href=\"https:\/\/uclm.academia.edu\/DoloresUtrilla\">aqu\u00ed<\/a>). Tambi\u00e9n se ha integrado en numerosos proyectos, equipos y redes de investigaci\u00f3n, tanto a nivel nacional como sobre todo europeo. En este \u00faltimo plano destaca su condici\u00f3n de responsable por Espa\u00f1a en el Proyecto \u201c<a href=\"https:\/\/lexatlas-c19.org\/\">Lex Atlas: Covid-19<\/a>\u201d (University College London, Oxford y Max Planck Institute Heidelberg), en el Proyecto \u201c<a href=\"https:\/\/www.foev-speyer.de\/en\/research\/european-administrative-space\/pan-european-general-principles-of-good-administration\">The Paneuropean Principles of Administrative Law<\/a>\u201d (Universit\u00e4t Speyer) y su integraci\u00f3n en la red <a href=\"http:\/\/www.reneual.eu\/\">ReNEUAL<\/a> de renovaci\u00f3n del Derecho administrativo europeo.<\/p>\n<p style=\"text-align: justify\">En lo que respecta a su actividad profesional no universitaria, ha sido Asesora en el Gabinete del Secretario de Estado de Relaciones con las Cortes (Ministerio de la Presidencia, Gobierno de Espa\u00f1a) entre julio de 2018 y enero de 2020. Desde enero de 2020 colabora con la plataforma de informaci\u00f3n jur\u00eddica <a href=\"https:\/\/eulawlive.com\/\"><em>EU Law Live<\/em><\/a>\u00a0en calidad de Editora Adjunta.<\/p>\n<hr \/>\n<p style=\"text-align: justify\"><span style=\"color: #0000ff\">Dolores Utrilla holds a Law Degree (2008), a LLM on European Law (2010) and a PhD (2014) by the University of Castilla-La Mancha, as well as the Diplom of the European Academy of Public Law (2009).<\/span><\/p>\n<p style=\"text-align: justify\"><span style=\"color: #0000ff\">She has 12 years of teaching and research experience at the same University and has also been a visiting researcher at both European (Hamburg, Luxembourg) and American (Georgetown) Universities for a total period of two years.<\/span><\/p>\n<p style=\"text-align: justify\"><span style=\"color: #0000ff\">Over this period she has carried out an intense research activity focused on several central points of Spanish, European and comparative public law (constitutional and administrative). Her research covers (i) the mechanisms of public intervention in the economy (mutual recognition, freedom of movement, allocation of limited public rights); (ii) the forms and structures of administrative action (legal regime of administrative acts, soft law and legal relationships governed by administrative law); (iii) the regime of compensation against damage caused by public authorities (expropriation and public liability); (iv) the techniques of administrative action inherent to the social State clause (regime of the guiding principles of the social and economic policy, of the administrative intervention in housing, etc.); (v) the functioning of decentralised political and administrative systems (subsidiarity, distribution of powers and techniques of control of decentralised entities); and (vi) the influence of European law (EU and ECHR) on domestic law.<\/span><\/p>\n<p style=\"text-align: justify\"><span style=\"color: #0000ff\">Dolores has published several books and numerous papers and book chapters (see <a href=\"https:\/\/uclm.academia.edu\/DoloresUtrilla\">here<\/a>). He has also participated in several research projects and networks, both at the national and (mostly) at the European level. As for the latter, she is the Spanish National Rapporteur in the \u00ab<a href=\"https:\/\/lexatlas-c19.org\/\">Lex Atlas: Covid-19<\/a>\u00bb project (University College London, Oxford University and Max Planck Institute Heidelberg), she is a member of the research project \u00ab<a href=\"https:\/\/www.foev-speyer.de\/en\/research\/european-administrative-space\/pan-european-general-principles-of-good-administration\">The Paneuropean Principles of Administrative Law<\/a>\u00bb Project (Universit\u00e4t Speyer) and she has joined the <a href=\"http:\/\/www.reneual.eu\/\">ReNEUAL Network<\/a>, devoted to the systematisation and enhancement of European administrative law.\u00a0<\/span><\/p>\n<p style=\"text-align: justify\"><span style=\"color: #0000ff\">Regarding her non-university professional activity, she has been Advisor in the Cabinet of the Secretary of State for Relations with the Parliament (Ministry of the Presidency, Government of Spain) between July 2018 and January 2020. Since January 2020, she has been collaborating with the legal information platform <a href=\"https:\/\/eulawlive.com\/\">EU Law Live<\/a> as Assistant Editor.<\/span><\/p>\n<p style=\"text-align: justify\">\n","protected":false},"excerpt":{"rendered":"<p>Profesora Titular de Derecho Administrativo (actualmente en servicios especiales). Investigadora del Centro de Estudios Europeos Universidad de Castilla-La Mancha Ronda de Toledo s\/n &#8211; 13071 \u2013 Ciudad Real Correo electr\u00f3nico: MDolores.Utrilla@uclm.es Web en Academia Dolores Utrilla es\u00a0Licenciada en Derecho (2008), M\u00e1ster en Derecho de la Uni\u00f3n Europea (2010) y Doctora en Derecho (2014) por la &hellip; <a href=\"https:\/\/blog.uclm.es\/ada\/profesorado\/dolores-utrilla\/\" class=\"more-link\">Continuar leyendo<span class=\"screen-reader-text\"> \u00abDolores Utrilla Fern\u00e1ndez-Bermejo\u00bb<\/span><\/a><\/p>\n","protected":false},"author":17,"featured_media":0,"parent":1624,"menu_order":0,"comment_status":"closed","ping_status":"open","template":"page-fullwidth.php","meta":{"footnotes":""},"class_list":["post-446","page","type-page","status-publish","hentry"],"_links":{"self":[{"href":"https:\/\/blog.uclm.es\/ada\/wp-json\/wp\/v2\/pages\/446","targetHints":{"allow":["GET"]}}],"collection":[{"href":"https:\/\/blog.uclm.es\/ada\/wp-json\/wp\/v2\/pages"}],"about":[{"href":"https:\/\/blog.uclm.es\/ada\/wp-json\/wp\/v2\/types\/page"}],"author":[{"embeddable":true,"href":"https:\/\/blog.uclm.es\/ada\/wp-json\/wp\/v2\/users\/17"}],"replies":[{"embeddable":true,"href":"https:\/\/blog.uclm.es\/ada\/wp-json\/wp\/v2\/comments?post=446"}],"version-history":[{"count":1,"href":"https:\/\/blog.uclm.es\/ada\/wp-json\/wp\/v2\/pages\/446\/revisions"}],"predecessor-version":[{"id":1801,"href":"https:\/\/blog.uclm.es\/ada\/wp-json\/wp\/v2\/pages\/446\/revisions\/1801"}],"up":[{"embeddable":true,"href":"https:\/\/blog.uclm.es\/ada\/wp-json\/wp\/v2\/pages\/1624"}],"wp:attachment":[{"href":"https:\/\/blog.uclm.es\/ada\/wp-json\/wp\/v2\/media?parent=446"}],"curies":[{"name":"wp","href":"https:\/\/api.w.org\/{rel}","templated":true}]}}