{"id":424,"date":"2013-06-12T18:54:16","date_gmt":"2013-06-12T17:54:16","guid":{"rendered":"http:\/\/blog.uclm.es\/ada\/?page_id=424"},"modified":"2024-10-28T11:50:30","modified_gmt":"2024-10-28T10:50:30","slug":"luis-ortega-alvarez","status":"publish","type":"page","link":"https:\/\/blog.uclm.es\/ada\/profesorado\/luis-ortega-alvarez\/","title":{"rendered":"Luis Ortega \u00c1lvarez \u2020"},"content":{"rendered":"<p>Magistrado del Tribunal Constitucional desde 2011 hasta su fallecimiento en 2015. Fue catedr\u00e1tico de Derecho Administrativo en la Universidad de Castilla-La Mancha desde 1988 y catedr\u00e1tico Jean Monnet (1999). Experto en programas de investigaci\u00f3n europeos (TACIS, PHARE, CRONUS&#8230;). Director del Centro de Estudios Europeos de la Universidad de Castilla-La Mancha. Miembro del Grupo Europeo de Derecho P\u00fablico (EPLG) y Director de la Academia Europea de Derecho P\u00fablico de Atenas.<\/p>\n<p>\u00a0<\/p>\n<p>El profesor Ortega public\u00f3 numerosos libros, como Los Derechos Sindicales de los funcionarios p\u00fablicos (Madrid, 1983), El r\u00e9gimen constitucional de las competencias locales (Madrid, 1988), La concepci\u00f3n subjetiva del Derecho administrativo tras la Constituci\u00f3n Espa\u00f1ola de 1978 (Albacete, 1989), El sistema pol\u00edtico y administrativo de Espa\u00f1a (Bogot\u00e1, 1991), El Plan \u00fanico de obras y servicios de Catalu\u00f1a y la garant\u00eda institucional de la autonom\u00eda loca (1992), La Constituci\u00f3n Europea (Ciudad Real 2003) y Reforma Constitucional y Reforma Estatutaria (Madrid 2005).<\/p>\n<p>\u00a0<\/p>\n<p>Tambi\u00e9n elabor\u00f3, junto con los profesores Parejo Alfonso y Jim\u00e9nez\u2013Blanco, un Manual de Derecho Administrativo y fue colaborador de la obra Derecho Administrativo dirigida por S. Mu\u00f1oz Machado y publicada en versi\u00f3n digital por IUSTEL. Asimismo, dirigi\u00f3 libros colectivos entre los que destacan la coordinaci\u00f3n de la monograf\u00eda Lecciones de Derecho del Medio Ambiente, Lex Nova, Valladolid, 4\u00aa ed., 2005, el Derecho Administrativo de Castilla-La Mancha ( Cuenca.2000) y el Tratado de Derecho Ambiental (Valencia, Tirant Lo Blanch, 2013).<\/p>\n<p>Asimismo, colabor\u00f3 en m\u00e1s de veinticinco libros colectivos, con los principales autores de la especialidad (Garc\u00eda de Enterr\u00eda, Nieto, Parada, Leguina, G\u00f3mez Ferrer, Mu\u00f1oz Machado, etc). Y escribi\u00f3 m\u00e1s de ochenta art\u00edculos en revistas nacionales e internacionales, entre las que destacan las siguientes: European Review of Public Law, Revista de Administraci\u00f3n P\u00fablica, Revista Espa\u00f1ola de Administraci\u00f3n P\u00fablica, Documentaci\u00f3n Administrativa, Justicia Administrativa, Revista de Administraci\u00f3n Local, Autonom\u00edas, etc\u2026<\/p>\n<p>\u00a0<\/p>\n<p>Fue tambi\u00e9n profesor invitado en las Universidades de Cambridge, Harvard, Dresden, Bolonia, Florencia, Roma, Oriental de N\u00e1poles, Catania, Trento, Tuscia, Urbino, Barcelona, Sevilla, Granada, Santiago de Compostela, Salamanca, Alcal\u00e1 de Henares, Carlos III, Alicante, Cantabria, Rioja, Pa\u00eds Vasco, Publica de Navarra , Gerona, Extremadura, C\u00f3rdoba, Huelva, M\u00e1laga, La Habana (Cuba), Aut\u00f3noma de M\u00e9xico, Tiluca (Mexico), Externado (Colombia), Cali (Colombia), Cat\u00f3lica de Lima (Per\u00fa), Mayor de San Andr\u00e9s (Bolivia), Buenos Aires(Argentina), La Plata (Argentina), Rosario(Argentina) Paran\u00e1 (Argentina), Vitoria y Marangu\u00e1 (Brasil).<\/p>\n<p>Adem\u00e1s, fue miembro honor\u00edfico de la Asociaci\u00f3n Italiana de Profesores de Derecho Administrativo.<\/p>\n<p>Y particip\u00f3 en los consejos de redacci\u00f3n de las siguientes revistas:<\/p>\n<p>Justicia Administrativa.<\/p>\n<p>Revista de Administraci\u00f3n Local.<\/p>\n<p>Anuario de Parlamento y Constituci\u00f3n.<\/p>\n<p>Estudios de Consumo.<\/p>\n<p>Revista Jur\u00eddica de Castilla-La Mancha.<\/p>\n<p>Sistema.<\/p>\n<p>Temas para el Debate.<\/p>\n<p>Italian Journal of Public Law<\/p>\n<p>Rassegna Giuridica dell\u2019Energia Elettrica<\/p>\n<p>Tambi\u00e9n fue director de la colecci\u00f3n de Derecho p\u00fablico de la Editorial Lex Nova.<\/p>\n<p>Fuera de la actividad acad\u00e9mica, fue Director General del Departamento de Asuntos Institucionales de la Presidencia del Gobierno, siendo responsable de la asesor\u00eda jur\u00eddica del Presidente Felipe Gonzalez en sus dos primeros gobiernos 1982- 1989.<\/p>\n<p>Recibi\u00f3 la Gran Cruz al M\u00e9rito militar con distintivo blanco.<\/p>\n<p>Y ocup\u00f3 numerosos cargos de responsabilidad en el \u00e1mbito universitario espa\u00f1ol, como Director del Departamento de Ciencia Jur\u00eddica de la UCLM (1988-89), Vicerrector del Campus de Toledo y Relaciones Institucionales (1989-90 y 1993-94). Presidente del Claustro de la Universidad de Castilla-La Mancha 1995-1999.<\/p>\n<p>Desde 1993 hasta 2011, fue Director del Centro de Estudios Europeos de la UCLM, tambi\u00e9n dirigi\u00f3 el M\u00e1ster en Derecho Comunitario Europeo de la Universidad de Castilla-La Mancha desde 1995 y las Jornadas sobre la Uni\u00f3n Europea desde 1995, adem\u00e1s del Seminario de Estudios Auton\u00f3micos organizado en la misma universidad desde 1990.<\/p>\n<p>Particip\u00f3 como experto en las comisiones de preparaci\u00f3n de las leyes nacionales de Residuos, de Organizaci\u00f3n y Funcionamiento de la Administraci\u00f3n General del Estado, de la Jurisdicci\u00f3n Contencioso-Administrativa y de la Ley de Consumidores y Usuarios y de la Agencia de Evaluaci\u00f3n de Castilla-La Mancha.<\/p>\n<p>Dirigi\u00f3 el equipo de profesores universitarios que redact\u00f3 el borrador del Proyecto de reforma del Estatuto de Castilla-La Mancha.<\/p>\n<p>Fue vocal de la Comisi\u00f3n de Expertos para el estudio y preparaci\u00f3n del Estatuto B\u00e1sico del Empleado P\u00fablico y ha sido nombrado presidente del la Comisi\u00f3n de Expertos para el Libro Blanco del Empleo P\u00fablico de Castilla-La Mancha.<\/p>\n<p>Dirigi\u00f3 el equipo de profesores universitarios que ha redactado los borradores de los reglamentos de desarrollo de la LOTAU en materia de Gesti\u00f3n y Disciplina Urban\u00edstica y de la adaptaci\u00f3n de la LOTAU en materia de Disciplina Urban\u00edstica<\/p>\n<p>Desde el 12 de enero de 2011 hasta su fallecimiento en 2015, fue Magistrado del Tribunal Constitucional.<\/p>\n\n\n<p><\/p>\n","protected":false},"excerpt":{"rendered":"<p>Magistrado del Tribunal Constitucional desde 2011 hasta su fallecimiento en 2015. Fue catedr\u00e1tico de Derecho Administrativo en la Universidad de Castilla-La Mancha desde 1988 y catedr\u00e1tico Jean Monnet (1999). Experto en programas de investigaci\u00f3n europeos (TACIS, PHARE, CRONUS&#8230;). Director del Centro de Estudios Europeos de la Universidad de Castilla-La Mancha. Miembro del Grupo Europeo de &hellip; <a href=\"https:\/\/blog.uclm.es\/ada\/profesorado\/luis-ortega-alvarez\/\" class=\"more-link\">Continuar leyendo<span class=\"screen-reader-text\"> \u00abLuis Ortega \u00c1lvarez \u2020\u00bb<\/span><\/a><\/p>\n","protected":false},"author":11,"featured_media":0,"parent":1624,"menu_order":0,"comment_status":"closed","ping_status":"open","template":"","meta":{"footnotes":""},"class_list":["post-424","page","type-page","status-publish","hentry"],"_links":{"self":[{"href":"https:\/\/blog.uclm.es\/ada\/wp-json\/wp\/v2\/pages\/424","targetHints":{"allow":["GET"]}}],"collection":[{"href":"https:\/\/blog.uclm.es\/ada\/wp-json\/wp\/v2\/pages"}],"about":[{"href":"https:\/\/blog.uclm.es\/ada\/wp-json\/wp\/v2\/types\/page"}],"author":[{"embeddable":true,"href":"https:\/\/blog.uclm.es\/ada\/wp-json\/wp\/v2\/users\/11"}],"replies":[{"embeddable":true,"href":"https:\/\/blog.uclm.es\/ada\/wp-json\/wp\/v2\/comments?post=424"}],"version-history":[{"count":2,"href":"https:\/\/blog.uclm.es\/ada\/wp-json\/wp\/v2\/pages\/424\/revisions"}],"predecessor-version":[{"id":1806,"href":"https:\/\/blog.uclm.es\/ada\/wp-json\/wp\/v2\/pages\/424\/revisions\/1806"}],"up":[{"embeddable":true,"href":"https:\/\/blog.uclm.es\/ada\/wp-json\/wp\/v2\/pages\/1624"}],"wp:attachment":[{"href":"https:\/\/blog.uclm.es\/ada\/wp-json\/wp\/v2\/media?parent=424"}],"curies":[{"name":"wp","href":"https:\/\/api.w.org\/{rel}","templated":true}]}}