{"id":35,"date":"2012-12-27T18:55:51","date_gmt":"2012-12-27T18:55:51","guid":{"rendered":"http:\/\/blog.uclm.es\/luisarroyo\/?page_id=35"},"modified":"2012-12-27T18:55:51","modified_gmt":"2012-12-27T18:55:51","slug":"proyectos-de-investigacion","status":"publish","type":"page","link":"https:\/\/blog.uclm.es\/ada\/investigacion-2\/proyectos-de-investigacion\/","title":{"rendered":"Proyectos de investigaci\u00f3n"},"content":{"rendered":"<p style=\"text-align: justify\">El \u00e1rea de Derecho administrativo de la UCLM ha obtenido numerosos proyectos de investigaci\u00f3n en convocatorias competitivas, entre los cuales se encuentran los siguientes.<\/p>\n<p style=\"text-align: justify\"><strong>Proyectos en curso<\/strong><\/p>\n<p style=\"text-align: justify\"><em>La competencia entre regulaciones. Un enfoque anal\u00edtico y constitucional<\/em> (DER2014-57572-P). Programa Estatal de Fomento de la Investigaci\u00f3n Cient\u00edfica y T\u00e9cnica de Excelencia. IP: Luis Arroyo Jim\u00e9nez. Fechas: 2015-2017.<\/p>\n<p style=\"text-align: justify\"><em>La reforma de la Administraci\u00f3n electr\u00f3nica: una oportunidad para la innovaci\u00f3n desde el Derecho<\/em>. Entidad financiadora: Instituto Nacional de Admisnitraci\u00f3n P\u00fablica. Investigador principal: Isaac M. Delgado. Fechas: 2015-2016.<\/p>\n<p style=\"text-align: justify\"><em>El reto del uso del eficiente de los recursos naturales frente al cambio clim\u00e1tico; con especial referencia al agua y a las energ\u00edas renovab<\/em>les. Entidad financiadora: Ministerio de Econom\u00eda y Competitividad (referencia DER2013-44599-R). Investigador principal: Delgado Piqueras. Fechas: 2014-2016.<\/p>\n<p style=\"text-align: justify\"><strong>Proyectos finalizados<\/strong><\/p>\n<p style=\"text-align: justify\"><em>La asistencia sanitaria transfronteriza en la Uni\u00f3n Europea. Nuevos retos y desaf\u00edos para una gesti\u00f3n sostenible y para la cooperaci\u00f3n sanitaria entre Estados<\/em> (DER2014-55501-R). Programa Estatal de Investigaci\u00f3n, Desarrollo e Innovaci\u00f3n Orientada a los Retos de la Sociedad, Convocatoria 2014, Modalidad 1: \u00abProyectos De I+D+I\u00bb. IP: Josefa Cantero. Fechas: 2013-2016.<\/p>\n<p style=\"text-align: justify\"><em>La vivienda como objeto de un derecho constitucional (art. 47 CE) y como eje de una pol\u00edtica p\u00fablica regional (art. 31.1.2 EACLM). <\/em>Entidad financiadora: Junta de Comunidades de Castilla-La Mancha (PPII11-0070-1709). Investigador principal: M. Beltr\u00e1n. Fechas: 2012-2014.<\/p>\n<p style=\"text-align: justify\"><em>Energ\u00eda y cambio clim\u00e1tico<\/em>. Entidad financiadora: Junta de Comunidades de Castilla-La Mancha. Investigador principal: Dra. M\u00aa Consuelo Alonso Garc\u00eda. Fechas: 2010-2013.<\/p>\n<p style=\"text-align: justify\"><em>Nuevas perspectivas del Derecho Ambiental<\/em>, Entidad financiadora: Ministerio de Ciencia e Innovaci\u00f3n. Investigador principal Consuelo Alonso Garc\u00eda. Fechas: 2011-2013.<\/p>\n<p style=\"text-align: justify\"><em>European Media Policies Revisited: Valuing and reclaiming free independent media in contemporary democratic systems<\/em>. Entidad financiadora: Direcci\u00f3n General de Investigaci\u00f3n de la Comisi\u00f3n Europea. \u00a0Investigador principal: Susana de la Sierra Mor\u00f3n. Fechas: 2010-2013.<\/p>\n<p style=\"text-align: justify\"><em>Encuentro para el an\u00e1lisis de las perspectivas de las asignaturas de g\u00e9nero en la Universidad<\/em>. Entidad financiadora: Junta de Comunidades de Castilla-La Mancha. Investigador principal: Dra. Consuelo Alonso Garc\u00eda. Fechas: 2009-2010.<\/p>\n<p style=\"text-align: justify\"><em>La ejecuci\u00f3n del Derecho Ambiental Europeo en Castilla-La Mancha<\/em>. Entidad financiadora: Consejer\u00eda de Educaci\u00f3n y Ciencia. Junta de Comunidades de Castilla-La Mancha. Investigador principal: Luis Ortega \u00c1lvarez. Fechas: 2008-2010.<\/p>\n<p style=\"text-align: justify\"><em>La actuaci\u00f3n administrativa automatizada: concepto y r\u00e9gimen jur\u00eddico<\/em>. Entidad financiadora: Universidad de Castilla-La Mancha. Investigador principal: Isaac Mart\u00edn Delgado. Fechas: 2009.<\/p>\n<p style=\"text-align: justify\"><em>La incidencia del cambio clim\u00e1tico en las pol\u00edticas europeas de aguas, trasporte y energ\u00eda y su repercusi\u00f3n sobre el ordenamiento jur\u00eddico espa\u00f1ol<\/em>. Entidad Financiadora: Ministerio de Educaci\u00f3n y Ciencia, ref. DER2010-21430. IP: Francisco Delgado Piqueras.<\/p>\n<p style=\"text-align: justify\"><em>Los derechos y deberes de los castellano-manchegos en la reforma del Estatuto de Autonom\u00eda<\/em>, Entidad Financiadora: Cortes de Castilla-La Mancha. Fecha: 1-3-2007\u00a0a 28-2-2009. IP: Juana Morcillo Moreno<\/p>\n<p style=\"text-align: justify\"><em>Las cl\u00e1usulas de derechos en los nuevos Estatutos de Autonom\u00eda. En especial, la reforma estatutaria castellano-manchega<\/em>. Referencia Org\u00e1nica 0111009823, Entidad Financiadora: Universidad de Castilla-La Mancha, Fecha: 1-1-2009\u00a0al 31-12-2009. IP: Juana Morcillo Moreno<\/p>\n<p style=\"text-align: justify\"><em>El proceso de reforma estatutaria en Castilla-La Mancha<\/em>. Referencia TC20070073. Entidad Financiadora: Universidad de Castilla-La Mancha. Fecha: 1-1-2006 al 31-12-2007. IP: Juana Morcillo Moreno<\/p>\n<p style=\"text-align: justify\"><em>Los trasvases de aguas entre cuencas hidrogr\u00e1ficas y su incidencia en Castilla-La Mancha<\/em>. Cortes de Castilla-La Mancha. Fecha: desde Febrero 2005 a Febrero 2007. IP: Isabel Gallego C\u00f3rcoles<\/p>\n<p style=\"text-align: justify\"><em>La Gesti\u00f3n Integrada de los Recursos H\u00eddricos<\/em>. Entidad Financiadora: UCLM. Fecha 1-1-2006 a 31-12-2007. IP: Isabel Gallego C\u00f3rcoles<\/p>\n<p style=\"text-align: justify\"><em>El procedimiento administrativo electr\u00f3nico. En especial, las notificaciones telem\u00e1ticas<\/em>. Entidad financiadora: Cortes de Castilla-La Mancha. Investigador principal: Isaac Mart\u00edn Delgado. Fechas: 2005-2007.<\/p>\n<p style=\"text-align: justify\"><em>La aplicaci\u00f3n de la legislaci\u00f3n medioambiental en Castilla-La Mancha<\/em>. Entidad financiadora: Junta de Comunidades de Castilla-La Mancha. Investigador principal: Luis Ortega \u00c1lvarez. Fechas: 2005-2007.<\/p>\n<p style=\"text-align: justify\"><em>El procedimiento administrativo electr\u00f3nico: garant\u00edas procedimentales y nuevas tecnolog\u00edas<\/em>. Entidad financiadora: Universidad de Castilla-La Mancha Investigador principal: Isaac Mart\u00edn Delgado. Fechas: 2006.<\/p>\n<p style=\"text-align: justify\"><em>La Administraci\u00f3n P\u00fablica ante las nuevas tecnolog\u00edas<\/em>. Entidad financiadora: Universidad de Castilla-La Mancha. Investigador principal: Jes\u00fas Punz\u00f3n Moraleda. Fechas: 2003-2004.<\/p>\n<p style=\"text-align: justify\"><em>Novedades legales y jurisprudenciales en materia de aguas y su repercusi\u00f3n sobre los aprovechamientos h\u00eddricos en Castilla-La Mancha<\/em>. Entidad financiadora: Junta de Comunidades de Castilla-La Mancha. Investigador principal: Luis Ortega \u00c1lvarez. Fechas: 2002-2004.<\/p>\n<p style=\"text-align: justify\"><em>Platon Project: Harmonisation of legislation in the field of justice and home affairs<\/em>. Entidad financiadora: Comisi\u00f3n Europea. Investigador principal: Isaac Mart\u00edn Delgado. Fechas: 2002-2003.<\/p>\n<p style=\"text-align: justify\"><em>Perspectivas del Derecho Administrativo y modernizaci\u00f3n de las Administraciones p\u00fablicas<\/em>. Entidad financiadora: Direcci\u00f3n General de Investigaci\u00f3n Cient\u00edfica y T\u00e9cnica del Ministerio de Educaci\u00f3n y Ciencia. Investigador principal: Luis Ortega \u00c1lvarez. Fechas: 1999-2002.<\/p>\n<p style=\"text-align: justify\"><em>International study of preventative powers for the maintenance of public order<\/em>. Entidad financiadora: Parlamento y Ministerio del Interior Holandeses. Investigador principal: Luis Ortega \u00c1lvarez. Fechas: 2001.<\/p>\n<p style=\"text-align: justify\"><em>Novedades del marco legal y comunitario para los usos del agua en Castilla-La Mancha<\/em>. Entidad financiadora: Comisi\u00f3n Europea (Proyecto FEDER). Investigador principal: Luis Ortega \u00c1lvarez. Fechas: 1999-2001.<\/p>\n<p style=\"text-align: justify\"><em>Novedades del marco legal espa\u00f1ol y comunitario para los usos del agua en Castilla-la Mancha<\/em>. Entidad financiadora: Universidad de Castilla-La Mancha. Investigador principal: Luis Ortega \u00c1lvarez. Fechas: 2000.<\/p>\n","protected":false},"excerpt":{"rendered":"<p>El \u00e1rea de Derecho administrativo de la UCLM ha obtenido numerosos proyectos de investigaci\u00f3n en convocatorias competitivas, entre los cuales se encuentran los siguientes. Proyectos en curso La competencia entre regulaciones. Un enfoque anal\u00edtico y constitucional (DER2014-57572-P). Programa Estatal de Fomento de la Investigaci\u00f3n Cient\u00edfica y T\u00e9cnica de Excelencia. IP: Luis Arroyo Jim\u00e9nez. Fechas: 2015-2017. &hellip; <a href=\"https:\/\/blog.uclm.es\/ada\/investigacion-2\/proyectos-de-investigacion\/\" class=\"more-link\">Continuar leyendo<span class=\"screen-reader-text\"> \u00abProyectos de investigaci\u00f3n\u00bb<\/span><\/a><\/p>\n","protected":false},"author":11,"featured_media":0,"parent":12,"menu_order":2,"comment_status":"open","ping_status":"open","template":"","meta":{"footnotes":""},"class_list":["post-35","page","type-page","status-publish","hentry"],"_links":{"self":[{"href":"https:\/\/blog.uclm.es\/ada\/wp-json\/wp\/v2\/pages\/35","targetHints":{"allow":["GET"]}}],"collection":[{"href":"https:\/\/blog.uclm.es\/ada\/wp-json\/wp\/v2\/pages"}],"about":[{"href":"https:\/\/blog.uclm.es\/ada\/wp-json\/wp\/v2\/types\/page"}],"author":[{"embeddable":true,"href":"https:\/\/blog.uclm.es\/ada\/wp-json\/wp\/v2\/users\/11"}],"replies":[{"embeddable":true,"href":"https:\/\/blog.uclm.es\/ada\/wp-json\/wp\/v2\/comments?post=35"}],"version-history":[{"count":0,"href":"https:\/\/blog.uclm.es\/ada\/wp-json\/wp\/v2\/pages\/35\/revisions"}],"up":[{"embeddable":true,"href":"https:\/\/blog.uclm.es\/ada\/wp-json\/wp\/v2\/pages\/12"}],"wp:attachment":[{"href":"https:\/\/blog.uclm.es\/ada\/wp-json\/wp\/v2\/media?parent=35"}],"curies":[{"name":"wp","href":"https:\/\/api.w.org\/{rel}","templated":true}]}}