{"id":179,"date":"2013-02-05T10:17:44","date_gmt":"2013-02-05T09:17:44","guid":{"rendered":"http:\/\/blog.uclm.es\/ada\/?page_id=179"},"modified":"2013-02-05T10:17:44","modified_gmt":"2013-02-05T09:17:44","slug":"eva-nieto-garrido","status":"publish","type":"page","link":"https:\/\/blog.uclm.es\/ada\/profesorado\/eva-nieto-garrido\/","title":{"rendered":"Eva Nieto Garrido"},"content":{"rendered":"<p><a href=\"https:\/\/blog.uclm.es\/ada\/wp-content\/uploads\/sites\/149\/2013\/02\/Nueva-imagen.jpg\"><img loading=\"lazy\" decoding=\"async\" class=\"alignnone size-medium wp-image-181\" src=\"https:\/\/blog.uclm.es\/ada\/wp-content\/uploads\/sites\/149\/2013\/02\/Nueva-imagen-300x225.jpg\" alt=\"\" width=\"300\" height=\"225\" \/><\/a>Eva Nieto Garrido, nacida en Madrid en 1968, es licenciada en Derecho por la Universidad Complutense de Madrid y doctora en Derecho por la Universidad de Castilla-La Mancha. Profesora Titular de Derecho Administrativo en la Universidad de Castilla-La Mancha (Toledo) en 1998 y acreditada el Cuerpo de Catedr\u00e1ticos de Universidad en abril de 2012. Letrada al servicio del Tribunal Constitucional desde junio de 2005 hasta la actualidad.<\/p>\n<p>Entre las materias de investigaci\u00f3n y estudio destacan la Administraci\u00f3n local, con la publicaci\u00f3n de su tesis en 1997 sobre el consorcio administrativo (<em>El Consorcio administrativo, <\/em>CEDECS, 1997), y numerosos art\u00edculos en revistas especializadas y libros colectivos sobre asociacionismo municipal para la prestaci\u00f3n de servicios p\u00fablicos (entre ellos, \u201cInter-municipal Co-operation in Spain: Dealing with Microscopic Local Government\u201d, en <em>Inter-municipal cooperation in Europe<\/em>, editors R. Hulst y A. Montford, Editorial Springer, 2007). Adem\u00e1s, destaca su dedicaci\u00f3n al medio ambiente, espec\u00edficamente a la protecci\u00f3n jur\u00eddica de la fauna y flora silvestre, fruto de la misma es su monograf\u00eda <em>La protecci\u00f3n de la fauna salvaje en el ordenamiento jur\u00eddico espa\u00f1ol<\/em>, Lex Nova, 2001, as\u00ed como otros art\u00edculos o cap\u00edtulos de libro. Asimismo, he dedicado tiempo a la protecci\u00f3n de los derechos fundamentales y al sistema jur\u00eddico brit\u00e1nico con la monograf\u00eda <em>La incorporaci\u00f3n de la Convenci\u00f3n Europea de Derechos Humanos a trav\u00e9s de la Human Rights Act 1998 y su influencia en conceptos del judicial review<\/em>, Estiperia Publications Ltd, 2005, y entre otros art\u00edculos: \u201cEl New Public Management y el gobierno a trav\u00e9s de contratos en el Reino Unido\u201d, RAP n\u00ba 162, 2003; y tambi\u00e9n \u201cLa financiaci\u00f3n privada de obras y servicios p\u00fablicos en el Reino Unido\u201d, RAP n\u00ba 164, 2004; y \u201cEl Derecho de la contrataci\u00f3n p\u00fablica en Reino Unido\u201d en El Derecho de los contratos p\u00fablicos en la Uni\u00f3n Europea y sus Estados miembros, dir. M. S\u00e1nchez Mor\u00f3n, Lex Nova, 2011.<\/p>\n<p>Otra l\u00ednea de investigaci\u00f3n es el Derecho de la UE, coautora junto al Profesor Isaac Mart\u00edn Delgado del libro <em>European Administrative Law in the Constitutional Treaty<\/em>, Hart Publishing, 2007, traducido al castellano y publicado por Marcial Pons en 2010 con el t\u00edtulo <em>Derecho Administrativo Europeo en el Tratado de Lisboa<\/em>. Autora de art\u00edculos como \u201cPossible developments of Article 298 TFUE: Towards an open, efficient and independent European administration\u201d, European Public Law Journal, vol. 18, May 2012. Adem\u00e1s de las cinco monograf\u00edas citadas es autora de numerosos art\u00edculos en revistas especializadas y cap\u00edtulos de libros colectivos en diversas materias: urbanismo, procedimiento administrativo, protecci\u00f3n de datos de car\u00e1cter personal, derechos fundamentales, sistema de fuentes, acceso a la jurisdicci\u00f3n contencioso-administrativa y sistema auton\u00f3mico, entre otras.<\/p>\n<p>Ha ejercido docencia universitaria durante quince cursos acad\u00e9micos en las Universidades de Castilla-La Mancha y Universidad de Alcal\u00e1 de Henares, donde fue Profesora Titular interina desde 1996 a 1998, ense\u00f1ando las asignaturas de Derecho administrativo I, II y III, Derecho comunitario, Derecho urban\u00edstico y ordenaci\u00f3n del territorio, Derecho p\u00fablico de la econom\u00eda. Ha participado en Masters en Derecho Ambiental, Derecho Local, sanciones administrativas, responsabilidad social de la empresa, Derechos humanos y Derecho comunitario entre otras materias.<\/p>\n<p>Ha sido visiting scholar de las Universidades de Cambrigde (2000) y de Oxford (2001) en Reino Unido. En el curso acad\u00e9mico 2003-2004 fue Jean Monet Fellow del Robert Schuman Centre for Advanced Studies, Instituto Universitario Europeo en Italia (Florencia). Adem\u00e1s, ha realizado estancias breves de investigaci\u00f3n en la Universidad de Paris I (Pante\u00f3n-Sorbonne) y la Universitat Degli Studi di Firenze.<\/p>\n<p>Habla ingl\u00e9s e italiano.<\/p>\n<p>&nbsp;<\/p>\n<p>Eva Nieto Garrido was born in Madrid in 1968. She got a degree in Law from University Complutense of Madrid and a Ph.D in Law from University of Castilla-La Mancha. She has been Profesora Titular of Public Law at the University of Castilla-La Mancha (Toledo) since 1998 and was recognised as Professor of Public Law in April 2012. Legal Advisor at the Spanish Constitutional Court since June 2005. Her topics of interest include Local Administration with the thesis publication titled El Consorcio Administrativo, CEDECS, 1997 and many papers in specialised journals on municipal co-operation for delivering public services (such as \u201cInter-municipal Cooperation in Spain: Dealing with Microscopic Local Government\u201d, in Inter-municipal cooperation in Europe, editors R. Hulst y A. Montford, Editorial Springer, 2007); Another topic of interest is environmental law with the publication of her book titled La protecci\u00f3n de la fauna salvaje en el ordenamiento jur\u00eddico espa\u00f1ol, Lex Nova, 2001, among other articles and book chapters. Fundamental rights protection and the British legal system are both subjects of her interest with publications such as La incorporaci\u00f3n de la Convenci\u00f3n Europea de Derechos Humanos a trav\u00e9s de la Human Rights Act 1998 y su influencia en conceptos del judicial review, Estiperia Publications Ltd, 2005; \u201cEl New Public Management y el gobierno a trav\u00e9s de contratos en el Reino Unido\u201d, RAP n\u00ba 162, 2003; \u201cLa financiaci\u00f3n privada de obras y servicios p\u00fablicos en el Reino Unido\u201d, RAP n\u00ba 164, 2004; and \u201cEl Derecho de la contrataci\u00f3n p\u00fablica en Reino Unido\u201d in El Derecho de los contratos p\u00fablicos en la Uni\u00f3n Europea y sus Estados miembros, editor M. S\u00e1nchez Mor\u00f3n, Lex Nova, 2011.<\/p>\n<p>Another area of research is the EU Law. She has coauthored with Prof. Isaac Mart\u00edn Delgado a book titled European Administrative Law in the Constitutional Treaty, Hart Publishing, 2007, which they updated and translated into Spanish, published by Marcial Pons in 2010 with the title Derecho Administrativo Europeo en el Tratado de Lisboa. She has been author of articles such as \u201cPossible developments of Article 298 TFUE: Towards an open, efficient and independent European administration\u201d, European Public Law Journal, vol. 18, May 2012.<\/p>\n<p>Besides the five books quoted is author of many articles among specialised journals and book chapters in different subjects such as town planning, administrative procedure, data protection, fundamental rights, legislative powers and normative instruments, access to judicial review and the Spanish autonomous communities system.<\/p>\n<p>She taught for fithteen academic years at University of Castilla-La Mancha (Toledo) and University of Alcal\u00e1 de Henares (Madrid) teaching subjects such as Administrative Law, EU Law, Human Rights and so on. She has taught in Masters on Public Law, administrative penalties, environmental law, public procurements, human rights, and EU law.<\/p>\n<p>She has been visiting scholar at Cambridge University (2000) and Oxford University (2001) and a Jean Monet Fellow at the Robert Schuman Centre for Advanced Studies (European University Institute 2003-2004, Florence, Italy). She has spent short periods of research at Universit\u00e9 de Paris I (Pante\u00f3n- Sorbonne) and at the Universitat Degli Studi di Firenze.<\/p>\n<p>She speaks English and Italian fluently.<\/p>\n","protected":false},"excerpt":{"rendered":"<p>Eva Nieto Garrido, nacida en Madrid en 1968, es licenciada en Derecho por la Universidad Complutense de Madrid y doctora en Derecho por la Universidad de Castilla-La Mancha. Profesora Titular de Derecho Administrativo en la Universidad de Castilla-La Mancha (Toledo) en 1998 y acreditada el Cuerpo de Catedr\u00e1ticos de Universidad en abril de 2012. Letrada &hellip; <a href=\"https:\/\/blog.uclm.es\/ada\/profesorado\/eva-nieto-garrido\/\" class=\"more-link\">Continuar leyendo<span class=\"screen-reader-text\"> \u00abEva Nieto Garrido\u00bb<\/span><\/a><\/p>\n","protected":false},"author":11,"featured_media":342,"parent":1624,"menu_order":2,"comment_status":"closed","ping_status":"open","template":"","meta":{"footnotes":""},"class_list":["post-179","page","type-page","status-publish","has-post-thumbnail","hentry"],"_links":{"self":[{"href":"https:\/\/blog.uclm.es\/ada\/wp-json\/wp\/v2\/pages\/179","targetHints":{"allow":["GET"]}}],"collection":[{"href":"https:\/\/blog.uclm.es\/ada\/wp-json\/wp\/v2\/pages"}],"about":[{"href":"https:\/\/blog.uclm.es\/ada\/wp-json\/wp\/v2\/types\/page"}],"author":[{"embeddable":true,"href":"https:\/\/blog.uclm.es\/ada\/wp-json\/wp\/v2\/users\/11"}],"replies":[{"embeddable":true,"href":"https:\/\/blog.uclm.es\/ada\/wp-json\/wp\/v2\/comments?post=179"}],"version-history":[{"count":0,"href":"https:\/\/blog.uclm.es\/ada\/wp-json\/wp\/v2\/pages\/179\/revisions"}],"up":[{"embeddable":true,"href":"https:\/\/blog.uclm.es\/ada\/wp-json\/wp\/v2\/pages\/1624"}],"wp:featuredmedia":[{"embeddable":true,"href":"https:\/\/blog.uclm.es\/ada\/wp-json\/wp\/v2\/media\/342"}],"wp:attachment":[{"href":"https:\/\/blog.uclm.es\/ada\/wp-json\/wp\/v2\/media?parent=179"}],"curies":[{"name":"wp","href":"https:\/\/api.w.org\/{rel}","templated":true}]}}