{"id":1625,"date":"2012-12-27T18:49:48","date_gmt":"2012-12-27T18:49:48","guid":{"rendered":"http:\/\/blog.uclm.es\/luisarroyo\/?page_id=23"},"modified":"2012-12-27T18:49:48","modified_gmt":"2012-12-27T18:49:48","slug":"centro-de-estudios-europeos","status":"publish","type":"page","link":"https:\/\/blog.uclm.es\/ada\/centro-de-estudios-europeos\/","title":{"rendered":"CEE"},"content":{"rendered":"<p>El <a title=\"Centro de Estudios Europeos\" href=\"http:\/\/blog.uclm.es\/ceuropeos\" target=\"_blank\" rel=\"noopener\">Centro de Estudios Europeos <\/a>de la UCLM en un Centro de Excelencia \u201cJean Monnet\u201d dedicado a la ense\u00f1anza y a la investigaci\u00f3n en el \u00e1mbito del Derecho de la Uni\u00f3n Europea.<\/p>\n","protected":false},"excerpt":{"rendered":"<p>El Centro de Estudios Europeos de la UCLM en un Centro de Excelencia \u201cJean Monnet\u201d dedicado a la ense\u00f1anza y a la investigaci\u00f3n en el \u00e1mbito del Derecho de la Uni\u00f3n Europea.<\/p>\n","protected":false},"author":11,"featured_media":0,"parent":0,"menu_order":5,"comment_status":"open","ping_status":"closed","template":"","meta":{"footnotes":""},"class_list":["post-1625","page","type-page","status-publish","hentry"],"_links":{"self":[{"href":"https:\/\/blog.uclm.es\/ada\/wp-json\/wp\/v2\/pages\/1625","targetHints":{"allow":["GET"]}}],"collection":[{"href":"https:\/\/blog.uclm.es\/ada\/wp-json\/wp\/v2\/pages"}],"about":[{"href":"https:\/\/blog.uclm.es\/ada\/wp-json\/wp\/v2\/types\/page"}],"author":[{"embeddable":true,"href":"https:\/\/blog.uclm.es\/ada\/wp-json\/wp\/v2\/users\/11"}],"replies":[{"embeddable":true,"href":"https:\/\/blog.uclm.es\/ada\/wp-json\/wp\/v2\/comments?post=1625"}],"version-history":[{"count":0,"href":"https:\/\/blog.uclm.es\/ada\/wp-json\/wp\/v2\/pages\/1625\/revisions"}],"wp:attachment":[{"href":"https:\/\/blog.uclm.es\/ada\/wp-json\/wp\/v2\/media?parent=1625"}],"curies":[{"name":"wp","href":"https:\/\/api.w.org\/{rel}","templated":true}]}}