{"id":475,"date":"2023-03-24T09:16:20","date_gmt":"2023-03-24T09:16:20","guid":{"rendered":"https:\/\/blog.uclm.es\/ComisionCulturaFDCS\/?page_id=475"},"modified":"2025-02-21T10:52:42","modified_gmt":"2025-02-21T10:52:42","slug":"john-maynard-keynes","status":"publish","type":"page","link":"https:\/\/blog.uclm.es\/ComisionCulturaFDCS\/john-maynard-keynes\/","title":{"rendered":"JOHN MAYNARD KEYNES"},"content":{"rendered":"\n<figure class=\"wp-block-image size-full\"><img loading=\"lazy\" decoding=\"async\" width=\"708\" height=\"271\" src=\"https:\/\/blog.uclm.es\/ComisionCulturaFDCS\/wp-content\/uploads\/sites\/218\/2023\/09\/keynes.jpg\" alt=\"\" class=\"wp-image-663\" srcset=\"https:\/\/blog.uclm.es\/ComisionCulturaFDCS\/wp-content\/uploads\/sites\/218\/2023\/09\/keynes.jpg 708w, https:\/\/blog.uclm.es\/ComisionCulturaFDCS\/wp-content\/uploads\/sites\/218\/2023\/09\/keynes-300x115.jpg 300w, https:\/\/blog.uclm.es\/ComisionCulturaFDCS\/wp-content\/uploads\/sites\/218\/2023\/09\/keynes-500x191.jpg 500w\" sizes=\"auto, (max-width: 708px) 100vw, 708px\" \/><\/figure>\n\n\n<p class=\"04xlpa\" style=\"text-align: justify;margin: 6.0pt 0cm 6.0pt 0cm\"><span class=\"wdyuqq\"><span style=\"font-family: 'Cambria',serif;color: black;letter-spacing: .35pt\">John Maynard Keynes naci\u00f3 el 5 de junio de 1883 en Cambridge, Reino Unido. Fue uno de los estudiantes de la universidad Kings Collage.<\/span><\/span><\/p>\n<p class=\"04xlpa\" style=\"text-align: justify;margin: 6.0pt 0cm 6.0pt 0cm\"><span class=\"wdyuqq\"><span style=\"font-family: 'Cambria',serif;color: black;letter-spacing: .35pt\">Desde muy joven mostr\u00f3 inter\u00e9s por los n\u00fameros por lo que m\u00e1s tarde estudio matem\u00e1ticas orient\u00e1ndose posteriormente hacia la econom\u00eda. Gran parte de la carrera de Maynard Keynes se centr\u00f3 en estudiar todo lo relacionado con la depresi\u00f3n econ\u00f3mica y el comportamiento de los ciclos econ\u00f3micos. A su vez, estableci\u00f3 m\u00faltiples estrategias para obtener el pleno empleo y reducir al m\u00e1ximo las consecuencias de las crisis financieras. <\/span><\/span><\/p>\n<p class=\"04xlpa\" style=\"text-align: justify;margin: 6.0pt 0cm 6.0pt 0cm\"><span class=\"wdyuqq\"><span style=\"font-family: 'Cambria',serif;color: black;letter-spacing: .35pt\">El Crack de 1929 fue un movimiento que trajo consigo importantes cambios pol\u00edticos en los pa\u00edses y en los sistemas financieros, provocando la banca rota de Estados Unidos, el desempleo, el cierre de varias empresas\u2026 <\/span><\/span><\/p>\n<p class=\"04xlpa\" style=\"text-align: justify;margin: 6.0pt 0cm 6.0pt 0cm\"><span class=\"wdyuqq\"><span style=\"font-family: 'Cambria',serif;color: black;letter-spacing: .35pt\">Durante esta gran crisis, Keynes se dedic\u00f3 a hacer estudios sobre como acabar con esta depresi\u00f3n. Una vez visto como disminuy\u00f3 la demanda, el economista baso sus ideas en que el aumento del gasto p\u00fablico en inversiones provoca un incremento de la producci\u00f3n y otros indicadores. Dejando as\u00ed una gran huella, ya que ide\u00f3 una nueva econom\u00eda conocida como el \u201ckeynesianismo\u201d que recog\u00eda todas las soluciones que deber\u00eda de implantar el Estado para acabar con la recesi\u00f3n. <\/span><\/span><\/p>\n<p class=\"04xlpa\" style=\"text-align: justify;margin: 6.0pt 0cm 6.0pt 0cm\"><span class=\"wdyuqq\"><span style=\"font-family: 'Cambria',serif;color: black;letter-spacing: .35pt\">La teor\u00eda keynesiana se inicia con el nacimiento del libro sobre el empleo y el dinero publicado en 1936. Esta se basa principalmente en otorgarle mayor poder y nuevas herramientas a las instituciones, ayudando as\u00ed a evitar posibles crisis econ\u00f3micas. Esta iniciativa surgi\u00f3 para combatir la tasa de desempleo de esa \u00e9poca ya que se pudo observar que la postura liberal de no arbitraje no era efectiva en una crisis de tal magnitud. Por lo tanto, seg\u00fan Keynes Los gobiernos deb\u00edan resolver los problemas a corto plazo en vez de esperar que las fuerzas del mercado corrigieran las cosas en el largo plazo, porque, como escribi\u00f3, \u201cA largo plazo, todos estaremos muertos\u201d.<\/span><\/span><\/p>\n<p class=\"04xlpa\" style=\"text-align: justify;margin: 6.0pt 0cm 6.0pt 0cm\"><span class=\"wdyuqq\"><span style=\"font-family: 'Cambria',serif;color: black;letter-spacing: .35pt\">Con ello la tasa de empleo llega r\u00e1pidamente a niveles elevados, con la proposici\u00f3n de elevar los salarios, ya que el empleo depende del nivel del consumo y la inversi\u00f3n que haya en el pa\u00eds. Por consiguiente, si los sueldos disminuyen provoca un efecto en cadena que deprime toda la econom\u00eda en general. <\/span><\/span><\/p>\n<p class=\"04xlpa\" style=\"text-align: justify;margin: 6.0pt 0cm 6.0pt 0cm\"><span class=\"wdyuqq\"><span style=\"font-family: 'Cambria',serif;color: black;letter-spacing: .35pt\">En este aspecto, el economista se\u00f1ala que cuando hay una mejor percepci\u00f3n sobre el PIB las empresas producen m\u00e1s. Por el contrario, cuando hay incertidumbre sobre el desempe\u00f1o econ\u00f3mico, los empresarios disminuyen la producci\u00f3n y las inversiones. Estas teor\u00edas han tenido un fuerte impacto en muchos pa\u00edses, ya que gobiernos de diversas ideolog\u00edas han aplicado estos principios obteniendo muy buenos resultados. Esto le ha dado a Keynes un puesto privilegiado dentro de la historia econ\u00f3mica mundial. <\/span><\/span><\/p>\n<p class=\"04xlpa\" style=\"text-align: justify;margin: 6.0pt 0cm 6.0pt 0cm\"><span class=\"wdyuqq\"><span style=\"font-family: 'Cambria',serif;color: black;letter-spacing: .35pt\">En conclusi\u00f3n, el Estado debe de aumentar el gasto p\u00fablico en tiempos de crisis involucr\u00e1ndose as\u00ed en materia econ\u00f3mica, dando lugar as\u00ed a la pol\u00edtica fiscal.<\/span><\/span><\/p>\n<p class=\"04xlpa\" style=\"text-align: justify;margin: 6.0pt 0cm 6.0pt 0cm\"><span class=\"wdyuqq\"><span style=\"font-family: 'Cambria',serif;color: black;letter-spacing: .35pt\">La demanda agregada es estimulada lo suficiente para derrotar la inercia que trae cualquier momento de crisis en alg\u00fan territorio. En este sentido, en pocos meses los n\u00fameros comenzaron a ser positivos y el consumo volvi\u00f3 a los niveles anteriores, algo que no hab\u00eda logrado ninguna pol\u00edtica capitalista.<\/span><\/span><\/p>\n\n\n<h2 class=\"wp-block-heading has-text-color has-medium-font-size\" style=\"color:#cb6714\">Obras.<\/h2>\n\n\n<p class=\"04xlpa\" style=\"text-align: justify;margin: 6.0pt 0cm 6.0pt 0cm\"><span class=\"wdyuqq\"><span style=\"font-family: 'Cambria',serif;color: black;letter-spacing: .35pt\">Entre sus obras m\u00e1s importantes destacan:<\/span><\/span><\/p>\n<p class=\"04xlpa\" style=\"text-align: justify;margin: 6.0pt 0cm 6.0pt 0cm\"><span class=\"wdyuqq\"><span style=\"font-family: 'Cambria',serif;color: black;letter-spacing: .35pt\">\u201cLas consecuencias econ\u00f3micas de la paz\u201d (1919) an\u00e1lisis del Tratado de Paz de Versalles, donde el autor advert\u00eda de que el tratado tendr\u00eda unas consecuencias desastrosas en la econom\u00eda alemana. <\/span><\/span><\/p>\n<p class=\"04xlpa\" style=\"text-align: justify;margin: 6.0pt 0cm 6.0pt 0cm\"><span class=\"wdyuqq\"><span style=\"font-family: 'Cambria',serif;color: black;letter-spacing: .35pt\">El \u00abTratado sobre el dinero\u201d (1933) donde el autor encomienda a la pol\u00edtica monetaria la tarea de estabilizar el valor del dinero en t\u00e9rminos de un \u00edndice nacional de los precios, prescindiendo del patr\u00f3n oro internacional y como medio para estabilizar la producci\u00f3n y el empleo. Para ello trat\u00f3 de demostrar que la inestabilidad de la producci\u00f3n era la consecuencia de la inestabilidad de los precios.<\/span><\/span><\/p>\n<p class=\"04xlpa\" style=\"text-align: justify;margin: 6.0pt 0cm 6.0pt 0cm\"><span class=\"wdyuqq\"><span style=\"font-family: 'Cambria',serif;color: black;letter-spacing: .35pt\">Y su monumental obra \u201cTeor\u00eda general del empleo, el inter\u00e9s y el dinero\u201d (1936), con este libro empez\u00f3 el keynesianismo, que constituye un punto de referencia necesario para comprender el funcionamiento de los mecanismos econ\u00f3micos y pol\u00edticos de nuestra sociedad.<\/span><\/span><\/p>\n\n\n<h2 class=\"wp-block-heading has-text-color has-medium-font-size\" style=\"color:#cb6714\">L\u00ednea de vida.<\/h2>\n\n\n\n<figure class=\"wp-block-image size-full is-resized\"><img loading=\"lazy\" decoding=\"async\" src=\"https:\/\/blog.uclm.es\/ComisionCulturaFDCS\/wp-content\/uploads\/sites\/218\/2023\/09\/Keynes2-1.jpg\" alt=\"\" class=\"wp-image-666\" width=\"631\" height=\"170\" srcset=\"https:\/\/blog.uclm.es\/ComisionCulturaFDCS\/wp-content\/uploads\/sites\/218\/2023\/09\/Keynes2-1.jpg 885w, https:\/\/blog.uclm.es\/ComisionCulturaFDCS\/wp-content\/uploads\/sites\/218\/2023\/09\/Keynes2-1-300x81.jpg 300w, https:\/\/blog.uclm.es\/ComisionCulturaFDCS\/wp-content\/uploads\/sites\/218\/2023\/09\/Keynes2-1-768x207.jpg 768w, https:\/\/blog.uclm.es\/ComisionCulturaFDCS\/wp-content\/uploads\/sites\/218\/2023\/09\/Keynes2-1-500x134.jpg 500w\" sizes=\"auto, (max-width: 631px) 100vw, 631px\" \/><\/figure>\n\n\n\n<h2 class=\"wp-block-heading has-text-color has-medium-font-size\" style=\"color:#cb6714\">Cr\u00e9ditos.<\/h2>\n\n\n<p>Agradecimiento al Profesor D. Jos\u00e9 Antonio Negr\u00edn de la Pe\u00f1a.<\/p>\n<p><strong>Referencia bibliogr\u00e1fica:<\/strong><\/p>\n<p><em>John Maynard Keynes: \u00bfQui\u00e9n fue y c\u00f3mo ha influido en la Econom\u00eda?<\/em> (economia3.com)<\/p>\n<p><em>Gran Depresi\u00f3n (Crisis de 1929) | Qu\u00e9 fue, resumen, caracter\u00edsticas, causas<\/em> (euston96.com)<\/p>\n<p><strong>Referencia fotograf\u00edas:<\/strong><\/p>\n<p><em><a href=\"https:\/\/lvsl.fr\/bullshit-jobs-quand-la-realite-surpasse-le-monde-des-shadoks\/\">\u00ab\u00a0Bullshit jobs\u00a0\u00bb\u00a0: quand la r\u00e9alit\u00e9 surpasse le monde des Shadoks (lvsl.fr)<\/a><\/em><\/p>\n<p><em><a href=\"https:\/\/www.bing.com\/images\/search?view=detailV2&amp;ccid=aZOKI0zl&amp;id=51F2CA21DBE62523978A2839BAB21BA3DB1BDC30&amp;thid=OIP.aZOKI0zlaoLIg1Dk1z38NwAAAA&amp;mediaurl=https%3A%2F%2Fcollectionimages.npg.org.uk%2Fstd%2Fmw08583%2FJohn-Maynard-Keynes-Baron-Keynes.jpg&amp;cdnurl=https%3A%2F%2Fth.bing.com%2Fth%2Fid%2FR.69938a234ce56a82c88350e4d73dfc37%3Frik%3DMNwb26Mbsro5KA%26pid%3DImgRaw%26r%3D0&amp;exph=325&amp;expw=250&amp;q=kohn+maynard+keynes+retrato&amp;simid=608032572041994853&amp;form=IRPRST&amp;ck=74A676BE99D93082757D6E7017DAF5D4&amp;selectedindex=10&amp;ajaxhist=0&amp;ajaxserp=0&amp;vt=0&amp;sim=11\">john maynard keynes retrato &#8211; Bing images<\/a><\/em><\/p>","protected":false},"excerpt":{"rendered":"<p>John Maynard Keynes naci\u00f3 el 5 de junio de 1883 en Cambridge, Reino Unido. Fue uno de los estudiantes de la universidad Kings Collage. Desde muy joven mostr\u00f3 inter\u00e9s por los n\u00fameros por lo que m\u00e1s tarde estudio matem\u00e1ticas orient\u00e1ndose &hellip; <a href=\"https:\/\/blog.uclm.es\/ComisionCulturaFDCS\/john-maynard-keynes\/\">Sigue leyendo <span class=\"meta-nav\">&rarr;<\/span><\/a><\/p>\n","protected":false},"author":424,"featured_media":0,"parent":0,"menu_order":0,"comment_status":"closed","ping_status":"closed","template":"","meta":{"footnotes":""},"class_list":["post-475","page","type-page","status-publish","hentry"],"_links":{"self":[{"href":"https:\/\/blog.uclm.es\/ComisionCulturaFDCS\/wp-json\/wp\/v2\/pages\/475","targetHints":{"allow":["GET"]}}],"collection":[{"href":"https:\/\/blog.uclm.es\/ComisionCulturaFDCS\/wp-json\/wp\/v2\/pages"}],"about":[{"href":"https:\/\/blog.uclm.es\/ComisionCulturaFDCS\/wp-json\/wp\/v2\/types\/page"}],"author":[{"embeddable":true,"href":"https:\/\/blog.uclm.es\/ComisionCulturaFDCS\/wp-json\/wp\/v2\/users\/424"}],"replies":[{"embeddable":true,"href":"https:\/\/blog.uclm.es\/ComisionCulturaFDCS\/wp-json\/wp\/v2\/comments?post=475"}],"version-history":[{"count":6,"href":"https:\/\/blog.uclm.es\/ComisionCulturaFDCS\/wp-json\/wp\/v2\/pages\/475\/revisions"}],"predecessor-version":[{"id":776,"href":"https:\/\/blog.uclm.es\/ComisionCulturaFDCS\/wp-json\/wp\/v2\/pages\/475\/revisions\/776"}],"wp:attachment":[{"href":"https:\/\/blog.uclm.es\/ComisionCulturaFDCS\/wp-json\/wp\/v2\/media?parent=475"}],"curies":[{"name":"wp","href":"https:\/\/api.w.org\/{rel}","templated":true}]}}